000
CXUS52 KFFC 011110
CF6ATL
PRELIMINARY LOCAL CLIMATOLOGICAL DATA (WS FORM: F-6)
STATION: ATLANTA
MONTH: FEBRUARY
YEAR: 2023
LATITUDE: 33 39 N
LONGITUDE: 84 26 W
TEMPERATURE IN F: :PCPN: SNOW: WIND :SUNSHINE: SKY :PK WND
================================================================================
1 2 3 4 5 6A 6B 7 8 9 10 11 12 13 14 15 16 17 18
12Z AVG MX 2MIN
DY MAX MIN AVG DEP HDD CDD WTR SNW DPTH SPD SPD DIR MIN PSBL S-S WX SPD DR
================================================================================
1 59 48 54 8 11 0 0.01 0.0 0 7.7 15 330 M M 10 1 20 350
2 51 46 49 3 16 0 0.80 0.0 0 6.7 15 310 M M 10 1 21 30
3 49 35 42 -4 23 0 0.06 M M 14.7 25 330 M M 4 1 33 300
4 51 30 41 -5 24 0 0.00 0.0 M 7.4 16 110 M M 4 25 120
5 63 36 50 4 15 0 0.00 0.0 0 6.4 15 250 M M 6 21 250
6 66 42 54 7 11 0 0.00 0.0 0 5.9 14 330 M M 2 19 310
7 68 41 55 8 10 0 0.00 0.0 0 4.4 12 220 M M 7 15 200
8 73 54 64 17 1 0 0.00 0.0 0 5.2 13 190 M M 9 19 200
9 69 53 61 14 4 0 T 0.0 0 9.5 18 290 M M 9 1 29 210
10 61 49 55 7 10 0 0.09 0.0 M 8.1 15 330 M M 9 1 21 300
11 57 42 50 2 15 0 0.49 0.0 0 17.4 35 70 M M 10 1 48 70
12 48 41 45 -3 20 0 0.11 M M 12.1 31 70 M M 9 18 39 70
13 66 38 52 4 13 0 0.00 0.0 M 9.5 18 320 M M 2 23 290
14 70 41 56 8 9 0 0.00 0.0 0 6.2 16 150 M M 5 24 150
15 64 54 59 11 6 0 0.01 0.0 M 5.8 16 170 M M 8 24 170
16 74 54 64 15 1 0 0.00 0.0 M 8.4 18 180 M M 8 18 28 210
17 69 34 52 3 13 0 0.49 M M 19.6 40 250 M M 8 1 72 200
18 58 29 44 -5 21 0 0.00 0.0 M 6.6 20 340 M M 1 26 340
19 65 43 54 4 11 0 0.00 0.0 M 5.3 15 250 M M 6 23 250
20 77 47 62 12 3 0 0.00 0.0 M 9.9 23 220 M M 7 34 210
21 70 61 66 16 0 1 0.02 0.0 0 7.9 17 240 M M 8 27 230
22 81 61 71 21 0 6 0.00 0.0 0 10.4 24 190 M M 7 37 190
23 77 69 73 23 0 8 0.04 0.0 0 9.1 21 210 M M 8 1 30 210
24 77 56 67 16 0 2 0.18 0.0 M 6.8 15 330 M M 8 1 19 340
25 63 55 59 8 6 0 0.02 0.0 M 6.8 17 80 M M 10 1 22 100
26 76 60 68 17 0 3 0.00 0.0 0 8.4 20 260 M M 8 28 280
27 75 59 67 16 0 2 T 0.0 0 10.1 22 220 M M 7 1 33 250
28 80 60 70 18 0 5 0.00 0.0 0 8.1 17 260 M M 3 23 300
================================================================================
SM 1857 1338 243 27 2.32 0.0 244.4 M 193
================================================================================
AV 66.3 47.8 8.7 FASTST M M 7 MAX(MPH)
MISC ----> 40 250 72 200
================================================================================
NOTES:
# LAST OF SEVERAL OCCURRENCES
COLUMN 17 PEAK WIND IN M.P.H.
PRELIMINARY LOCAL CLIMATOLOGICAL DATA (WS FORM: F-6) , PAGE 2
STATION: ATLANTA
MONTH: FEBRUARY
YEAR: 2023
LATITUDE: 33 39 N
LONGITUDE: 84 26 W
[TEMPERATURE DATA] [PRECIPITATION DATA] SYMBOLS USED IN COLUMN 16
AVERAGE MONTHLY: 57.1 TOTAL FOR MONTH: 2.32 1 = FOG OR MIST
DPTR FM NORMAL: 8.6 DPTR FM NORMAL: -2.23 2 = FOG REDUCING VISIBILITY
HIGHEST: 81 ON 22 GRTST 24HR 0.86 ON 2- 3 TO 1/4 MILE OR LESS
LOWEST: 29 ON 18 3 = THUNDER
SNOW, ICE PELLETS, HAIL 4 = ICE PELLETS
TOTAL MONTH: 0.0 INCH 5 = HAIL
GRTST 24HR 0.0 6 = FREEZING RAIN OR DRIZZLE
GRTST DEPTH: 0 7 = DUSTSTORM OR SANDSTORM:
VSBY 1/2 MILE OR LESS
8 = SMOKE OR HAZE
[NO. OF DAYS WITH] [WEATHER - DAYS WITH] 9 = BLOWING SNOW
X = TORNADO
MAX 32 OR BELOW: 0 0.01 INCH OR MORE: 12
MAX 90 OR ABOVE: 0 0.10 INCH OR MORE: 5
MIN 32 OR BELOW: 2 0.50 INCH OR MORE: 1
MIN 0 OR BELOW: 0 1.00 INCH OR MORE: 0
[HDD (BASE 65) ]
TOTAL THIS MO. 243 CLEAR (SCALE 0-3) 4
DPTR FM NORMAL -219 PTCLDY (SCALE 4-7) 13
TOTAL FM JUL 1 1573 CLOUDY (SCALE 8-10) 11
DPTR FM NORMAL -506
[CDD (BASE 65) ]
TOTAL THIS MO. 27
DPTR FM NORMAL 25 [PRESSURE DATA]
TOTAL FM JAN 1 28 HIGHEST SLP 30.59 ON 4
DPTR FM NORMAL 27 LOWEST SLP 29.67 ON 27
[REMARKS]
#FINAL-02-23#