000
CXUS54 KMAF 011110
CF6ATS
PRELIMINARY LOCAL CLIMATOLOGICAL DATA (WS FORM: F-6)
STATION: ARTESIA
MONTH: MARCH
YEAR: 2020
LATITUDE: 32 54 N
LONGITUDE: 104 30 W
TEMPERATURE IN F: :PCPN: SNOW: WIND :SUNSHINE: SKY :PK WND
================================================================================
1 2 3 4 5 6A 6B 7 8 9 10 11 12 13 14 15 16 17 18
12Z AVG MX 2MIN
DY MAX MIN AVG DEP HDD CDD WTR SNW DPTH SPD SPD DIR MIN PSBL S-S WX SPD DR
================================================================================
1 70 50 60 M 5 0 0.00 M M 16.4 28 230 M M 0 36 230
2 68 48 58 M 7 0 0.00 M M 10.5 23 220 M M 0 31 220
3 55 46 51 M 14 0 0.50 M M 7.2 13 300 M M 7 M M
4 55 43 49 M 16 0 1.20 M M 13.5 24 10 M M 4 30 360
5 64 36 50 M 15 0 0.00 M M 7.7 14 10 M M 0 21 50
6 61 37 49 M 16 0 0.00 M M 6.7 17 170 M M 0 25 170
7 70 36 53 M 12 0 0.00 M M 9.3 21 150 M M 1 25 170
8 66 50 58 M 7 0 0.09 M M 11.1 17 180 M M 5 1 30 210
9 70 46 58 M 7 0 0.00 M M 9.3 20 260 M M 0 30 230
10 73 48 61 M 4 0 0.00 M M 9.4 21 190 M M 0 24 200
11 77 52 65 M 0 0 0.00 M M 11.2 22 230 M M 1 29 210
12 72 55 64 M 1 0 0.05 M M 6.6 15 240 M M 4 15 230
13 68 54 61 M 4 0 0.10 M M 13.7 26 150 M M 7 1 35 150
14 72 46 59 M 6 0 0.00 M M 7.5 16 180 M M 0 1 28 180
15 55 50 53 M 12 0 0.00 M M 7.6 14 130 M M 10 12 18 110
16 72 50 61 M 4 0 0.00 M M 8.7 20 150 M M 5 12 21 140
17 68 50 59 M 6 0 0.01 M M 9.3 27 220 M M 6 12 33 210
18 64 45 55 M 10 0 0.21 M M 3.8 13 240 M M 3 24 200
19 75 46 61 M 4 0 0.00 M M 20.1 33 230 M M 0 41 230
20 54 36 45 M 20 0 0.00 M M 8.5 15 360 M M 0 23 330
21 46 41 44 M 21 0 0.00 M M 10.4 16 160 M M 8 22 160
22 75 43 59 M 6 0 0.00 M M 7.7 21 230 M M 4 26 230
23 81 52 67 M 0 2 0.00 M M 11.4 30 220 M M 0 38 220
24 75 45 60 M 5 0 0.00 M M 8.2 17 260 M M 0 22 250
25 86 48 67 M 0 2 0.00 M M 14.9 31 230 M M 0 40 230
26 84 61 73 M 0 8 0.00 M M 18.4 30 230 M M 0 37 240
27 75 52 64 M 1 0 0.00 M M 16.6 37 220 M M 0 8 47 210
28 63 36 50 M 15 0 0.00 M M 8.2 17 310 M M 0 25 310
29 66 39 53 M 12 0 0.00 M M 8.1 20 150 M M 0 23 160
30 73 46 60 M 5 0 0.00 M M 12.5 24 300 M M 0 36 280
31 75 37 56 M 9 0 0.00 M M 8.8 18 160 M M 0 22 150
================================================================================
SM 2128 1424 244 12 2.16 M 323.3 M 65
================================================================================
AV 68.6 45.9 10.4 FASTST M M 2 MAX(MPH)
MISC ----> 37 220 47 210
================================================================================
NOTES:
# LAST OF SEVERAL OCCURRENCES
COLUMN 17 PEAK WIND IN M.P.H.
PRELIMINARY LOCAL CLIMATOLOGICAL DATA (WS FORM: F-6) , PAGE 2
STATION: ARTESIA
MONTH: MARCH
YEAR: 2020
LATITUDE: 32 54 N
LONGITUDE: 104 30 W
[TEMPERATURE DATA] [PRECIPITATION DATA] SYMBOLS USED IN COLUMN 16
AVERAGE MONTHLY: 57.3 TOTAL FOR MONTH: 2.16 1 = FOG OR MIST
DPTR FM NORMAL: 0.0 DPTR FM NORMAL: M 2 = FOG REDUCING VISIBILITY
HIGHEST: 86 ON 25 GRTST 24HR 1.20 ON 4- 4 TO 1/4 MILE OR LESS
LOWEST: 36 ON 28,20 3 = THUNDER
SNOW, ICE PELLETS, HAIL 4 = ICE PELLETS
TOTAL MONTH: M 5 = HAIL
GRTST 24HR M ON M 6 = FREEZING RAIN OR DRIZZLE
GRTST DEPTH: M ON M 7 = DUSTSTORM OR SANDSTORM:
VSBY 1/2 MILE OR LESS
8 = SMOKE OR HAZE
[NO. OF DAYS WITH] [WEATHER - DAYS WITH] 9 = BLOWING SNOW
X = TORNADO
MAX 32 OR BELOW: 0 0.01 INCH OR MORE: 7
MAX 90 OR ABOVE: 0 0.10 INCH OR MORE: 4
MIN 32 OR BELOW: 0 0.50 INCH OR MORE: 2
MIN 0 OR BELOW: 0 1.00 INCH OR MORE: 1
[HDD (BASE 65) ]
TOTAL THIS MO. 244 CLEAR (SCALE 0-3) 20
DPTR FM NORMAL M PTCLDY (SCALE 4-7) 10
TOTAL FM JUL 1 2642 CLOUDY (SCALE 8-10) 1
DPTR FM NORMAL M
[CDD (BASE 65) ]
TOTAL THIS MO. 12
DPTR FM NORMAL M [PRESSURE DATA]
TOTAL FM JAN 1 12 HIGHEST SLP M ON M
DPTR FM NORMAL M LOWEST SLP M ON M
[REMARKS]
#FINAL-03-20#