000
CXUS54 KEWX 021355
CF6ATT
PRELIMINARY LOCAL CLIMATOLOGICAL DATA (WS FORM: F-6)
STATION: AUSTIN CAMP MABRY
MONTH: JUNE
YEAR: 2020
LATITUDE: 30 17 N
LONGITUDE: 97 42 W
TEMPERATURE IN F: :PCPN: SNOW: WIND :SUNSHINE: SKY :PK WND
================================================================================
1 2 3 4 5 6A 6B 7 8 9 10 11 12 13 14 15 16 17 18
12Z AVG MX 2MIN
DY MAX MIN AVG DEP HDD CDD WTR SNW DPTH SPD SPD DIR MIN PSBL S-S WX SPD DR
================================================================================
1 84 72 78 -2 0 13 0.00 0.0 0 2.6 10 140 M M 5 17 140
2 90 72 81 1 0 16 0.01 0.0 0 2.5 9 140 M M 6 18 16 110
3 93 73 83 3 0 18 0.00 0.0 0 2.9 14 150 M M 4 24 150
4 94 74 84 3 0 19 0.00 0.0 0 4.1 12 150 M M 3 19 160
5 94 76 85 4 0 20 0.00 0.0 0 4.1 12 150 M M 2 19 150
6 96 74 85 4 0 20 0.00 0.0 0 1.8 10 130 M M 1 16 90
7 96 76 86 5 0 21 0.00 0.0 0 2.0 9 20 M M 1 15 40
8 99 74 87 6 0 22 0.00 0.0 0 3.0 9 200 M M 0 20 200
9 100 77 89 8 0 24 0.00 0.0 0 4.8 16 20 M M 3 31 20
10 94 68 81 -1 0 16 0.00 0.0 0 4.2 15 20 M M 0 22 30
11 96 64 80 -2 0 15 0.00 0.0 0 2.2 9 90 M M 0 19 100
12 94 63 79 -3 0 14 0.00 0.0 0 2.4 9 100 M M 0 17 110
13 94 67 81 -1 0 16 0.00 0.0 0 3.1 10 110 M M 0 20 110
14 94 66 80 -2 0 15 0.00 0.0 0 2.7 10 130 M M 2 18 90
15 96 72 84 2 0 19 T 0.0 0 3.4 16 160 M M 3 34 160
16 95 75 85 3 0 20 0.00 0.0 0 5.3 13 150 M M 3 21 140
17 96 71 84 2 0 19 0.00 0.0 0 5.7 15 140 M M 1 26 140
18 97 73 85 2 0 20 T 0.0 0 6.8 14 160 M M 4 26 160
19 97 77 87 4 0 22 0.00 0.0 0 6.6 15 160 M M 6 27 160
20 94 70 82 -1 0 17 1.25 0.0 0 5.1 14 160 M M 6 13 24 160
21 96 77 87 4 0 22 T 0.0 0 6.3 15 140 M M 4 27 160
22 94 79 87 4 0 22 0.00 0.0 0 5.9 14 160 M M 5 29 190
23 93 71 82 -1 0 17 0.58 0.0 0 5.2 18 350 M M 5 13 32 340
24 86 74 80 -3 0 15 0.02 0.0 0 2.8 9 10 M M 7 17 330
25 94 71 83 0 0 18 0.00 0.0 0 2.8 18 150 M M 3 30 160
26 86 71 79 -5 0 14 0.61 0.0 0 5.2 17 150 M M 5 18 33 140
27 93 77 85 1 0 20 0.00 0.0 0 6.9 18 150 M M 6 18 32 140
28 88 76 82 -2 0 17 0.20 0.0 0 6.5 15 160 M M 7 13 29 160
29 90 78 84 0 0 19 0.00 0.0 0 7.7 14 140 M M 8 28 180
30 93 80 87 3 0 22 0.00 0.0 0 6.8 14 170 M M 6 26 190
================================================================================
SM 2806 2188 0 552 2.67 0.0 131.4 M 106
================================================================================
AV 93.5 72.9 4.4 FASTST M M 4 MAX(MPH)
MISC ----> # 18 350 # 34 160
================================================================================
NOTES:
# LAST OF SEVERAL OCCURRENCES
COLUMN 17 PEAK WIND IN M.P.H.
PRELIMINARY LOCAL CLIMATOLOGICAL DATA (WS FORM: F-6) , PAGE 2
STATION: AUSTIN CAMP MABRY
MONTH: JUNE
YEAR: 2020
LATITUDE: 30 17 N
LONGITUDE: 97 42 W
[TEMPERATURE DATA] [PRECIPITATION DATA] SYMBOLS USED IN COLUMN 16
AVERAGE MONTHLY: 83.2 TOTAL FOR MONTH: 2.67 1 = FOG OR MIST
DPTR FM NORMAL: 1.0 DPTR FM NORMAL: -1.66 2 = FOG REDUCING VISIBILITY
HIGHEST: 100 ON 9 GRTST 24HR 1.25 ON 20-20 TO 1/4 MILE OR LESS
LOWEST: 63 ON 12 3 = THUNDER
SNOW, ICE PELLETS, HAIL 4 = ICE PELLETS
TOTAL MONTH: 0.0 INCH 5 = HAIL
GRTST 24HR 0.0 6 = FREEZING RAIN OR DRIZZLE
GRTST DEPTH: 0 7 = DUSTSTORM OR SANDSTORM:
VSBY 1/2 MILE OR LESS
8 = SMOKE OR HAZE
[NO. OF DAYS WITH] [WEATHER - DAYS WITH] 9 = BLOWING SNOW
X = TORNADO
MAX 32 OR BELOW: 0 0.01 INCH OR MORE: 6
MAX 90 OR ABOVE: 26 0.10 INCH OR MORE: 4
MIN 32 OR BELOW: 0 0.50 INCH OR MORE: 3
MIN 0 OR BELOW: 0 1.00 INCH OR MORE: 1
[HDD (BASE 65) ]
TOTAL THIS MO. 0 CLEAR (SCALE 0-3) 14
DPTR FM NORMAL 0 PTCLDY (SCALE 4-7) 16
TOTAL FM JUL 1 1238 CLOUDY (SCALE 8-10) 0
DPTR FM NORMAL -301
[CDD (BASE 65) ]
TOTAL THIS MO. 552
DPTR FM NORMAL 36 [PRESSURE DATA]
TOTAL FM JAN 1 1355 HIGHEST SLP 30.26 ON 12
DPTR FM NORMAL 226 LOWEST SLP 29.57 ON 8
[REMARKS]
#FINAL-06-20#