000
CXUS53 KABR 011100
CF6ATY
PRELIMINARY LOCAL CLIMATOLOGICAL DATA (WS FORM: F-6)
STATION: WATERTOWN SD
MONTH: JUNE
YEAR: 2022
LATITUDE: 44 55 N
LONGITUDE: 97 9 W
TEMPERATURE IN F: :PCPN: SNOW: WIND :SUNSHINE: SKY :PK WND
================================================================================
1 2 3 4 5 6A 6B 7 8 9 10 11 12 13 14 15 16 17 18
12Z AVG MX 2MIN
DY MAX MIN AVG DEP HDD CDD WTR SNW DPTH SPD SPD DIR MIN PSBL S-S WX SPD DR
================================================================================
1 66 44 55 -7 10 0 0.00 0.0 0 7.3 15 270 M M 0 22 280
2 72 48 60 -2 5 0 0.00 0.0 0 11.5 24 300 M M 0 34 310
3 71 40 56 -6 9 0 0.00 0.0 0 5.3 17 220 M M 1 22 170
4 73 54 64 1 1 0 0.00 0.0 0 6.6 15 150 M M 7 20 90
5 69 54 62 -1 3 0 0.09 0.0 0 6.1 13 110 M M 7 23 110
6 72 50 61 -3 4 0 0.00 0.0 0 7.5 15 30 M M 6 20 30
7 69 55 62 -2 3 0 0.01 0.0 0 4.4 10 70 M M 9 16 90
8 74 54 64 0 1 0 0.00 0.0 0 4.2 12 350 M M 5 17 20
9 74 49 62 -2 3 0 0.00 0.0 0 4.2 21 210 M M 4 28 200
10 77 58 68 3 0 3 0.00 0.0 0 4.4 9 200 M M 5 12 320
11 84 62 73 8 0 8 0.08 0.0 0 8.0 18 200 M M 3 1 25 200
12 87 63 75 10 0 10 T 0.0 0 5.4 14 310 M M 1 18 310
13 88 67 78 12 0 13 0.17 0.0 0 11.8 35 210 M M 2 3 47 200
14 84 65 75 9 0 10 T 0.0 0 13.5 31 210 M M 1 41 210
15 78 62 70 4 0 5 0.00 0.0 0 15.3 31 230 M M 2 45 240
16 79 59 69 3 0 4 0.00 0.0 0 16.2 28 290 M M 0 43 270
17 84 54 69 2 0 4 0.00 0.0 0 5.0 14 120 M M 0 22 100
18 94 68 81 14 0 16 0.00 0.0 0 18.5 30 160 M M 0 39 170
19 97 76 87 20 0 22 0.00 0.0 0 19.7 35 200 M M 0 50 190
20 97 67 82 14 0 17 0.14 0.0 0 17.5 45 260 M M 2 138 67 290
21 80 62 71 3 0 6 0.00 0.0 0 14.0 31 260 M M 1 43 270
22 84 58 71 3 0 6 0.00 0.0 0 7.7 15 260 M M 0 21 300
23 93 66 80 12 0 15 0.00 0.0 0 12.8 22 210 M M 1 32 210
24 93 67 80 12 0 15 0.10 0.0 0 13.5 44 260 M M 2 138 60 240
25 74 60 67 -2 0 2 0.01 0.0 0 14.7 24 310 M M 4 36 290
26 74 54 64 -5 1 0 0.00 0.0 0 15.1 26 320 M M 1 38 320
27 84 52 68 -1 0 3 0.00 0.0 0 9.5 18 220 M M 0 26 220
28 85 61 73 4 0 8 0.00 0.0 0 7.5 20 10 M M 0 29 10
29 97 60 79 9 0 14 T 0.0 0 19.3 45 210 M M 0 61 220
30 85 62 74 4 0 9 T 0.0 0 10.2 23 340 M M 1 30 340
================================================================================
SM 2438 1751 40 190 0.60 0.0 316.7 M 65
================================================================================
AV 81.3 58.4 10.6 FASTST M M 2 MAX(MPH)
MISC ----> # 45 260 67 290
================================================================================
NOTES:
# LAST OF SEVERAL OCCURRENCES
COLUMN 17 PEAK WIND IN M.P.H.
PRELIMINARY LOCAL CLIMATOLOGICAL DATA (WS FORM: F-6) , PAGE 2
STATION: WATERTOWN SD
MONTH: JUNE
YEAR: 2022
LATITUDE: 44 55 N
LONGITUDE: 97 9 W
[TEMPERATURE DATA] [PRECIPITATION DATA] SYMBOLS USED IN COLUMN 16
AVERAGE MONTHLY: 69.8 TOTAL FOR MONTH: 0.60 1 = FOG OR MIST
DPTR FM NORMAL: 3.7 DPTR FM NORMAL: -3.25 2 = FOG REDUCING VISIBILITY
HIGHEST: 97 ON 29,20 GRTST 24HR 0.17 ON 12-13 TO 1/4 MILE OR LESS
LOWEST: 40 ON 3 3 = THUNDER
SNOW, ICE PELLETS, HAIL 4 = ICE PELLETS
TOTAL MONTH: 0.0 INCH 5 = HAIL
GRTST 24HR 0.0 6 = FREEZING RAIN OR DRIZZLE
GRTST DEPTH: 0 7 = DUSTSTORM OR SANDSTORM:
VSBY 1/2 MILE OR LESS
8 = SMOKE OR HAZE
[NO. OF DAYS WITH] [WEATHER - DAYS WITH] 9 = BLOWING SNOW
X = TORNADO
MAX 32 OR BELOW: 0 0.01 INCH OR MORE: 7
MAX 90 OR ABOVE: 6 0.10 INCH OR MORE: 3
MIN 32 OR BELOW: 0 0.50 INCH OR MORE: 0
MIN 0 OR BELOW: 0 1.00 INCH OR MORE: 0
[HDD (BASE 65) ]
TOTAL THIS MO. 40 CLEAR (SCALE 0-3) 22
DPTR FM NORMAL -29 PTCLDY (SCALE 4-7) 7
TOTAL FM JUL 1 8255 CLOUDY (SCALE 8-10) 1
DPTR FM NORMAL -246
[CDD (BASE 65) ]
TOTAL THIS MO. 190
DPTR FM NORMAL 88 [PRESSURE DATA]
TOTAL FM JAN 1 207 HIGHEST SLP 30.29 ON 27
DPTR FM NORMAL 82 LOWEST SLP 29.32 ON 14
[REMARKS]
#FINAL-06-22#