000
CXUS53 KARX 011232
CF6AUM
PRELIMINARY LOCAL CLIMATOLOGICAL DATA (WS FORM: F-6)
STATION: AUSTIN MUNI MN
MONTH: SEPTEMBER
YEAR: 2023
LATITUDE: 43 40 N
LONGITUDE: 92 56 W
TEMPERATURE IN F: :PCPN: SNOW: WIND :SUNSHINE: SKY :PK WND
================================================================================
1 2 3 4 5 6A 6B 7 8 9 10 11 12 13 14 15 16 17 18
12Z AVG MX 2MIN
DY MAX MIN AVG DEP HDD CDD WTR SNW DPTH SPD SPD DIR MIN PSBL S-S WX SPD DR
================================================================================
1 88 57 73 M 0 8 0.00 0.0 0 10.6 18 210 M M 0 27 210
2 97 63 80 M 0 15 0.00 0.0 0 11.6 20 200 M M 0 23 200
3 99 64 82 M 0 17 0.00 0.0 0 10.1 17 200 M M 0 23 200
4 97 68 83 M 0 18 0.00 0.0 0 11.3 22 200 M M 0 30 200
5 91 70 81 M 0 16 M 0.0 0 9.9 16 190 M M 1 24 180
6 68 61 65 M 0 0 M 0.0 0 11.5 18 340 M M 10 1 25 340
7 68 50 59 M 6 0 0.00 0.0 0 5.9 10 340 M M 6 17 20
8 81 48 65 M 0 0 0.00 0.0 0 1.3 7 70 M M 0 M M
9 84 52 68 M 0 3 M 0.0 0 4.2 14 210 M M 3 13 17 210
10 70 55 63 M 2 0 0.00 0.0 0 3.5 8 350 M M 5 12 M M
11 73 52 63 M 2 0 0.00 0.0 0 3.5 12 60 M M 1 1 17 60
12 72 48 60 M 5 0 0.00 0.0 0 5.6 17 300 M M 3 21 300
13 72 41 57 M 8 0 0.00 0.0 0 2.2 7 50 M M 1 12 M M
14 82 48 65 M 0 0 0.00 0.0 0 6.7 16 220 M M 3 22 210
15 66 54 60 M 5 0 M 0.0 0 4.4 7 240 M M 6 12 M M
16 73 54 64 M 1 0 0.00 0.0 0 3.9 12 340 M M 6 12 18 320
17 73 48 61 M 4 0 0.00 0.0 0 2.9 8 40 M M 2 1 9 30
18 81 45 63 M 2 0 0.00 0.0 0 5.9 13 170 M M 1 18 180
19 84 57 71 M 0 6 0.00 0.0 0 7.0 16 190 M M 1 20 190
20 84 54 69 M 0 4 0.00 0.0 0 4.5 13 180 M M 1 16 200
21 82 55 69 M 0 4 0.00 0.0 0 4.0 12 140 M M 2 1 18 140
22 73 59 66 M 0 1 M 0.0 0 7.0 15 120 M M 8 18 20 120
23 75 61 68 M 0 3 M 0.0 0 5.9 10 130 M M 10 13 33 210
24 77 61 69 M 0 4 M 0.0 0 6.4 9 240 M M 7 3 18 150
25 70 57 64 M 1 0 M 0.0 0 2.9 9 250 M M 7 1 17 0
26 72 57 65 M 0 0 M 0.0 0 4.2 12 80 M M 9 12 17 50
27 72 63 68 M 0 3 0.00 0.0 0 6.6 12 100 M M 9 1 M M
28 73 61 67 M 0 2 0.00 0.0 0 7.4 13 140 M M 6 17 140
29 84 61 73 M 0 8 0.00 0.0 0 9.0 14 170 M M 1 23 170
30 91 70 81 M 0 16 0.00 0.0 0 8.8 16 190 M M 2 8 20 190
================================================================================
SM 2372 1694 36 128 0.00 0.0 188.7 M 111
================================================================================
AV 79.1 56.5 6.3 FASTST M M 4 MAX(MPH)
MISC ----> 22 200 33 210
================================================================================
NOTES:
# LAST OF SEVERAL OCCURRENCES
COLUMN 17 PEAK WIND IN M.P.H.
PRELIMINARY LOCAL CLIMATOLOGICAL DATA (WS FORM: F-6) , PAGE 2
STATION: AUSTIN MUNI MN
MONTH: SEPTEMBER
YEAR: 2023
LATITUDE: 43 40 N
LONGITUDE: 92 56 W
[TEMPERATURE DATA] [PRECIPITATION DATA] SYMBOLS USED IN COLUMN 16
AVERAGE MONTHLY: 67.8 TOTAL FOR MONTH: 0.00 1 = FOG OR MIST
DPTR FM NORMAL: 0.0 DPTR FM NORMAL: M 2 = FOG REDUCING VISIBILITY
HIGHEST: 99 ON 3 GRTST 24HR 0.00 ON 1- 1 TO 1/4 MILE OR LESS
LOWEST: 41 ON 13 3 = THUNDER
SNOW, ICE PELLETS, HAIL 4 = ICE PELLETS
TOTAL MONTH: 0.0 INCH 5 = HAIL
GRTST 24HR 0.0 6 = FREEZING RAIN OR DRIZZLE
GRTST DEPTH: 0 7 = DUSTSTORM OR SANDSTORM:
VSBY 1/2 MILE OR LESS
8 = SMOKE OR HAZE
[NO. OF DAYS WITH] [WEATHER - DAYS WITH] 9 = BLOWING SNOW
X = TORNADO
MAX 32 OR BELOW: 0 0.01 INCH OR MORE: 0
MAX 90 OR ABOVE: 5 0.10 INCH OR MORE: 0
MIN 32 OR BELOW: 0 0.50 INCH OR MORE: 0
MIN 0 OR BELOW: 0 1.00 INCH OR MORE: 0
[HDD (BASE 65) ]
TOTAL THIS MO. 36 CLEAR (SCALE 0-3) 16
DPTR FM NORMAL M PTCLDY (SCALE 4-7) 10
TOTAL FM JUL 1 50 CLOUDY (SCALE 8-10) 4
DPTR FM NORMAL M
[CDD (BASE 65) ]
TOTAL THIS MO. 128
DPTR FM NORMAL M [PRESSURE DATA]
TOTAL FM JAN 1 828 HIGHEST SLP M ON M
DPTR FM NORMAL M LOWEST SLP M ON M
[REMARKS]
#FINAL-09-23#