000
CXUS53 KGRR 011010
CF6AZO
PRELIMINARY LOCAL CLIMATOLOGICAL DATA (WS FORM: F-6)
STATION: KALAMAZOO
MONTH: FEBRUARY
YEAR: 2022
LATITUDE: 42 13 N
LONGITUDE: 85 33 W
TEMPERATURE IN F: :PCPN: SNOW: WIND :SUNSHINE: SKY :PK WND
================================================================================
1 2 3 4 5 6A 6B 7 8 9 10 11 12 13 14 15 16 17 18
12Z AVG MX 2MIN
DY MAX MIN AVG DEP HDD CDD WTR SNW DPTH SPD SPD DIR MIN PSBL S-S WX SPD DR
================================================================================
1 46 26 36 12 29 0 0.08 M M 10.1 24 190 M M 5 18 31 180
2 39 21 30 5 35 0 0.31 M M 10.5 20 350 M M 10 128 24 340
3 21 13 17 -8 48 0 T M M 10.6 16 30 M M 9 26 20
4 22 1 12 -13 53 0 T M M 5.6 12 20 M M 3 8 18 20
5 24 8 16 -9 49 0 T M M 9.5 20 180 M M 4 18 27 180
6 32 14 23 -2 42 0 0.00 M M 12.4 22 180 M M 1 29 190
7 30 20 25 0 40 0 T M M 9.3 17 290 M M 8 168 22 280
8 31 19 25 0 40 0 0.00 M M 9.2 18 180 M M 4 8 25 200
9 40 31 36 10 29 0 0.01 M M 11.4 22 240 M M 5 1 31 260
10 35 26 31 5 34 0 0.01 M M 10.5 18 190 M M 9 1 24 200
11 39 27 33 7 32 0 0.09 M M 13.8 25 270 M M 10 1 32 260
12 30 16 23 -3 42 0 T M M 10.5 26 330 M M 10 8 35 320
13 19 1 10 -16 55 0 0.01 M M 6.1 14 210 M M 8 128 18 200
14 20 2 11 -16 54 0 0.00 M M 6.4 15 210 M M 9 18 18 200
15 31 13 22 -5 43 0 0.00 M M 8.6 16 130 M M 3 24 120
16 50 31 41 14 24 0 0.02 M M 16.4 28 200 M M 7 1 37 190
17 50 20 35 8 30 0 0.74 M M 12.2 23 340 M M 10 18 30 340
18 30 16 23 -5 42 0 T M M 14.2 29 240 M M 7 44 210
19 31 12 22 -6 43 0 T M M 15.4 35 300 M M 8 8 46 290
20 49 13 31 3 34 0 0.00 M M 15.8 31 220 M M 1 42 230
21 53 26 40 11 25 0 0.00 M M 5.1 10 110 M M 0 1 17 90
22 54 26 40 11 25 0 0.27 M M 9.8 29 280 M M 10 1 40 290
23 26 22 24 -5 41 0 T M M 11.0 22 310 M M 10 8 33 290
24 30 19 25 -5 40 0 0.02 M M 8.3 15 70 M M 9 18 25 50
25 27 13 20 -10 45 0 0.03 M M 7.4 15 360 M M 8 18 19 360
26 30 21 26 -4 39 0 T M M 10.8 18 260 M M 5 8 25 260
27 39 25 32 2 33 0 0.00 M M 11.2 21 310 M M 0 30 280
28 45 23 34 3 31 0 0.00 M M 8.7 22 190 M M 4 29 190
================================================================================
SM 973 505 1077 0 1.59 M 290.8 M 177
================================================================================
AV 34.8 18.0 10.4 FASTST M M 6 MAX(MPH)
MISC ----> 35 300 46 290
================================================================================
NOTES:
# LAST OF SEVERAL OCCURRENCES
COLUMN 17 PEAK WIND IN M.P.H.
PRELIMINARY LOCAL CLIMATOLOGICAL DATA (WS FORM: F-6) , PAGE 2
STATION: KALAMAZOO
MONTH: FEBRUARY
YEAR: 2022
LATITUDE: 42 13 N
LONGITUDE: 85 33 W
[TEMPERATURE DATA] [PRECIPITATION DATA] SYMBOLS USED IN COLUMN 16
AVERAGE MONTHLY: 26.4 TOTAL FOR MONTH: 1.59 1 = FOG OR MIST
DPTR FM NORMAL: -0.7 DPTR FM NORMAL: 0.25 2 = FOG REDUCING VISIBILITY
HIGHEST: 54 ON 22 GRTST 24HR 0.75 ON 16-17 TO 1/4 MILE OR LESS
LOWEST: 1 ON 13, 4 3 = THUNDER
SNOW, ICE PELLETS, HAIL 4 = ICE PELLETS
TOTAL MONTH: M 5 = HAIL
GRTST 24HR M ON M 6 = FREEZING RAIN OR DRIZZLE
GRTST DEPTH: M ON M 7 = DUSTSTORM OR SANDSTORM:
VSBY 1/2 MILE OR LESS
8 = SMOKE OR HAZE
[NO. OF DAYS WITH] [WEATHER - DAYS WITH] 9 = BLOWING SNOW
X = TORNADO
MAX 32 OR BELOW: 16 0.01 INCH OR MORE: 11
MAX 90 OR ABOVE: 0 0.10 INCH OR MORE: 3
MIN 32 OR BELOW: 28 0.50 INCH OR MORE: 1
MIN 0 OR BELOW: 0 1.00 INCH OR MORE: 0
[HDD (BASE 65) ]
TOTAL THIS MO. 1077 CLEAR (SCALE 0-3) 5
DPTR FM NORMAL 16 PTCLDY (SCALE 4-7) 12
TOTAL FM JUL 1 4324 CLOUDY (SCALE 8-10) 11
DPTR FM NORMAL -365
[CDD (BASE 65) ]
TOTAL THIS MO. 0
DPTR FM NORMAL 0 [PRESSURE DATA]
TOTAL FM JAN 1 0 HIGHEST SLP 30.55 ON 15
DPTR FM NORMAL 0 LOWEST SLP 29.51 ON 11
[REMARKS]
#FINAL-02-22#