000
CXUS51 KBOX 010810
CF6BDL
PRELIMINARY LOCAL CLIMATOLOGICAL DATA (WS FORM: F-6)
STATION: HARTFORD CT
MONTH: MAY
YEAR: 2022
LATITUDE: 41 55 N
LONGITUDE: 72 41 W
TEMPERATURE IN F: :PCPN: SNOW: WIND :SUNSHINE: SKY :PK WND
================================================================================
1 2 3 4 5 6A 6B 7 8 9 10 11 12 13 14 15 16 17 18
12Z AVG MX 2MIN
DY MAX MIN AVG DEP HDD CDD WTR SNW DPTH SPD SPD DIR MIN PSBL S-S WX SPD DR
================================================================================
1 70 38 54 -2 11 0 0.00 0.0 0 5.8 17 180 M M 3 23 180
2 60 48 54 -2 11 0 0.13 0.0 0 5.8 18 150 M M 9 1 23 150
3 58 48 53 -3 12 0 T 0.0 0 6.2 12 170 M M 10 1 15 10
4 57 49 53 -4 12 0 0.07 0.0 0 3.9 9 20 M M 10 1 12 220
5 74 46 60 3 5 0 0.00 0.0 0 5.5 15 10 M M 6 18 10
6 65 49 57 0 8 0 T 0.0 0 4.6 10 200 M M 10 13 220
7 58 47 53 -5 12 0 0.00 0.0 0 15.0 25 60 M M 10 37 50
8 61 40 51 -7 14 0 0.00 0.0 0 13.9 26 30 M M 7 34 30
9 70 40 55 -3 10 0 0.00 0.0 0 15.0 28 40 M M 2 36 50
10 72 45 59 1 6 0 0.00 0.0 0 12.5 26 30 M M 2 33 50
11 79 46 63 4 2 0 0.00 0.0 0 10.8 23 30 M M 4 27 30
12 83 52 68 9 0 3 0.00 0.0 0 5.9 16 170 M M 4 19 180
13 84 63 74 15 0 9 T 0.0 0 6.7 18 170 M M 7 1 22 170
14 85 65 75 15 0 10 0.01 0.0 0 8.3 22 180 M M 8 27 180
15 84 64 74 14 0 9 0.05 0.0 0 7.6 18 200 M M 8 13 23 190
16 84 59 72 12 0 7 0.24 0.0 0 8.7 24 190 M M 8 138 32 200
17 75 54 65 5 0 0 T 0.0 0 13.8 30 260 M M 4 39 280
18 74 50 62 1 3 0 0.00 0.0 0 7.1 20 300 M M 6 26 290
19 61 53 57 -4 8 0 0.36 0.0 0 6.9 15 160 M M 9 1 19 180
20 79 50 65 4 0 0 0.04 0.0 0 7.1 20 160 M M 9 12 23 150
21 91 63 77 16 0 12 0.01 0.0 0 5.8 17 180 M M 6 12 21 210
22 93 65 79 17 0 14 0.22 0.0 0 9.0 20 320 M M 5 138 28 310
23 74 58 66 4 0 1 0.00 0.0 0 11.0 21 30 M M 7 27 30
24 72 53 63 1 2 0 0.00 0.0 0 7.6 16 170 M M 7 20 190
25 76 45 61 -1 4 0 0.00 0.0 0 7.3 18 180 M M 6 8 22 180
26 73 49 61 -2 4 0 0.00 0.0 0 10.7 22 190 M M 8 29 200
27 82 63 73 10 0 8 0.00 0.0 0 11.6 22 170 M M 9 1 27 200
28 75 60 68 5 0 3 1.75 0.0 0 5.2 16 290 M M 9 13 22 290
29 78 53 66 2 0 1 0.00 0.0 0 4.6 10 180 M M 3 1 15 190
30 89 57 73 9 0 8 0.00 0.0 0 6.3 15 260 M M 4 19 250
31 93 63 78 14 0 13 0.00 0.0 0 8.1 21 150 M M 8 27 320
================================================================================
SM 2329 1635 124 98 2.88 0.0 258.3 M 208
================================================================================
AV 75.1 52.7 8.3 FASTST M M 7 MAX(MPH)
MISC ----> 30 260 39 280
================================================================================
NOTES:
# LAST OF SEVERAL OCCURRENCES
COLUMN 17 PEAK WIND IN M.P.H.
PRELIMINARY LOCAL CLIMATOLOGICAL DATA (WS FORM: F-6) , PAGE 2
STATION: HARTFORD CT
MONTH: MAY
YEAR: 2022
LATITUDE: 41 55 N
LONGITUDE: 72 41 W
[TEMPERATURE DATA] [PRECIPITATION DATA] SYMBOLS USED IN COLUMN 16
AVERAGE MONTHLY: 63.9 TOTAL FOR MONTH: 2.88 1 = FOG OR MIST
DPTR FM NORMAL: 3.9 DPTR FM NORMAL: -0.91 2 = FOG REDUCING VISIBILITY
HIGHEST: 93 ON 31,22 GRTST 24HR 1.75 ON 28-28 TO 1/4 MILE OR LESS
LOWEST: 38 ON 1 3 = THUNDER
SNOW, ICE PELLETS, HAIL 4 = ICE PELLETS
TOTAL MONTH: 0.0 INCH 5 = HAIL
GRTST 24HR 0.0 6 = FREEZING RAIN OR DRIZZLE
GRTST DEPTH: 0 7 = DUSTSTORM OR SANDSTORM:
VSBY 1/2 MILE OR LESS
8 = SMOKE OR HAZE
[NO. OF DAYS WITH] [WEATHER - DAYS WITH] 9 = BLOWING SNOW
X = TORNADO
MAX 32 OR BELOW: 0 0.01 INCH OR MORE: 10
MAX 90 OR ABOVE: 3 0.10 INCH OR MORE: 5
MIN 32 OR BELOW: 0 0.50 INCH OR MORE: 1
MIN 0 OR BELOW: 0 1.00 INCH OR MORE: 1
[HDD (BASE 65) ]
TOTAL THIS MO. 124 CLEAR (SCALE 0-3) 3
DPTR FM NORMAL -69 PTCLDY (SCALE 4-7) 19
TOTAL FM JUL 1 5308 CLOUDY (SCALE 8-10) 9
DPTR FM NORMAL -541
[CDD (BASE 65) ]
TOTAL THIS MO. 98
DPTR FM NORMAL 58 [PRESSURE DATA]
TOTAL FM JAN 1 98 HIGHEST SLP 30.43 ON 10
DPTR FM NORMAL 51 LOWEST SLP 29.51 ON 16
[REMARKS]
#FINAL-05-22#