000
CXUS51 KOKX 011010
CF6BDR
PRELIMINARY LOCAL CLIMATOLOGICAL DATA (WS FORM: F-6)
STATION: BRIDGEPORT CT
MONTH: FEBRUARY
YEAR: 2024
LATITUDE: 41 10 N
LONGITUDE: 73 8 W
TEMPERATURE IN F: :PCPN: SNOW: WIND :SUNSHINE: SKY :PK WND
================================================================================
1 2 3 4 5 6A 6B 7 8 9 10 11 12 13 14 15 16 17 18
12Z AVG MX 2MIN
DY MAX MIN AVG DEP HDD CDD WTR SNW DPTH SPD SPD DIR MIN PSBL S-S WX SPD DR
================================================================================
1 42 34 38 7 27 0 0.00 0.0 0 5.4 13 220 M M 9 16 230
2 44 36 40 9 25 0 0.04 0.0 0 6.5 18 350 M M 9 1 26 360
3 42 31 37 6 28 0 0.00 0.0 0 10.7 21 360 M M 2 33 10
4 46 27 37 6 28 0 0.00 0.0 0 8.8 18 340 M M 0 25 320
5 47 29 38 6 27 0 0.00 0.0 0 10.2 18 340 M M 0 24 340
6 44 27 36 4 29 0 0.00 0.0 0 7.9 15 40 M M 0 22 50
7 46 28 37 5 28 0 0.00 0.0 0 4.6 12 10 M M 1 14 10
8 46 29 38 6 27 0 0.00 0.0 0 3.5 9 110 M M 0 10 110
9 50 30 40 8 25 0 0.00 0.0 0 4.6 14 180 M M 1 1 17 180
10 56 34 45 13 20 0 0.01 0.0 0 4.0 17 330 M M 4 12 27 290
11 50 38 44 12 21 0 0.00 0.0 0 5.2 12 310 M M 0 16 300
12 45 31 38 6 27 0 0.00 0.0 0 5.5 13 220 M M 2 17 210
13 39 31 35 2 30 0 0.70 7.6 3 11.1 21 20 M M 8 12 29 330
14 36 27 32 -1 33 0 0.00 0.0 7 12.7 25 300 M M 1 35 300
15 38 25 32 -1 33 0 T T 6 9.9 21 210 M M 2 29 220
16 42 31 37 4 28 0 T T 2 12.5 32 300 M M 2 45 300
17 35 25 30 -3 35 0 0.21 2.5 3 7.2 21 310 M M 7 1 27 310
18 39 24 32 -2 33 0 0.00 0.0 3 12.7 26 230 M M 0 40 230
19 40 27 34 0 31 0 0.00 0.0 2 7.7 16 350 M M 0 22 360
20 35 21 28 -6 37 0 0.00 0.0 1 5.9 13 350 M M 0 17 350
21 39 23 31 -3 34 0 0.00 0.0 1 7.3 16 120 M M 4 24 130
22 42 30 36 2 29 0 0.02 0.0 1 6.1 14 190 M M 9 19 210
23 47 36 42 7 23 0 0.07 0.0 T 3.8 12 60 M M 8 1 15 60
24 43 25 34 -1 31 0 0.00 0.0 T 12.7 23 350 M M 0 33 350
25 36 19 28 -7 37 0 0.00 0.0 0 8.4 17 210 M M 0 22 180
26 48 34 41 6 24 0 0.02 0.0 0 8.7 17 220 M M 3 23 230
27 50 35 43 7 22 0 0.51 0.0 0 9.7 21 200 M M 6 12 28 200
28 54 44 49 13 16 0 0.28 0.0 0 14.6 39 310 M M 9 1 56 300
29 44 30 37 1 28 0 0.00 0.0 0 15.2 33 300 M M 2 56 300
================================================================================
SM 1265 861 816 0 1.86 10.1 243.1 M 89
================================================================================
AV 43.6 29.7 8.4 FASTST M M 3 MAX(MPH)
MISC ----> 39 310 # 56 300
================================================================================
NOTES:
# LAST OF SEVERAL OCCURRENCES
COLUMN 17 PEAK WIND IN M.P.H.
PRELIMINARY LOCAL CLIMATOLOGICAL DATA (WS FORM: F-6) , PAGE 2
STATION: BRIDGEPORT CT
MONTH: FEBRUARY
YEAR: 2024
LATITUDE: 41 10 N
LONGITUDE: 73 8 W
[TEMPERATURE DATA] [PRECIPITATION DATA] SYMBOLS USED IN COLUMN 16
AVERAGE MONTHLY: 36.7 TOTAL FOR MONTH: 1.86 1 = FOG OR MIST
DPTR FM NORMAL: 3.6 DPTR FM NORMAL: -1.26 2 = FOG REDUCING VISIBILITY
HIGHEST: 56 ON 10 GRTST 24HR 0.70 ON 13-13 TO 1/4 MILE OR LESS
LOWEST: 19 ON 25 3 = THUNDER
SNOW, ICE PELLETS, HAIL 4 = ICE PELLETS
TOTAL MONTH: 10.1 INCHES 5 = HAIL
GRTST 24HR 7.6 ON 13-13 6 = FREEZING RAIN OR DRIZZLE
GRTST DEPTH: 7 ON 14 7 = DUSTSTORM OR SANDSTORM:
VSBY 1/2 MILE OR LESS
8 = SMOKE OR HAZE
[NO. OF DAYS WITH] [WEATHER - DAYS WITH] 9 = BLOWING SNOW
X = TORNADO
MAX 32 OR BELOW: 0 0.01 INCH OR MORE: 9
MAX 90 OR ABOVE: 0 0.10 INCH OR MORE: 4
MIN 32 OR BELOW: 21 0.50 INCH OR MORE: 2
MIN 0 OR BELOW: 0 1.00 INCH OR MORE: 0
[HDD (BASE 65) ]
TOTAL THIS MO. 816 CLEAR (SCALE 0-3) 19
DPTR FM NORMAL -77 PTCLDY (SCALE 4-7) 5
TOTAL FM JUL 1 3393 CLOUDY (SCALE 8-10) 5
DPTR FM NORMAL -367
[CDD (BASE 65) ]
TOTAL THIS MO. 0
DPTR FM NORMAL 0 [PRESSURE DATA]
TOTAL FM JAN 1 0 HIGHEST SLP M ON M
DPTR FM NORMAL 0 LOWEST SLP 29.43 ON 24
[REMARKS]
#FINAL-02-24#