000
CXUS55 KBOU 010900
CF6BDU
PRELIMINARY LOCAL CLIMATOLOGICAL DATA (WS FORM: F-6)
STATION: BOULDER AIRPORT
MONTH: JULY
YEAR: 2022
LATITUDE: 40 2 N
LONGITUDE: 105 14 W
TEMPERATURE IN F: :PCPN: SNOW: WIND :SUNSHINE: SKY :PK WND
================================================================================
1 2 3 4 5 6A 6B 7 8 9 10 11 12 13 14 15 16 17 18
12Z AVG MX 2MIN
DY MAX MIN AVG DEP HDD CDD WTR SNW DPTH SPD SPD DIR MIN PSBL S-S WX SPD DR
================================================================================
1 86 55 71 M 0 6 M M M 3.4 17 10 M M 2 31 250
2 88 55 72 M 0 7 M M M 3.4 9 200 M M 2 20 0
3 91 63 77 M 0 12 M M M 4.5 13 250 M M 1 29 210
4 91 61 76 M 0 11 M M M 6.1 26 270 M M 2 45 270
5 86 64 75 M 0 10 M M M 5.1 16 260 M M 4 26 240
6 86 61 74 M 0 9 M M M 5.1 13 250 M M 6 21 40
7 90 57 74 M 0 9 M M M 1.8 12 290 M M 1 22 290
8 95 59 77 M 0 12 M M M 3.1 9 250 M M 0 13 250
9 100 61 81 M 0 16 M M M 3.1 7 230 M M 0 20 130
10 99 68 84 M 0 19 M M M 5.2 18 240 M M 1 3 33 240
11 79 61 70 M 0 5 M M M 3.0 13 50 M M 3 21 0
12 93 59 76 M 0 11 M M M 3.3 12 360 M M 0 3 32 70
13 99 61 80 M 0 15 M M M 5.3 22 150 M M 0 38 150
14 97 72 85 M 0 20 M M M 7.0 16 360 M M 2 38 280
15 90 68 79 M 0 14 M M M 3.5 12 260 M M 2 20 260
16 91 64 78 M 0 13 M M M 5.7 16 10 M M 2 3 22 60
17 97 64 81 M 0 16 M M M 3.3 9 360 M M 0 M M
18 100 68 84 M 0 19 M M M 4.9 16 160 M M 1 43 310
19 99 75 87 M 0 22 M M M 6.9 14 260 M M 1 24 260
20 93 68 81 M 0 16 M M M 3.7 9 230 M M 2 22 250
21 95 61 78 M 0 13 M M M 4.8 10 240 M M 0 17 360
22 97 70 84 M 0 19 M M M 5.7 13 240 M M 0 35 330
23 97 63 80 M 0 15 M M M 4.0 13 50 M M 2 3 37 60
24 75 61 68 M 0 3 M M M 3.9 9 110 M M 4 8 M M
25 91 61 76 M 0 11 M M M 3.6 9 150 M M 1 17 150
26 86 63 75 M 0 10 M M M 3.6 10 60 M M 2 35 30
27 86 61 74 M 0 9 M M M 5.7 18 310 M M 1 3 27 310
28 73 61 67 M 0 2 M M M 5.4 10 110 M M 5 3 M M
29 81 61 71 M 0 6 M M M 3.1 9 130 M M 1 M M
30 91 57 74 M 0 9 M M M 3.6 13 320 M M 1 41 320
31 91 64 78 M 0 13 M M M 4.6 16 250 M M 1 25 250
================================================================================
SM 2813 1947 0 372 M M 135.8 M 50
================================================================================
AV 90.7 62.8 4.4 FASTST M M 2 MAX(MPH)
MISC ----> 26 270 45 270
================================================================================
NOTES:
# LAST OF SEVERAL OCCURRENCES
COLUMN 17 PEAK WIND IN M.P.H.
PRELIMINARY LOCAL CLIMATOLOGICAL DATA (WS FORM: F-6) , PAGE 2
STATION: BOULDER AIRPORT
MONTH: JULY
YEAR: 2022
LATITUDE: 40 2 N
LONGITUDE: 105 14 W
[TEMPERATURE DATA] [PRECIPITATION DATA] SYMBOLS USED IN COLUMN 16
AVERAGE MONTHLY: 76.8 TOTAL FOR MONTH: M 1 = FOG OR MIST
DPTR FM NORMAL: 0.0 DPTR FM NORMAL: M 2 = FOG REDUCING VISIBILITY
HIGHEST: 100 ON 9,18 GRTST 24HR M ON M TO 1/4 MILE OR LESS
LOWEST: 55 ON 1, 2 3 = THUNDER
SNOW, ICE PELLETS, HAIL 4 = ICE PELLETS
TOTAL MONTH: M 5 = HAIL
GRTST 24HR M ON M 6 = FREEZING RAIN OR DRIZZLE
GRTST DEPTH: M ON M 7 = DUSTSTORM OR SANDSTORM:
VSBY 1/2 MILE OR LESS
8 = SMOKE OR HAZE
[NO. OF DAYS WITH] [WEATHER - DAYS WITH] 9 = BLOWING SNOW
X = TORNADO
MAX 32 OR BELOW: 0 0.01 INCH OR MORE: 0
MAX 90 OR ABOVE: 21 0.10 INCH OR MORE: 0
MIN 32 OR BELOW: 0 0.50 INCH OR MORE: 0
MIN 0 OR BELOW: 0 1.00 INCH OR MORE: 0
[HDD (BASE 65) ]
TOTAL THIS MO. 0 CLEAR (SCALE 0-3) 27
DPTR FM NORMAL M PTCLDY (SCALE 4-7) 4
TOTAL FM JUL 1 0 CLOUDY (SCALE 8-10) 0
DPTR FM NORMAL M
[CDD (BASE 65) ]
TOTAL THIS MO. 372
DPTR FM NORMAL M [PRESSURE DATA]
TOTAL FM JAN 1 590 HIGHEST SLP M ON M
DPTR FM NORMAL M LOWEST SLP M ON M
[REMARKS]
#FINAL-07-22#