000
CXUS53 KIWX 010908
CF6BEH
PRELIMINARY LOCAL CLIMATOLOGICAL DATA (WS FORM: F-6)
STATION: BENTON HARBOR
MONTH: SEPTEMBER
YEAR: 2020
LATITUDE: 42 7 N
LONGITUDE: 86 26 W
TEMPERATURE IN F: :PCPN: SNOW: WIND :SUNSHINE: SKY :PK WND
================================================================================
1 2 3 4 5 6A 6B 7 8 9 10 11 12 13 14 15 16 17 18
12Z AVG MX 2MIN
DY MAX MIN AVG DEP HDD CDD WTR SNW DPTH SPD SPD DIR MIN PSBL S-S WX SPD DR
================================================================================
1 77 66 72 3 0 7 0.29 0.0 0 3.5 13 120 M M 8 13 18 360
2 79 62 71 2 0 6 0.01 0.0 0 7.2 17 290 M M 3 1 23 290
3 87 61 74 6 0 9 0.00 0.0 0 10.5 26 250 M M 1 1 43 250
4 73 55 64 -4 1 0 0.00 0.0 0 7.6 21 280 M M 2 8 30 260
5 80 53 67 -1 0 2 0.00 0.0 0 6.2 25 260 M M 3 1 34 270
6 79 50 65 -3 0 0 T 0.0 0 9.6 23 180 M M 3 1 38 180
7 78 62 70 3 0 5 0.01 0.0 0 9.5 28 240 M M 6 40 230
8 65 57 61 -6 4 0 0.77 0.0 0 9.2 20 130 M M 10 13 27 120
9 66 56 61 -6 4 0 0.24 0.0 0 4.4 12 90 M M 9 13 18 90
10 68 57 63 -3 2 0 0.00 0.0 0 5.7 13 90 M M 10 1 19 80
11 72 57 65 -1 0 0 T 0.0 0 8.5 15 120 M M 7 23 130
12 71 61 66 0 0 1 0.27 0.0 0 8.0 17 280 M M 7 1 23 290
13 70 53 62 -3 3 0 0.00 0.0 0 7.0 15 290 M M 6 1 21 310
14 73 49 61 -4 4 0 0.00 0.0 0 2.7 9 130 M M 0 1 14 120
15 76 54 65 1 0 0 0.00 0.0 0 7.4 14 180 M M 0 21 160
16 78 53 66 2 0 1 0.00 0.0 0 6.6 15 250 M M 3 21 250
17 70 52 61 -3 4 0 0.00 0.0 0 6.7 14 70 M M 2 22 90
18 61 38 50 -13 15 0 0.00 0.0 0 5.1 14 80 M M 0 22 30
19 65 34 50 -13 15 0 0.00 0.0 0 3.4 13 110 M M 0 17 130
20 73 40 57 -5 8 0 0.00 0.0 0 7.1 16 140 M M 0 24 140
21 75 47 61 -1 4 0 0.00 0.0 0 6.2 13 160 M M 0 17 130
22 75 49 62 0 3 0 0.00 0.0 0 3.4 12 270 M M 0 1 15 300
23 76 49 63 2 2 0 0.00 0.0 0 3.2 12 270 M M 0 128 16 260
24 77 50 64 3 1 0 0.00 0.0 0 3.4 14 260 M M 0 1 20 250
25 81 50 66 6 0 1 0.00 0.0 0 3.4 12 140 M M 0 18 16 140
26 82 60 71 11 0 6 0.00 0.0 0 10.5 20 200 M M 0 30 190
27 77 62 70 10 0 5 0.00 0.0 0 9.6 20 280 M M 3 27 300
28 62 54 58 -1 7 0 0.47 M M 8.1 20 260 M M 10 1 26 270
29 62 51 57 -2 8 0 0.05 0.0 0 11.3 16 270 M M 7 21 300
30 66 50 58 0 7 0 0.11 0.0 0 13.9 37 260 M M 8 3 49 260
================================================================================
SM 2194 1592 92 43 2.22 0.0 208.9 M 108
================================================================================
AV 73.1 53.1 7.0 FASTST M M 4 MAX(MPH)
MISC ----> # 37 260 # 49 260
================================================================================
NOTES:
# LAST OF SEVERAL OCCURRENCES
COLUMN 17 PEAK WIND IN M.P.H.
PRELIMINARY LOCAL CLIMATOLOGICAL DATA (WS FORM: F-6) , PAGE 2
STATION: BENTON HARBOR
MONTH: SEPTEMBER
YEAR: 2020
LATITUDE: 42 7 N
LONGITUDE: 86 26 W
[TEMPERATURE DATA] [PRECIPITATION DATA] SYMBOLS USED IN COLUMN 16
AVERAGE MONTHLY: 63.1 TOTAL FOR MONTH: 2.22 1 = FOG OR MIST
DPTR FM NORMAL: -1.0 DPTR FM NORMAL: -1.73 2 = FOG REDUCING VISIBILITY
HIGHEST: 87 ON 3 GRTST 24HR 0.77 ON 8- 8 TO 1/4 MILE OR LESS
LOWEST: 34 ON 19 3 = THUNDER
SNOW, ICE PELLETS, HAIL 4 = ICE PELLETS
TOTAL MONTH: 0.0 INCH 5 = HAIL
GRTST 24HR 0.0 6 = FREEZING RAIN OR DRIZZLE
GRTST DEPTH: 0 7 = DUSTSTORM OR SANDSTORM:
VSBY 1/2 MILE OR LESS
8 = SMOKE OR HAZE
[NO. OF DAYS WITH] [WEATHER - DAYS WITH] 9 = BLOWING SNOW
X = TORNADO
MAX 32 OR BELOW: 0 0.01 INCH OR MORE: 9
MAX 90 OR ABOVE: 0 0.10 INCH OR MORE: 6
MIN 32 OR BELOW: 0 0.50 INCH OR MORE: 1
MIN 0 OR BELOW: 0 1.00 INCH OR MORE: 0
[HDD (BASE 65) ]
TOTAL THIS MO. 92 CLEAR (SCALE 0-3) 19
DPTR FM NORMAL -25 PTCLDY (SCALE 4-7) 7
TOTAL FM JUL 1 100 CLOUDY (SCALE 8-10) 4
DPTR FM NORMAL -49
[CDD (BASE 65) ]
TOTAL THIS MO. 43
DPTR FM NORMAL -46 [PRESSURE DATA]
TOTAL FM JAN 1 799 HIGHEST SLP 30.48 ON 20
DPTR FM NORMAL 38 LOWEST SLP 29.53 ON 30
[REMARKS]
#FINAL-09-20#