000
CXAK56 PAFC 011010
CF6BET
PRELIMINARY LOCAL CLIMATOLOGICAL DATA (WS FORM: F-6)
STATION: BETHEL
MONTH: MARCH
YEAR: 2024
LATITUDE: 60 46 N
LONGITUDE: 161 48 W
TEMPERATURE IN F: :PCPN: SNOW: WIND :SUNSHINE: SKY :PK WND
================================================================================
1 2 3 4 5 6A 6B 7 8 9 10 11 12 13 14 15 16 17 18
12Z AVG MX 2MIN
DY MAX MIN AVG DEP HDD CDD WTR SNW DPTH SPD SPD DIR MIN PSBL S-S WX SPD DR
================================================================================
1 -7 -21 -14 -28 79 0 0.00 M M 14.3 24 30 M M 0 18 28 30
2 17 -9 4 -10 61 0 0.05 M M 15.1 28 40 M M 2 18 35 40
3 31 17 24 10 41 0 0.33 M M 21.0 31 170 M M 10 1 39 160
4 31 22 27 13 38 0 0.07 M M 15.9 31 160 M M 8 1 37 160
5 31 20 26 13 39 0 0.03 M M 10.7 20 170 M M 9 1 23 170
6 28 21 25 12 40 0 0.05 M M 10.8 17 180 M M 10 1 21 170
7 23 10 17 4 48 0 0.01 M M 8.8 16 330 M M 10 1 21 340
8 16 0 8 -5 57 0 T M M 11.5 20 20 M M 10 1 24 10
9 2 -13 -5 -18 70 0 0.00 M M 11.2 14 340 M M 1 20 340
10 0 -18 -9 -22 74 0 0.00 M M 14.9 21 320 M M 0 28 320
11 -4 -20 -12 -25 77 0 0.00 M M 13.0 18 320 M M 0 25 320
12 -1 -18 -9 -22 74 0 0.00 M M 14.1 18 340 M M 0 24 340
13 7 -17 -5 -18 70 0 T M M 13.6 21 360 M M 6 18 25 10
14 7 -13 -3 -16 68 0 0.00 M M 12.4 18 360 M M 4 21 10
15 5 -15 -5 -18 70 0 0.00 M M 18.1 25 20 M M 0 8 32 20
16 5 -5 0 -13 65 0 0.00 M M 20.2 29 20 M M 0 8 36 20
17 4 -15 -5 -19 70 0 0.00 M M 6.4 12 340 M M 0 16 10
18 31 -6 13 -1 52 0 T M M 9.9 21 110 M M 9 29 110
19 37 30 34 20 31 0 0.00 M M 19.4 39 130 M M 4 51 130
20 36 31 34 20 31 0 0.04 M M 22.0 32 160 M M 10 1 43 160
21 39 35 37 23 28 0 0.03 M M 20.1 33 160 M M 10 44 160
22 36 23 30 15 35 0 0.10 M M 16.1 30 210 M M 10 16 37 230
23 37 22 30 15 35 0 T M M 16.4 25 40 M M 9 31 40
24 42 33 38 23 27 0 0.14 M M 4.6 14 90 M M 10 1 19 80
25 34 13 24 8 41 0 0.06 M M 13.2 20 290 M M 10 1 26 300
26 15 3 9 -7 56 0 0.11 M M 8.7 15 310 M M 10 1 20 300
27 27 -1 13 -4 52 0 0.00 M M 6.7 12 120 M M 3 1 14 100
28 32 9 21 4 44 0 0.00 M M 6.6 13 80 M M 2 18 80
29 37 27 32 14 33 0 0.01 M M 17.0 28 180 M M 10 168 36 190
30 30 25 28 10 37 0 0.16 M M 16.6 36 180 M M 10 1 44 180
31 27 1 14 -5 51 0 0.06 M M 20.3 28 310 M M 10 12 37 300
================================================================================
SM 655 171 1594 0 1.25 M 429.6 M 187
================================================================================
AV 21.1 5.5 13.9 FASTST M M 6 MAX(MPH)
MISC ----> 39 130 51 130
================================================================================
NOTES:
# LAST OF SEVERAL OCCURRENCES
COLUMN 17 PEAK WIND IN M.P.H.
PRELIMINARY LOCAL CLIMATOLOGICAL DATA (WS FORM: F-6) , PAGE 2
STATION: BETHEL
MONTH: MARCH
YEAR: 2024
LATITUDE: 60 46 N
LONGITUDE: 161 48 W
[TEMPERATURE DATA] [PRECIPITATION DATA] SYMBOLS USED IN COLUMN 16
AVERAGE MONTHLY: 13.3 TOTAL FOR MONTH: 1.25 1 = FOG OR MIST
DPTR FM NORMAL: -1.2 DPTR FM NORMAL: 0.51 2 = FOG REDUCING VISIBILITY
HIGHEST: 42 ON 24 GRTST 24HR 0.35 ON 2- 3 TO 1/4 MILE OR LESS
LOWEST: -21 ON 1 3 = THUNDER
SNOW, ICE PELLETS, HAIL 4 = ICE PELLETS
TOTAL MONTH: M 5 = HAIL
GRTST 24HR M ON M 6 = FREEZING RAIN OR DRIZZLE
GRTST DEPTH: M ON M 7 = DUSTSTORM OR SANDSTORM:
VSBY 1/2 MILE OR LESS
8 = SMOKE OR HAZE
[NO. OF DAYS WITH] [WEATHER - DAYS WITH] 9 = BLOWING SNOW
X = TORNADO
MAX 32 OR BELOW: 23 0.01 INCH OR MORE: 15
MAX 90 OR ABOVE: 0 0.10 INCH OR MORE: 5
MIN 32 OR BELOW: 29 0.50 INCH OR MORE: 0
MIN 0 OR BELOW: 14 1.00 INCH OR MORE: 0
[HDD (BASE 65) ]
TOTAL THIS MO. 1594 CLEAR (SCALE 0-3) 10
DPTR FM NORMAL 29 PTCLDY (SCALE 4-7) 5
TOTAL FM JUL 1 9886 CLOUDY (SCALE 8-10) 16
DPTR FM NORMAL -231
[CDD (BASE 65) ]
TOTAL THIS MO. 0
DPTR FM NORMAL 0 [PRESSURE DATA]
TOTAL FM JAN 1 0 HIGHEST SLP M ON M
DPTR FM NORMAL 0 LOWEST SLP 29.02 ON 30
[REMARKS]
#FINAL-03-24#