000
CXAK56 PAFC 050327
CF6BET
PRELIMINARY LOCAL CLIMATOLOGICAL DATA (WS FORM: F-6)
STATION: BETHEL
MONTH: APRIL
YEAR: 2020
LATITUDE: 60 46 N
LONGITUDE: 161 48 W
TEMPERATURE IN F: :PCPN: SNOW: WIND :SUNSHINE: SKY :PK WND
================================================================================
1 2 3 4 5 6A 6B 7 8 9 10 11 12 13 14 15 16 17 18
12Z AVG MX 2MIN
DY MAX MIN AVG DEP HDD CDD WTR SNW DPTH SPD SPD DIR MIN PSBL S-S WX SPD DR
================================================================================
1 33 17 25 6 40 0 0.05 M M 6.8 15 290 M M 7 12 17 290
2 29 16 23 3 42 0 0.02 M M 9.9 23 170 M M 10 128 27 170
3 34 29 32 12 33 0 0.38 M M 22.1 33 180 M M 10 126 42 190
4 34 29 32 12 33 0 0.08 M M 29.5 43 220 M M 9 18 55 210
5 29 19 24 3 41 0 T M M 24.2 39 250 M M 7 18 47 250
6 26 19 23 1 42 0 T M M 10.7 23 250 M M 8 1 28 260
7 27 7 17 -5 48 0 0.02 M M 9.3 18 300 M M 9 1 23 300
8 25 -2 12 -11 53 0 0.00 M M 6.4 14 180 M M 4 16 290
9 34 25 30 7 35 0 0.09 M M 20.4 30 180 M M 10 1 35 190
10 39 29 34 10 31 0 T M M 8.8 18 180 M M 4 1 22 190
11 36 25 31 7 34 0 T M M 8.4 16 110 M M 8 1 19 100
12 37 30 34 9 31 0 0.11 M M 9.8 20 240 M M 10 1 23 230
13 36 27 32 7 33 0 T M M 9.3 17 20 M M 8 1 23 240
14 42 34 38 12 27 0 0.14 M M 7.1 18 190 M M 10 22 200
15 40 32 36 10 29 0 0.37 M M 9.6 17 200 M M 10 12 21 200
16 47 33 40 13 25 0 0.23 M M 6.7 13 160 M M 9 12 14 160
17 47 38 43 15 22 0 0.23 M M 10.0 18 150 M M 10 1 23 140
18 47 38 43 15 22 0 0.08 M M 6.5 14 190 M M 10 12 17 150
19 41 35 38 9 27 0 0.25 M M 6.0 14 210 M M 9 12 16 210
20 44 34 39 10 26 0 T M M 7.0 14 350 M M 10 12 16 330
21 44 30 37 7 28 0 0.00 M M 10.8 18 360 M M 9 22 360
22 44 26 35 4 30 0 0.00 M M 11.2 18 360 M M 0 8 21 360
23 51 26 39 8 26 0 0.00 M M 10.0 21 10 M M 2 26 10
24 54 31 43 11 22 0 0.00 M M 11.9 21 60 M M 6 26 60
25 47 31 39 7 26 0 0.00 M M 13.0 22 10 M M 5 27 10
26 46 24 35 2 30 0 0.00 M M 10.5 17 360 M M 0 21 10
27 48 23 36 3 29 0 0.00 M M 10.9 17 300 M M 0 22 360
28 43 22 33 -1 32 0 0.00 M M 11.2 15 310 M M 0 19 320
29 47 21 34 0 31 0 0.00 M M 9.3 14 10 M M 0 17 10
30 47 24 36 1 29 0 0.00 0.0 0 9.6 18 20 M M 0 29 30
================================================================================
SM 1198 772 957 0 2.05 0.0 336.9 M 194
================================================================================
AV 39.9 25.7 11.2 FASTST M M 6 MAX(MPH)
MISC ----> 43 220 55 210
================================================================================
NOTES:
# LAST OF SEVERAL OCCURRENCES
COLUMN 17 PEAK WIND IN M.P.H.
PRELIMINARY LOCAL CLIMATOLOGICAL DATA (WS FORM: F-6) , PAGE 2
STATION: BETHEL
MONTH: APRIL
YEAR: 2020
LATITUDE: 60 46 N
LONGITUDE: 161 48 W
[TEMPERATURE DATA] [PRECIPITATION DATA] SYMBOLS USED IN COLUMN 16
AVERAGE MONTHLY: 32.8 TOTAL FOR MONTH: 2.05 1 = FOG OR MIST
DPTR FM NORMAL: 5.9 DPTR FM NORMAL: 1.31 2 = FOG REDUCING VISIBILITY
HIGHEST: 54 ON 24 GRTST 24HR 0.49 ON 14-15 TO 1/4 MILE OR LESS
LOWEST: -2 ON 8 3 = THUNDER
SNOW, ICE PELLETS, HAIL 4 = ICE PELLETS
TOTAL MONTH: 0.0 INCH 5 = HAIL
GRTST 24HR 0.0 6 = FREEZING RAIN OR DRIZZLE
GRTST DEPTH: 0 7 = DUSTSTORM OR SANDSTORM:
VSBY 1/2 MILE OR LESS
8 = SMOKE OR HAZE
[NO. OF DAYS WITH] [WEATHER - DAYS WITH] 9 = BLOWING SNOW
X = TORNADO
MAX 32 OR BELOW: 5 0.01 INCH OR MORE: 13
MAX 90 OR ABOVE: 0 0.10 INCH OR MORE: 7
MIN 32 OR BELOW: 24 0.50 INCH OR MORE: 0
MIN 0 OR BELOW: 1 1.00 INCH OR MORE: 0
[HDD (BASE 65) ]
TOTAL THIS MO. 957 CLEAR (SCALE 0-3) 7
DPTR FM NORMAL -186 PTCLDY (SCALE 4-7) 9
TOTAL FM JUL 1 11270 CLOUDY (SCALE 8-10) 14
DPTR FM NORMAL -154
[CDD (BASE 65) ]
TOTAL THIS MO. 0
DPTR FM NORMAL 0 [PRESSURE DATA]
TOTAL FM JAN 1 0 HIGHEST SLP M ON M
DPTR FM NORMAL 0 LOWEST SLP 29.46 ON 26
[REMARKS]
#FINAL-04-20#