000
CXAK56 PAFC 011204
CF6BET
PRELIMINARY LOCAL CLIMATOLOGICAL DATA (WS FORM: F-6)
STATION: BETHEL
MONTH: NOVEMBER
YEAR: 2023
LATITUDE: 60 46 N
LONGITUDE: 161 48 W
TEMPERATURE IN F: :PCPN: SNOW: WIND :SUNSHINE: SKY :PK WND
================================================================================
1 2 3 4 5 6A 6B 7 8 9 10 11 12 13 14 15 16 17 18
12Z AVG MX 2MIN
DY MAX MIN AVG DEP HDD CDD WTR SNW DPTH SPD SPD DIR MIN PSBL S-S WX SPD DR
================================================================================
1 38 32 35 11 30 0 0.00 M M 13.6 21 30 M M 5 12 29 40
2 34 27 31 7 34 0 T M M 17.5 24 20 M M 7 32 20
3 27 22 25 2 40 0 0.00 M M 20.1 25 10 M M 9 34 20
4 25 19 22 -1 43 0 T M M 15.7 21 310 M M 10 1 30 310
5 22 14 18 -4 47 0 T M M 7.6 15 300 M M 7 20 300
6 29 17 23 1 42 0 0.03 M M 7.1 14 90 M M 10 1 19 60
7 30 13 22 0 43 0 T M M 12.4 21 20 M M 6 1 27 20
8 22 10 16 -5 49 0 T M M 7.2 17 360 M M 6 22 360
9 27 20 24 3 41 0 0.08 M M 11.4 16 240 M M 10 1 21 270
10 29 22 26 6 39 0 0.13 M M 11.4 16 240 M M 10 1 21 260
11 30 20 25 5 40 0 0.01 M M 6.2 15 290 M M 10 12 20 280
12 38 23 31 11 34 0 0.46 M M 18.8 35 170 M M 10 1 51 170
13 34 31 33 14 32 0 0.01 M M 16.9 25 210 M M 5 1 34 230
14 35 21 28 9 37 0 0.36 M M 12.5 32 180 M M 9 12 42 190
15 36 32 34 16 31 0 0.17 M M 19.6 31 180 M M 10 1 44 170
16 32 17 25 7 40 0 T M M 19.4 33 300 M M 5 1 48 310
17 19 12 16 -2 49 0 0.00 M M 9.4 16 280 M M 4 23 280
18 26 15 21 4 44 0 T M M 10.1 16 180 M M 9 1 22 170
19 31 17 24 7 41 0 T M M 11.6 18 180 M M 10 1 26 190
20 28 13 21 4 44 0 0.00 M M 7.5 20 20 M M 4 1 25 30
21 18 10 14 -2 51 0 0.01 M M 6.8 21 20 M M 10 12 27 20
22 35 13 24 8 41 0 0.05 M M 9.2 15 30 M M 6 1 20 40
23 41 32 37 21 28 0 0.02 M M 7.4 15 80 M M 6 22 80
24 41 34 38 22 27 0 0.01 M M 9.1 18 70 M M 9 26 70
25 40 32 36 21 29 0 0.03 M M 7.7 12 110 M M 8 16 90
26 37 30 34 19 31 0 0.10 M M 10.3 17 180 M M 5 1 24 180
27 32 27 30 15 35 0 0.02 M M 13.8 21 180 M M 7 1 29 170
28 29 14 22 8 43 0 0.00 M M 6.9 14 160 M M 4 12 19 160
29 25 9 17 3 48 0 0.00 M M 5.1 10 360 M M 5 12 12 10
30 20 8 14 0 51 0 0.00 M M 9.7 17 10 M M 6 1 21 360
================================================================================
SM 910 606 1184 0 1.49 M 342.0 M 222
================================================================================
AV 30.3 20.2 11.4 FASTST M M 7 MAX(MPH)
MISC ----> 35 170 51 170
================================================================================
NOTES:
# LAST OF SEVERAL OCCURRENCES
COLUMN 17 PEAK WIND IN M.P.H.
PRELIMINARY LOCAL CLIMATOLOGICAL DATA (WS FORM: F-6) , PAGE 2
STATION: BETHEL
MONTH: NOVEMBER
YEAR: 2023
LATITUDE: 60 46 N
LONGITUDE: 161 48 W
[TEMPERATURE DATA] [PRECIPITATION DATA] SYMBOLS USED IN COLUMN 16
AVERAGE MONTHLY: 25.3 TOTAL FOR MONTH: 1.49 1 = FOG OR MIST
DPTR FM NORMAL: 6.8 DPTR FM NORMAL: -0.31 2 = FOG REDUCING VISIBILITY
HIGHEST: 41 ON 24,23 GRTST 24HR 0.46 ON 12-12 TO 1/4 MILE OR LESS
LOWEST: 8 ON 30 3 = THUNDER
SNOW, ICE PELLETS, HAIL 4 = ICE PELLETS
TOTAL MONTH: M 5 = HAIL
GRTST 24HR M ON M 6 = FREEZING RAIN OR DRIZZLE
GRTST DEPTH: M ON M 7 = DUSTSTORM OR SANDSTORM:
VSBY 1/2 MILE OR LESS
8 = SMOKE OR HAZE
[NO. OF DAYS WITH] [WEATHER - DAYS WITH] 9 = BLOWING SNOW
X = TORNADO
MAX 32 OR BELOW: 19 0.01 INCH OR MORE: 15
MAX 90 OR ABOVE: 0 0.10 INCH OR MORE: 5
MIN 32 OR BELOW: 29 0.50 INCH OR MORE: 0
MIN 0 OR BELOW: 0 1.00 INCH OR MORE: 0
[HDD (BASE 65) ]
TOTAL THIS MO. 1184 CLEAR (SCALE 0-3) 0
DPTR FM NORMAL -209 PTCLDY (SCALE 4-7) 17
TOTAL FM JUL 1 3384 CLOUDY (SCALE 8-10) 13
DPTR FM NORMAL -215
[CDD (BASE 65) ]
TOTAL THIS MO. 0
DPTR FM NORMAL 0 [PRESSURE DATA]
TOTAL FM JAN 1 0 HIGHEST SLP 30.19 ON 19
DPTR FM NORMAL -6 LOWEST SLP 28.70 ON 15
[REMARKS]
#FINAL-11-23#