000
CXUS54 KAMA 012129
CF6BGD
PRELIMINARY LOCAL CLIMATOLOGICAL DATA (WS FORM: F-6)
STATION: BORGER
MONTH: OCTOBER
YEAR: 2021
LATITUDE: 35 42 N
LONGITUDE: 101 24 W
TEMPERATURE IN F: :PCPN: SNOW: WIND :SUNSHINE: SKY :PK WND
================================================================================
1 2 3 4 5 6A 6B 7 8 9 10 11 12 13 14 15 16 17 18
12Z AVG MX 2MIN
DY MAX MIN AVG DEP HDD CDD WTR SNW DPTH SPD SPD DIR MIN PSBL S-S WX SPD DR
================================================================================
1 66 59 63 -5 2 0 0.45 M M 2.9 15 50 M M 7 1 21 60
2 76 55 66 -1 0 1 0.00 M M 5.5 15 350 M M 5 12 20 360
3 85 52 69 2 0 4 0.00 M M 7.5 15 250 M M 0 21 290
4 89 56 73 7 0 8 0.00 M M 4.6 14 20 M M 1 20 10
5 82 53 68 2 0 3 0.00 M M 5.9 14 90 M M 0 26 110
6 83 55 69 4 0 4 0.00 M M 9.7 20 160 M M 0 31 160
7 91 58 75 10 0 10 0.00 M M 7.4 21 170 M M 0 31 180
8 95 60 78 13 0 13 0.00 M M 8.6 17 190 M M 0 27 200
9 98 68 83 19 0 18 0.00 M M 12.3 25 220 M M 0 42 230
10 72 52 62 -2 3 0 0.25 M M 11.6 30 60 M M 6 13 47 60
11 80 49 65 2 0 0 0.00 M M 10.9 23 150 M M 0 39 150
12 87 60 74 11 0 9 0.15 M M 19.1 30 230 M M 3 3 52 220
13 77 48 63 1 2 0 0.00 M M 10.2 17 240 M M 0 25 260
14 72 44 58 -4 7 0 0.00 M M 8.0 16 350 M M 0 22 300
15 64 43 54 -8 11 0 0.00 M M 9.2 21 360 M M 1 29 350
16 73 37 55 -6 10 0 0.00 M M 6.9 16 250 M M 0 25 240
17 76 47 62 1 3 0 0.00 M M 11.1 21 190 M M 0 36 200
18 80 52 66 6 0 1 0.00 M M 14.1 26 160 M M 0 41 170
19 88 57 73 13 0 8 0.00 M M 12.4 25 230 M M 0 40 220
20 73 44 59 -1 6 0 0.00 M M 6.6 20 360 M M 0 27 350
21 78 43 61 2 4 0 0.00 M M 5.8 16 140 M M 2 23 180
22 84 51 68 9 0 3 0.00 M M 9.8 20 190 M M 1 29 190
23 92 63 78 20 0 13 0.00 M M 14.6 29 230 M M 0 41 230
24 79 54 67 9 0 2 0.00 M M 8.6 17 210 M M 0 28 220
25 84 46 65 7 0 0 0.00 M M 12.2 24 170 M M 0 35 180
26 92 59 76 19 0 11 0.00 M M 14.6 30 220 M M 0 46 210
27 66 49 58 1 7 0 0.00 M M 17.5 37 340 M M 1 53 330
28 67 48 58 2 7 0 0.00 M M 15.2 35 340 M M 0 50 340
29 72 42 57 1 8 0 0.00 M M 7.3 17 10 M M 0 26 10
30 83 43 63 7 2 0 0.00 M M 5.2 13 30 M M 0 19 330
31 62 43 53 -2 12 0 0.00 M M 11.8 18 30 M M 1 27 50
================================================================================
SM 2466 1590 84 108 0.85 M 307.1 M 28
================================================================================
AV 79.5 51.3 9.9 FASTST M M 1 MAX(MPH)
MISC ----> 37 340 53 330
================================================================================
NOTES:
# LAST OF SEVERAL OCCURRENCES
COLUMN 17 PEAK WIND IN M.P.H.
PRELIMINARY LOCAL CLIMATOLOGICAL DATA (WS FORM: F-6) , PAGE 2
STATION: BORGER
MONTH: OCTOBER
YEAR: 2021
LATITUDE: 35 42 N
LONGITUDE: 101 24 W
[TEMPERATURE DATA] [PRECIPITATION DATA] SYMBOLS USED IN COLUMN 16
AVERAGE MONTHLY: 65.4 TOTAL FOR MONTH: 0.85 1 = FOG OR MIST
DPTR FM NORMAL: 4.1 DPTR FM NORMAL: -0.80 2 = FOG REDUCING VISIBILITY
HIGHEST: 98 ON 9 GRTST 24HR 0.45 ON 1- 1 TO 1/4 MILE OR LESS
LOWEST: 37 ON 16 3 = THUNDER
SNOW, ICE PELLETS, HAIL 4 = ICE PELLETS
TOTAL MONTH: M 5 = HAIL
GRTST 24HR M ON M 6 = FREEZING RAIN OR DRIZZLE
GRTST DEPTH: M ON M 7 = DUSTSTORM OR SANDSTORM:
VSBY 1/2 MILE OR LESS
8 = SMOKE OR HAZE
[NO. OF DAYS WITH] [WEATHER - DAYS WITH] 9 = BLOWING SNOW
X = TORNADO
MAX 32 OR BELOW: 0 0.01 INCH OR MORE: 3
MAX 90 OR ABOVE: 5 0.10 INCH OR MORE: 3
MIN 32 OR BELOW: 0 0.50 INCH OR MORE: 0
MIN 0 OR BELOW: 0 1.00 INCH OR MORE: 0
[HDD (BASE 65) ]
TOTAL THIS MO. 84 CLEAR (SCALE 0-3) 28
DPTR FM NORMAL -95 PTCLDY (SCALE 4-7) 3
TOTAL FM JUL 1 85 CLOUDY (SCALE 8-10) 0
DPTR FM NORMAL -116
[CDD (BASE 65) ]
TOTAL THIS MO. 108
DPTR FM NORMAL 42 [PRESSURE DATA]
TOTAL FM JAN 1 2366 HIGHEST SLP 30.42 ON 16
DPTR FM NORMAL 323 LOWEST SLP 29.33 ON 26
[REMARKS]
#FINAL-10-21#