000
CXUS54 KAMA 011641
CLMBGD
CLIMATE REPORT
NATIONAL WEATHER SERVICE AMARILLO
1041 AM CST FRI MAR 01 2024
...................................
...THE BORGER CLIMATE SUMMARY FOR THE MONTH OF FEBRUARY 2024...
CLIMATE NORMAL PERIOD: 1991 TO 2020
CLIMATE RECORD PERIOD: 1949 TO 2024
WEATHER OBSERVED NORMAL DEPART LAST YEAR`S
VALUE DATE(S) VALUE FROM VALUE DATE(S)
NORMAL
................................................................
TEMPERATURE (F)
HIGHEST 85 02/21 80 02/26
02/26
LOWEST 24 02/18 13 02/16
02/23
AVG. MAXIMUM 62.6 56.1 6.5 60.9
AVG. MINIMUM 36.9 30.1 6.8 29.8
MEAN 49.7 43.1 6.6 45.3
DAYS MAX >= 90 0 0.0 0.0 0
DAYS MAX <= 32 0 1.6 -1.6 1
DAYS MIN <= 32 9 17.6 -8.6 17
DAYS MIN <= 0 0 0.2 -0.2 0
PRECIPITATION (INCHES)
TOTALS 0.41 0.52 -0.11 0.21
DAILY AVG. 0.01 NAN NAN 0.01
DAYS >= .01 6 3.9 2.1 2
DAYS >= .10 2 1.5 0.5 1
DAYS >= .50 0 0.3 -0.3 0
DAYS >= 1.00 0 0.0 0.0 0
GREATEST
24 HR. TOTAL 0.12 02/07 TO 02/07
SNOWFALL (INCHES)
TOTALS MM MM MM MM
SINCE 7/1 MM MM MM MM
DAYS >= TRACE 0 MM MM MM
DAYS >= 1.0 0 MM MM MM
GREATEST
SNOW DEPTH MM
24 HR TOTAL MM
DEGREE DAYS
HEATING TOTAL 443 614 -171 546
SINCE 7/1 2429 2868 -439 MM
COOLING TOTAL 6 1 5 0
SINCE 1/1 6 1 5 MM
................................................................
WIND (MPH)
AVERAGE WIND SPEED 10.9
HIGHEST WIND SPEED/DIRECTION 45/250 DATE 02/27
HIGHEST GUST SPEED/DIRECTION 65/240 DATE 02/27
SKY COVER
POSSIBLE SUNSHINE (PERCENT) MM
NUMBER OF DAYS FAIR 20
NUMBER OF DAYS PC 7
NUMBER OF DAYS CLOUDY 2
AVERAGE RH (PERCENT) 50
WEATHER CONDITIONS. NUMBER OF DAYS WITH
THUNDERSTORM 1 MIXED PRECIP 0
HEAVY RAIN 0 RAIN 1
LIGHT RAIN 5 FREEZING RAIN 0
LT FREEZING RAIN 2 HEAVY SNOW 0
SNOW 0 LIGHT SNOW 3
SLEET 0 FOG 4
FOG W/VIS <= 1/4 MILE 0 HAZE 1
- INDICATES NEGATIVE NUMBERS.
R INDICATES RECORD WAS SET OR TIED.
MM INDICATES DATA IS MISSING.
T INDICATES TRACE AMOUNT.
$$