000
CXUS51 KCAR 010700
CF6BGR
PRELIMINARY LOCAL CLIMATOLOGICAL DATA (WS FORM: F-6)
STATION: BANGOR ME
MONTH: JUNE
YEAR: 2022
LATITUDE: 44 47 N
LONGITUDE: 68 49 W
TEMPERATURE IN F: :PCPN: SNOW: WIND :SUNSHINE: SKY :PK WND
================================================================================
1 2 3 4 5 6A 6B 7 8 9 10 11 12 13 14 15 16 17 18
12Z AVG MX 2MIN
DY MAX MIN AVG DEP HDD CDD WTR SNW DPTH SPD SPD DIR MIN PSBL S-S WX SPD DR
================================================================================
1 70 41 56 -3 9 0 0.00 0.0 0 5.8 13 320 M M 4 17 330
2 75 52 64 4 1 0 T 0.0 0 5.7 15 180 M M 5 18 170
3 64 48 56 -4 9 0 T 0.0 0 4.5 14 140 M M 9 12 17 140
4 69 51 60 0 5 0 0.30 0.0 0 7.2 20 170 M M 8 12 24 170
5 68 50 59 -2 6 0 0.01 0.0 0 6.3 20 350 M M 7 1 24 350
6 74 46 60 -1 5 0 0.00 0.0 0 5.1 16 360 M M 3 20 20
7 78 46 62 1 3 0 0.00 0.0 0 7.6 20 140 M M 5 1 26 140
8 65 58 62 0 3 0 0.28 0.0 0 10.3 23 170 M M 10 12 30 180
9 63 52 58 -4 7 0 0.18 0.0 0 5.3 15 110 M M 9 12 21 80
10 75 52 64 2 1 0 0.02 0.0 0 6.4 21 300 M M 3 31 300
11 77 50 64 2 1 0 0.00 0.0 0 6.2 15 190 M M 6 18 190
12 79 51 65 2 0 0 0.00 0.0 0 6.9 18 180 M M 4 1 24 170
13 74 60 67 4 0 2 T 0.0 0 6.9 13 180 M M 9 3 18 170
14 76 56 66 3 0 1 T 0.0 0 11.9 23 20 M M 5 28 340
15 81 54 68 4 0 3 0.00 0.0 0 7.0 14 360 M M 4 19 20
16 74 51 63 -1 2 0 0.05 0.0 0 11.6 23 190 M M 6 1 31 170
17 74 57 66 2 0 1 0.18 0.0 0 8.7 18 170 M M 7 1 22 180
18 66 50 58 -6 7 0 0.15 0.0 0 8.6 23 350 M M 8 1 29 350
19 50 48 49 -16 16 0 0.07 0.0 0 12.1 20 330 M M 10 1 26 320
20 69 45 57 -8 8 0 0.00 0.0 0 9.5 20 350 M M 5 8 26 320
21 74 40 57 -8 8 0 0.00 0.0 0 4.5 18 190 M M 1 1 22 190
22 68 46 57 -9 8 0 0.00 0.0 0 10.2 20 200 M M 4 25 200
23 74 52 63 -3 2 0 T 0.0 0 9.8 20 190 M M 8 25 180
24 82 56 69 3 0 4 0.03 0.0 0 4.3 13 40 M M 5 17 360
25 92 54 73 7 0 8 0.00 0.0 0 2.9 12 170 M M 2 1 15 330
26 90 64 77 10 0 12 0.00 0.0 0 7.3 20 190 M M 3 24 180
27 74 63 69 2 0 4 0.09 0.0 0 8.9 21 180 M M 7 1 26 180
28 79 53 66 -1 0 1 0.00 0.0 0 6.3 15 320 M M 4 21 320
29 81 48 65 -2 0 0 0.01 0.0 0 6.0 18 180 M M 4 13 23 190
30 77 55 66 -2 0 1 0.12 0.0 0 6.6 21 350 M M 7 13 25 350
================================================================================
SM 2212 1549 101 37 1.49 0.0 220.4 M 172
================================================================================
AV 73.7 51.6 7.3 FASTST M M 6 MAX(MPH)
MISC ----> # 23 170 # 31 300
================================================================================
NOTES:
# LAST OF SEVERAL OCCURRENCES
COLUMN 17 PEAK WIND IN M.P.H.
PRELIMINARY LOCAL CLIMATOLOGICAL DATA (WS FORM: F-6) , PAGE 2
STATION: BANGOR ME
MONTH: JUNE
YEAR: 2022
LATITUDE: 44 47 N
LONGITUDE: 68 49 W
[TEMPERATURE DATA] [PRECIPITATION DATA] SYMBOLS USED IN COLUMN 16
AVERAGE MONTHLY: 62.7 TOTAL FOR MONTH: 1.49 1 = FOG OR MIST
DPTR FM NORMAL: -0.9 DPTR FM NORMAL: -2.38 2 = FOG REDUCING VISIBILITY
HIGHEST: 92 ON 25 GRTST 24HR 0.31 ON 4- 5 TO 1/4 MILE OR LESS
LOWEST: 40 ON 21 3 = THUNDER
SNOW, ICE PELLETS, HAIL 4 = ICE PELLETS
TOTAL MONTH: 0.0 INCH 5 = HAIL
GRTST 24HR 0.0 6 = FREEZING RAIN OR DRIZZLE
GRTST DEPTH: 0 7 = DUSTSTORM OR SANDSTORM:
VSBY 1/2 MILE OR LESS
8 = SMOKE OR HAZE
[NO. OF DAYS WITH] [WEATHER - DAYS WITH] 9 = BLOWING SNOW
X = TORNADO
MAX 32 OR BELOW: 0 0.01 INCH OR MORE: 13
MAX 90 OR ABOVE: 2 0.10 INCH OR MORE: 6
MIN 32 OR BELOW: 0 0.50 INCH OR MORE: 0
MIN 0 OR BELOW: 0 1.00 INCH OR MORE: 0
[HDD (BASE 65) ]
TOTAL THIS MO. 101 CLEAR (SCALE 0-3) 4
DPTR FM NORMAL 3 PTCLDY (SCALE 4-7) 20
TOTAL FM JUL 1 7159 CLOUDY (SCALE 8-10) 6
DPTR FM NORMAL -465
[CDD (BASE 65) ]
TOTAL THIS MO. 37
DPTR FM NORMAL -21 [PRESSURE DATA]
TOTAL FM JAN 1 51 HIGHEST SLP 30.22 ON 29
DPTR FM NORMAL -14 LOWEST SLP 29.39 ON 18
[REMARKS]
#FINAL-06-22#