000
CXUS51 KCAR 080122
CF6BGR
PRELIMINARY LOCAL CLIMATOLOGICAL DATA (WS FORM: F-6)
STATION: BANGOR ME
MONTH: DECEMBER
YEAR: 2021
LATITUDE: 44 47 N
LONGITUDE: 68 49 W
TEMPERATURE IN F: :PCPN: SNOW: WIND :SUNSHINE: SKY :PK WND
================================================================================
1 2 3 4 5 6A 6B 7 8 9 10 11 12 13 14 15 16 17 18
12Z AVG MX 2MIN
DY MAX MIN AVG DEP HDD CDD WTR SNW DPTH SPD SPD DIR MIN PSBL S-S WX SPD DR
================================================================================
1 41 22 32 1 33 0 T T 1 3.7 12 240 M M 6 18 230
2 50 19 35 4 30 0 0.15 T T 3.5 14 160 M M 9 1 19 150
3 40 21 31 1 34 0 0.00 0.0 0 12.3 26 310 M M 5 1 37 280
4 27 13 20 -10 45 0 T T 0 4.2 12 280 M M 4 1 16 280
5 36 12 24 -6 41 0 T T T 4.7 14 250 M M 4 20 260
6 57 27 42 13 23 0 0.45 T 0 12.1 33 320 M M 10 146 43 320
7 43 24 34 5 31 0 0.01 0.0 0 8.4 20 310 M M 6 32 300
8 26 18 22 -7 43 0 0.14 2.1 0 8.0 16 20 M M 8 1 21 20
9 25 5 15 -13 50 0 0.05 0.6 3 7.8 15 360 M M 7 18 19 360
10 22 3 13 -15 52 0 0.01 0.1 3 2.9 9 310 M M 8 1 11 320
11 58 22 40 12 25 0 0.33 T 3 5.6 21 180 M M 10 1246 27 200
12 60 34 47 20 18 0 0.11 0.0 0 11.3 25 250 M M 4 1 37 190
13 43 27 35 8 30 0 0.00 0.0 0 5.1 13 190 M M 3 17 190
14 41 24 33 7 32 0 0.00 0.0 0 12.0 35 320 M M 1 42 320
15 34 19 27 1 38 0 0.13 1.6 0 3.5 9 300 M M 5 1 13 270
16 37 31 34 8 31 0 0.30 T T 3.6 9 130 M M 10 12 12 140
17 48 35 42 17 23 0 0.00 0.0 0 7.9 20 310 M M 7 12 28 310
18 37 24 31 6 34 0 0.07 0.7 0 8.4 25 320 M M 9 1 30 320
19 28 13 21 -4 44 0 0.08 1.8 2 10.0 20 320 M M 9 18 23 330
20 25 2 14 -10 51 0 T T 3 3.8 13 200 M M 3 16 190
21 40 13 27 3 38 0 0.00 0.0 3 5.5 15 320 M M 6 22 240
22 32 19 26 2 39 0 0.58 0.8 2 8.0 16 350 M M 9 146 21 320
23 28 8 18 -5 47 0 0.00 0.0 3 9.2 20 310 M M 2 31 300
24 27 5 16 -7 49 0 0.00 0.0 3 5.1 12 280 M M 2 17 280
25 27 14 21 -2 44 0 T T 3 2.4 9 360 M M 8 14 260
26 30 23 27 5 38 0 0.00 0.0 3 6.4 14 310 M M 8 20 320
27 32 11 22 0 43 0 0.00 0.0 3 4.2 15 340 M M 2 18 310
28 28 16 22 0 43 0 0.07 0.6 3 1.8 10 320 M M 9 14 11 350
29 29 17 23 1 42 0 0.00 0.0 4 4.1 13 360 M M 8 16 360
30 31 25 28 7 37 0 0.01 0.2 4 2.3 7 310 M M 10 1 9 360
31 37 29 33 12 32 0 0.04 T 4 2.9 10 120 M M 8 12 13 110
================================================================================
SM 1119 575 1160 0 2.53 8.5 190.7 M 200
================================================================================
AV 36.1 18.5 6.2 FASTST M M 6 MAX(MPH)
MISC ----> 35 320 43 320
================================================================================
NOTES:
# LAST OF SEVERAL OCCURRENCES
COLUMN 17 PEAK WIND IN M.P.H.
PRELIMINARY LOCAL CLIMATOLOGICAL DATA (WS FORM: F-6) , PAGE 2
STATION: BANGOR ME
MONTH: DECEMBER
YEAR: 2021
LATITUDE: 44 47 N
LONGITUDE: 68 49 W
[TEMPERATURE DATA] [PRECIPITATION DATA] SYMBOLS USED IN COLUMN 16
AVERAGE MONTHLY: 27.3 TOTAL FOR MONTH: 2.53 1 = FOG OR MIST
DPTR FM NORMAL: 1.4 DPTR FM NORMAL: -1.19 2 = FOG REDUCING VISIBILITY
HIGHEST: 60 ON 12 GRTST 24HR 0.58 ON 22-22 TO 1/4 MILE OR LESS
LOWEST: 2 ON 20 3 = THUNDER
SNOW, ICE PELLETS, HAIL 4 = ICE PELLETS
TOTAL MONTH: 8.5 INCHES 5 = HAIL
GRTST 24HR 2.1 ON 8- 8 6 = FREEZING RAIN OR DRIZZLE
GRTST DEPTH: 4 ON 31,30 7 = DUSTSTORM OR SANDSTORM:
VSBY 1/2 MILE OR LESS
8 = SMOKE OR HAZE
[NO. OF DAYS WITH] [WEATHER - DAYS WITH] 9 = BLOWING SNOW
X = TORNADO
MAX 32 OR BELOW: 15 0.01 INCH OR MORE: 16
MAX 90 OR ABOVE: 0 0.10 INCH OR MORE: 8
MIN 32 OR BELOW: 29 0.50 INCH OR MORE: 1
MIN 0 OR BELOW: 0 1.00 INCH OR MORE: 0
[HDD (BASE 65) ]
TOTAL THIS MO. 1160 CLEAR (SCALE 0-3) 5
DPTR FM NORMAL -52 PTCLDY (SCALE 4-7) 15
TOTAL FM JUL 1 2480 CLOUDY (SCALE 8-10) 11
DPTR FM NORMAL -314
[CDD (BASE 65) ]
TOTAL THIS MO. 0
DPTR FM NORMAL 0 [PRESSURE DATA]
TOTAL FM JAN 1 467 HIGHEST SLP 30.70 ON 15
DPTR FM NORMAL 88 LOWEST SLP 29.23 ON 12
[REMARKS]
#FINAL-12-21#