000
CXUS55 KVEF 011536
CF6BIH
PRELIMINARY LOCAL CLIMATOLOGICAL DATA (WS FORM: F-6)
STATION: BISHOP CA
MONTH: APRIL
YEAR: 2023
LATITUDE: 37 22 N
LONGITUDE: 118 22 W
TEMPERATURE IN F: :PCPN: SNOW: WIND :SUNSHINE: SKY :PK WND
================================================================================
1 2 3 4 5 6A 6B 7 8 9 10 11 12 13 14 15 16 17 18
12Z AVG MX 2MIN
DY MAX MIN AVG DEP HDD CDD WTR SNW DPTH SPD SPD DIR MIN PSBL S-S WX SPD DR
================================================================================
1 67 27 47 -5 18 0 0.00 0.0 0 3.0 10 210 M M 0 14 160
2 73 29 51 -1 14 0 0.00 0.0 0 8.9 38 230 M M 0 54 230
3 57 28 43 -10 22 0 0.00 0.0 0 19.1 37 340 M M 4 49 350
4 50 24 37 -16 28 0 0.00 0.0 0 14.3 25 340 M M 0 36 330
5 56 21 39 -14 26 0 0.00 0.0 0 3.8 12 220 M M 0 15 210
6 64 23 44 -9 21 0 0.00 0.0 0 9.5 24 160 M M 0 29 150
7 67 36 52 -1 13 0 0.00 0.0 0 6.3 18 310 M M 1 22 150
8 71 34 53 -1 12 0 0.00 0.0 0 5.2 10 130 M M 1 13 250
9 79 36 58 4 7 0 0.00 0.0 0 5.5 13 280 M M 0 14 280
10 83 37 60 6 5 0 0.00 0.0 0 9.1 23 170 M M 0 33 160
11 81 41 61 7 4 0 0.00 0.0 0 6.3 16 360 M M 0 21 180
12 80 36 58 4 7 0 0.00 0.0 0 9.3 24 240 M M 0 31 240
13 64 39 52 -2 13 0 0.00 0.0 0 17.7 39 360 M M 0 8 50 360
14 68 33 51 -4 14 0 0.00 0.0 0 5.4 13 350 M M 0 17 350
15 74 32 53 -2 12 0 0.00 0.0 0 9.3 23 150 M M 0 33 170
16 78 32 55 0 10 0 0.00 0.0 0 7.1 16 360 M M 0 24 160
17 75 35 55 0 10 0 0.00 0.0 0 8.5 30 10 M M 0 38 360
18 66 39 53 -3 12 0 0.00 0.0 0 12.5 25 340 M M 0 35 350
19 63 34 49 -7 16 0 0.00 0.0 0 9.7 21 340 M M 0 27 340
20 72 36 54 -2 11 0 0.00 0.0 0 5.6 13 300 M M 0 16 290
21 80 38 59 3 6 0 0.00 0.0 0 10.8 22 350 M M 0 30 350
22 78 47 63 7 2 0 0.00 0.0 0 6.7 16 350 M M 1 20 360
23 82 40 61 4 4 0 0.00 0.0 0 8.3 24 330 M M 1 30 330
24 84 37 61 4 4 0 0.00 0.0 0 9.7 26 310 M M 0 33 320
25 79 52 66 9 0 1 0.00 0.0 0 14.2 30 10 M M 0 37 360
26 82 40 61 3 4 0 0.00 0.0 0 6.5 14 310 M M 0 20 20
27 85 38 62 4 3 0 0.00 0.0 0 6.9 12 290 M M 0 17 270
28 88 40 64 6 1 0 0.00 0.0 0 4.8 14 210 M M 0 19 200
29 89 45 67 9 0 2 0.00 0.0 0 7.2 20 20 M M 0 26 20
30 88 44 66 7 0 1 0.00 0.0 0 6.2 20 160 M M 0 24 150
================================================================================
SM 2223 1073 299 4 0.00 0.0 257.4 M 8
================================================================================
AV 74.1 35.8 8.6 FASTST M M 0 MAX(MPH)
MISC ----> 39 360 54 230
================================================================================
NOTES:
# LAST OF SEVERAL OCCURRENCES
COLUMN 17 PEAK WIND IN M.P.H.
PRELIMINARY LOCAL CLIMATOLOGICAL DATA (WS FORM: F-6) , PAGE 2
STATION: BISHOP CA
MONTH: APRIL
YEAR: 2023
LATITUDE: 37 22 N
LONGITUDE: 118 22 W
[TEMPERATURE DATA] [PRECIPITATION DATA] SYMBOLS USED IN COLUMN 16
AVERAGE MONTHLY: 54.9 TOTAL FOR MONTH: 0.00 1 = FOG OR MIST
DPTR FM NORMAL: -0.3 DPTR FM NORMAL: -0.22 2 = FOG REDUCING VISIBILITY
HIGHEST: 89 ON 29 GRTST 24HR 0.00 ON 1- 1 TO 1/4 MILE OR LESS
LOWEST: 21 ON 5 3 = THUNDER
SNOW, ICE PELLETS, HAIL 4 = ICE PELLETS
TOTAL MONTH: 0.0 INCH 5 = HAIL
GRTST 24HR 0.0 6 = FREEZING RAIN OR DRIZZLE
GRTST DEPTH: 0 7 = DUSTSTORM OR SANDSTORM:
VSBY 1/2 MILE OR LESS
8 = SMOKE OR HAZE
[NO. OF DAYS WITH] [WEATHER - DAYS WITH] 9 = BLOWING SNOW
X = TORNADO
MAX 32 OR BELOW: 0 0.01 INCH OR MORE: 0
MAX 90 OR ABOVE: 0 0.10 INCH OR MORE: 0
MIN 32 OR BELOW: 8 0.50 INCH OR MORE: 0
MIN 0 OR BELOW: 0 1.00 INCH OR MORE: 0
[HDD (BASE 65) ]
TOTAL THIS MO. 299 CLEAR (SCALE 0-3) 29
DPTR FM NORMAL 1 PTCLDY (SCALE 4-7) 1
TOTAL FM JUL 1 4392 CLOUDY (SCALE 8-10) 0
DPTR FM NORMAL 520
[CDD (BASE 65) ]
TOTAL THIS MO. 4
DPTR FM NORMAL 0 [PRESSURE DATA]
TOTAL FM JAN 1 4 HIGHEST SLP 30.24 ON 21
DPTR FM NORMAL 0 LOWEST SLP 29.48 ON 12
[REMARKS]
#FINAL-04-23#