000
CXUS55 KVEF 151341
CF6BIH
PRELIMINARY LOCAL CLIMATOLOGICAL DATA (WS FORM: F-6)
STATION: BISHOP CA
MONTH: SEPTEMBER
YEAR: 2020
LATITUDE: 37 22 N
LONGITUDE: 118 22 W
TEMPERATURE IN F: :PCPN: SNOW: WIND :SUNSHINE: SKY :PK WND
================================================================================
1 2 3 4 5 6A 6B 7 8 9 10 11 12 13 14 15 16 17 18
12Z AVG MX 2MIN
DY MAX MIN AVG DEP HDD CDD WTR SNW DPTH SPD SPD DIR MIN PSBL S-S WX SPD DR
================================================================================
1 97 62 80 8 0 15 0.00 0.0 0 7.1 21 340 M M 0 8 25 10
2 102 53 78 6 0 13 0.00 0.0 0 7.4 16 150 M M 0 22 150
3 106 57 82 11 0 17 0.00 0.0 0 6.6 14 190 M M 0 21 190
4 107 58 83 12 0 18 0.00 0.0 0 7.4 20 150 M M 0 26 140
5 105 59 82 11 0 17 0.00 0.0 0 7.9 23 150 M M 1 8 31 130
6 104 60 82 11 0 17 0.00 0.0 0 6.2 18 320 M M 9 8 24 290
7 102 63 83 13 0 18 0.00 0.0 0 9.1 24 10 M M 5 8 29 10
8 83 63 73 3 0 8 0.00 0.0 0 24.4 43 360 M M 4 8 54 360
9 92 50 71 1 0 6 0.00 0.0 0 7.4 18 180 M M 0 24 170
10 83 39 61 -9 4 0 0.00 0.0 0 5.0 12 150 M M 0 15 140
11 90 39 65 -4 0 0 0.00 0.0 0 7.6 18 140 M M 0 8 22 140
12 95 45 70 1 0 5 0.00 0.0 0 6.8 17 160 M M 0 8 22 160
13 97 44 71 2 0 6 0.00 0.0 0 9.6 24 160 M M 0 33 170
14 94 47 71 3 0 6 0.00 0.0 0 9.6 24 170 M M 0 8 30 150
15 93 52 73 5 0 8 0.00 0.0 0 8.2 22 150 M M 2 8 27 150
16 91 48 70 2 0 5 0.00 0.0 0 7.2 20 160 M M 1 8 27 140
17 91 47 69 2 0 4 0.00 0.0 0 8.1 24 150 M M 6 8 32 160
18 90 63 77 10 0 12 0.00 0.0 0 9.0 23 250 M M 3 8 29 250
19 90 46 68 1 0 3 0.00 0.0 0 5.5 16 330 M M 0 8 20 320
20 91 49 70 4 0 5 0.00 0.0 0 8.1 20 160 M M 0 8 24 170
21 93 46 70 4 0 5 T 0.0 0 9.1 25 160 M M 2 8 31 150
22 93 47 70 4 0 5 0.00 0.0 0 5.7 12 340 M M 2 8 14 170
23 92 48 70 5 0 5 0.00 0.0 0 7.6 20 150 M M 6 8 27 160
24 90 46 68 3 0 3 0.00 0.0 0 7.6 20 150 M M 8 8 24 150
25 93 45 69 5 0 4 0.00 0.0 0 7.4 20 160 M M 5 8 25 160
26 95 47 71 7 0 6 0.00 0.0 0 9.2 23 30 M M 0 8 30 350
27 92 59 76 12 0 11 0.00 0.0 0 10.0 18 360 M M 0 26 360
28 90 55 73 10 0 8 0.00 0.0 0 7.7 17 340 M M 0 22 270
29 90 47 69 6 0 4 0.00 0.0 0 4.6 10 300 M M 0 11 260
30 94 46 70 7 0 5 0.00 0.0 0 6.2 12 300 M M 0 8 13 250
================================================================================
SM 2825 1530 4 239 T 0.0 243.3 M 54
================================================================================
AV 94.2 51.0 8.1 FASTST M M 2 MAX(MPH)
MISC ----> 43 360 54 360
================================================================================
NOTES:
# LAST OF SEVERAL OCCURRENCES
COLUMN 17 PEAK WIND IN M.P.H.
PRELIMINARY LOCAL CLIMATOLOGICAL DATA (WS FORM: F-6) , PAGE 2
STATION: BISHOP CA
MONTH: SEPTEMBER
YEAR: 2020
LATITUDE: 37 22 N
LONGITUDE: 118 22 W
[TEMPERATURE DATA] [PRECIPITATION DATA] SYMBOLS USED IN COLUMN 16
AVERAGE MONTHLY: 72.6 TOTAL FOR MONTH: T 1 = FOG OR MIST
DPTR FM NORMAL: 5.0 DPTR FM NORMAL: -0.19 2 = FOG REDUCING VISIBILITY
HIGHEST: 107 ON 4 GRTST 24HR T ON 21-21 TO 1/4 MILE OR LESS
LOWEST: 39 ON 11,10 3 = THUNDER
SNOW, ICE PELLETS, HAIL 4 = ICE PELLETS
TOTAL MONTH: 0.0 INCH 5 = HAIL
GRTST 24HR 0.0 6 = FREEZING RAIN OR DRIZZLE
GRTST DEPTH: 0 7 = DUSTSTORM OR SANDSTORM:
VSBY 1/2 MILE OR LESS
8 = SMOKE OR HAZE
[NO. OF DAYS WITH] [WEATHER - DAYS WITH] 9 = BLOWING SNOW
X = TORNADO
MAX 32 OR BELOW: 0 0.01 INCH OR MORE: 0
MAX 90 OR ABOVE: 28 0.10 INCH OR MORE: 0
MIN 32 OR BELOW: 0 0.50 INCH OR MORE: 0
MIN 0 OR BELOW: 0 1.00 INCH OR MORE: 0
[HDD (BASE 65) ]
TOTAL THIS MO. 4 CLEAR (SCALE 0-3) 22
DPTR FM NORMAL -37 PTCLDY (SCALE 4-7) 7
TOTAL FM JUL 1 4 CLOUDY (SCALE 8-10) 1
DPTR FM NORMAL -39
[CDD (BASE 65) ]
TOTAL THIS MO. 239
DPTR FM NORMAL 120 [PRESSURE DATA]
TOTAL FM JAN 1 1563 HIGHEST SLP 30.21 ON 30
DPTR FM NORMAL 467 LOWEST SLP 29.65 ON 8
[REMARKS]
#FINAL-09-20#