000
CXUS53 KBIS 010830
CF6BIS
PRELIMINARY LOCAL CLIMATOLOGICAL DATA (WS FORM: F-6)
STATION: BISMARCK ND
MONTH: MAY
YEAR: 2022
LATITUDE: 46 46 N
LONGITUDE: 100 45 W
TEMPERATURE IN F: :PCPN: SNOW: WIND :SUNSHINE: SKY :PK WND
================================================================================
1 2 3 4 5 6A 6B 7 8 9 10 11 12 13 14 15 16 17 18
12Z AVG MX 2MIN
DY MAX MIN AVG DEP HDD CDD WTR SNW DPTH SPD SPD DIR MIN PSBL S-S WX SPD DR
================================================================================
1 59 36 48 -1 17 0 0.00 0.0 0 15.4 30 330 M M 1 46 330
2 56 27 42 -8 23 0 0.00 0.0 0 6.9 17 90 M M 1 23 90
3 56 30 43 -7 22 0 0.00 0.0 0 10.0 20 150 M M 4 28 160
4 63 36 50 0 15 0 0.00 0.0 0 9.1 20 150 M M 1 28 150
5 68 35 52 1 13 0 0.00 0.0 0 10.5 21 150 M M 0 1 27 160
6 75 43 59 8 6 0 T 0.0 0 14.6 25 160 M M 3 1 32 160
7 81 50 66 14 0 1 T 0.0 0 15.3 43 210 M M 3 1 65 210
8 72 40 56 4 9 0 0.04 0.0 0 6.5 28 220 M M 2 44 210
9 60 42 51 -2 14 0 0.59 0.0 0 11.4 26 280 M M 7 1 36 290
10 70 38 54 1 11 0 0.00 0.0 0 8.1 21 230 M M 0 29 250
11 74 50 62 9 3 0 0.00 0.0 0 13.3 28 80 M M 6 37 80
12 70 52 61 7 4 0 0.32 T 0 18.3 36 80 M M 9 135 48 50
13 63 48 56 2 9 0 0.00 0.0 0 22.8 46 260 M M 7 62 260
14 68 45 57 2 8 0 0.00 0.0 0 14.8 29 260 M M 3 41 260
15 73 42 58 3 7 0 0.00 0.0 0 10.5 26 330 M M 1 40 310
16 76 37 57 1 8 0 0.00 0.0 0 6.9 17 100 M M 2 25 110
17 71 53 62 6 3 0 0.05 0.0 0 10.0 21 160 M M 5 1 23 160
18 74 48 61 5 4 0 0.00 0.0 0 11.6 32 280 M M 2 43 280
19 57 39 48 -9 17 0 0.56 0.0 0 9.0 26 300 M M 7 13 37 290
20 48 37 43 -14 22 0 0.03 0.0 0 13.6 26 330 M M 10 1 38 330
21 50 38 44 -13 21 0 T 0.0 0 8.7 15 350 M M 10 1 22 310
22 61 36 49 -9 16 0 0.00 0.0 0 6.5 14 260 M M 5 24 210
23 68 37 53 -5 12 0 0.04 T 0 9.9 22 190 M M 6 35 30 210
24 67 41 54 -5 11 0 0.00 0.0 0 9.3 20 150 M M 3 31 160
25 73 46 60 1 5 0 0.00 0.0 0 5.8 13 140 M M 2 18 200
26 82 45 64 5 1 0 0.00 0.0 0 9.6 22 280 M M 2 28 290
27 81 44 63 3 2 0 0.02 0.0 0 6.7 20 120 M M 2 3 26 120
28 77 46 62 2 3 0 0.08 0.0 0 5.5 13 310 M M 1 1 15 310
29 73 53 63 3 2 0 T 0.0 0 10.0 22 80 M M 5 29 70
30 61 54 58 -3 7 0 0.25 0.0 0 13.3 25 320 M M 8 1 36 330
31 66 47 57 -4 8 0 T 0.0 0 19.6 33 330 M M 6 49 330
================================================================================
SM 2093 1315 303 1 1.98 T 343.5 M 124
================================================================================
AV 67.5 42.4 11.1 FASTST M M 4 MAX(MPH)
MISC ----> 46 260 65 210
================================================================================
NOTES:
# LAST OF SEVERAL OCCURRENCES
COLUMN 17 PEAK WIND IN M.P.H.
PRELIMINARY LOCAL CLIMATOLOGICAL DATA (WS FORM: F-6) , PAGE 2
STATION: BISMARCK ND
MONTH: MAY
YEAR: 2022
LATITUDE: 46 46 N
LONGITUDE: 100 45 W
[TEMPERATURE DATA] [PRECIPITATION DATA] SYMBOLS USED IN COLUMN 16
AVERAGE MONTHLY: 55.0 TOTAL FOR MONTH: 1.98 1 = FOG OR MIST
DPTR FM NORMAL: -0.3 DPTR FM NORMAL: -0.52 2 = FOG REDUCING VISIBILITY
HIGHEST: 82 ON 26 GRTST 24HR 0.62 ON 8- 9 TO 1/4 MILE OR LESS
LOWEST: 27 ON 2 3 = THUNDER
SNOW, ICE PELLETS, HAIL 4 = ICE PELLETS
TOTAL MONTH: T 5 = HAIL
GRTST 24HR T ON 12-12 6 = FREEZING RAIN OR DRIZZLE
GRTST DEPTH: 0 7 = DUSTSTORM OR SANDSTORM:
VSBY 1/2 MILE OR LESS
8 = SMOKE OR HAZE
[NO. OF DAYS WITH] [WEATHER - DAYS WITH] 9 = BLOWING SNOW
X = TORNADO
MAX 32 OR BELOW: 0 0.01 INCH OR MORE: 10
MAX 90 OR ABOVE: 0 0.10 INCH OR MORE: 4
MIN 32 OR BELOW: 2 0.50 INCH OR MORE: 2
MIN 0 OR BELOW: 0 1.00 INCH OR MORE: 0
[HDD (BASE 65) ]
TOTAL THIS MO. 303 CLEAR (SCALE 0-3) 16
DPTR FM NORMAL -13 PTCLDY (SCALE 4-7) 12
TOTAL FM JUL 1 7996 CLOUDY (SCALE 8-10) 3
DPTR FM NORMAL -400
[CDD (BASE 65) ]
TOTAL THIS MO. 1
DPTR FM NORMAL -16 [PRESSURE DATA]
TOTAL FM JAN 1 1 HIGHEST SLP 30.35 ON 22
DPTR FM NORMAL -16 LOWEST SLP 29.29 ON 13
[REMARKS]
#FINAL-05-22#