000
CXUS53 KGRR 010910
CF6BIV
PRELIMINARY LOCAL CLIMATOLOGICAL DATA (WS FORM: F-6)
STATION: HOLLAND
MONTH: JUNE
YEAR: 2022
LATITUDE: 42 49 N
LONGITUDE: 86 10 W
TEMPERATURE IN F: :PCPN: SNOW: WIND :SUNSHINE: SKY :PK WND
================================================================================
1 2 3 4 5 6A 6B 7 8 9 10 11 12 13 14 15 16 17 18
12Z AVG MX 2MIN
DY MAX MIN AVG DEP HDD CDD WTR SNW DPTH SPD SPD DIR MIN PSBL S-S WX SPD DR
================================================================================
1 75 52 64 0 1 0 T M M 7.4 16 280 M M 4 23 270
2 72 51 62 -2 3 0 T M M 5.6 15 260 M M 1 22 280
3 74 51 63 -1 2 0 0.00 M M 8.4 18 250 M M 1 26 250
4 69 44 57 -8 8 0 T M M 3.5 12 240 M M 4 16 110
5 71 55 63 -2 2 0 0.15 M M 6.4 14 100 M M 8 20 90
6 73 57 65 -1 0 0 0.09 M M 6.0 15 230 M M 8 18 20 250
7 67 53 60 -6 5 0 0.04 M M 6.7 16 280 M M 4 1 26 290
8 66 48 57 -9 8 0 0.58 M M 4.2 21 110 M M 8 1 30 100
9 69 52 61 -5 4 0 0.00 M M 6.7 18 240 M M 2 1 24 230
10 75 53 64 -3 1 0 0.00 M M 9.1 20 260 M M 2 31 260
11 73 56 65 -2 0 0 0.00 M M 8.6 17 220 M M 2 1 23 220
12 75 59 67 0 0 2 0.00 M M 4.3 9 320 M M 3 12 13 270
13 87 59 73 5 0 8 0.35 M M 7.2 21 120 M M 2 13 27 120
14 93 70 82 14 0 17 0.00 M M 8.2 15 230 M M 4 20 200
15 93 80 87 19 0 22 0.00 M M 13.0 20 190 M M 0 31 210
16 88 64 76 8 0 11 0.40 M M 11.5 25 260 M M 2 13 36 250
17 77 62 70 1 0 5 0.00 M M 8.5 18 310 M M 0 28 290
18 71 51 61 -8 4 0 0.00 M M 5.8 15 320 M M 0 22 280
19 78 50 64 -5 1 0 0.00 M M 5.3 14 250 M M 0 19 260
20 87 63 75 6 0 10 0.00 M M 10.8 20 230 M M 0 26 230
21 94 70 82 13 0 17 0.00 M M 13.0 25 230 M M 0 35 220
22 82 63 73 3 0 8 0.00 M M 7.5 15 290 M M 0 23 260
23 79 57 68 -2 0 3 0.00 M M 4.0 13 280 M M 0 17 280
24 87 55 71 1 0 6 0.00 M M 3.6 10 280 M M 0 15 280
25 83 63 73 3 0 8 0.11 M M 5.6 15 210 M M 4 1 21 230
26 75 67 71 1 0 6 T M M 8.4 16 290 M M 5 1 27 290
27 69 53 61 -9 4 0 0.00 M M 6.5 17 320 M M 0 28 310
28 82 50 66 -5 0 1 0.00 M M 8.5 18 210 M M 1 26 220
29 82 63 73 2 0 8 T M M 5.6 14 240 M M 4 21 30
30 90 65 78 7 0 13 0.00 M M 13.0 23 220 M M 0 33 220
================================================================================
SM 2356 1736 43 145 1.72 M 222.9 M 69
================================================================================
AV 78.5 57.9 7.4 FASTST M M 2 MAX(MPH)
MISC ----> # 25 260 36 250
================================================================================
NOTES:
# LAST OF SEVERAL OCCURRENCES
COLUMN 17 PEAK WIND IN M.P.H.
PRELIMINARY LOCAL CLIMATOLOGICAL DATA (WS FORM: F-6) , PAGE 2
STATION: HOLLAND
MONTH: JUNE
YEAR: 2022
LATITUDE: 42 49 N
LONGITUDE: 86 10 W
[TEMPERATURE DATA] [PRECIPITATION DATA] SYMBOLS USED IN COLUMN 16
AVERAGE MONTHLY: 68.2 TOTAL FOR MONTH: 1.72 1 = FOG OR MIST
DPTR FM NORMAL: 0.3 DPTR FM NORMAL: -1.73 2 = FOG REDUCING VISIBILITY
HIGHEST: 94 ON 21 GRTST 24HR 0.58 ON 8- 8 TO 1/4 MILE OR LESS
LOWEST: 44 ON 4 3 = THUNDER
SNOW, ICE PELLETS, HAIL 4 = ICE PELLETS
TOTAL MONTH: M 5 = HAIL
GRTST 24HR M ON M 6 = FREEZING RAIN OR DRIZZLE
GRTST DEPTH: M ON M 7 = DUSTSTORM OR SANDSTORM:
VSBY 1/2 MILE OR LESS
8 = SMOKE OR HAZE
[NO. OF DAYS WITH] [WEATHER - DAYS WITH] 9 = BLOWING SNOW
X = TORNADO
MAX 32 OR BELOW: 0 0.01 INCH OR MORE: 7
MAX 90 OR ABOVE: 4 0.10 INCH OR MORE: 5
MIN 32 OR BELOW: 0 0.50 INCH OR MORE: 1
MIN 0 OR BELOW: 0 1.00 INCH OR MORE: 0
[HDD (BASE 65) ]
TOTAL THIS MO. 43 CLEAR (SCALE 0-3) 20
DPTR FM NORMAL -4 PTCLDY (SCALE 4-7) 9
TOTAL FM JUL 1 5998 CLOUDY (SCALE 8-10) 1
DPTR FM NORMAL -337
[CDD (BASE 65) ]
TOTAL THIS MO. 145
DPTR FM NORMAL 11 [PRESSURE DATA]
TOTAL FM JAN 1 233 HIGHEST SLP 30.29 ON 19
DPTR FM NORMAL 58 LOWEST SLP 29.67 ON 6
[REMARKS]
#FINAL-06-22#