000
CXUS53 KGRR 011017
CF6BIV
PRELIMINARY LOCAL CLIMATOLOGICAL DATA (WS FORM: F-6)
STATION: HOLLAND
MONTH: MARCH
YEAR: 2020
LATITUDE: 42 49 N
LONGITUDE: 86 10 W
TEMPERATURE IN F: :PCPN: SNOW: WIND :SUNSHINE: SKY :PK WND
================================================================================
1 2 3 4 5 6A 6B 7 8 9 10 11 12 13 14 15 16 17 18
12Z AVG MX 2MIN
DY MAX MIN AVG DEP HDD CDD WTR SNW DPTH SPD SPD DIR MIN PSBL S-S WX SPD DR
================================================================================
1 55 25 40 8 25 0 0.00 M M 12.7 24 200 M M 2 35 200
2 50 29 40 8 25 0 0.00 M M 7.0 20 240 M M 2 27 240
3 41 27 34 2 31 0 T M M 10.1 23 250 M M 7 1 32 280
4 40 26 33 0 32 0 0.00 M M 10.4 21 300 M M 2 1 33 310
5 50 25 38 5 27 0 0.05 M M 11.3 26 250 M M 4 1 42 210
6 39 26 33 0 32 0 0.02 M M 10.6 22 330 M M 7 1 38 340
7 49 20 35 1 30 0 0.00 M M 8.1 16 180 M M 0 23 190
8 63 35 49 15 16 0 0.00 M M 17.6 30 210 M M 1 43 230
9 57 46 52 18 13 0 0.60 M M 18.1 30 220 M M 8 1 44 210
10 55 30 43 8 22 0 0.12 M M 9.7 31 230 M M 5 1 44 220
11 42 32 37 2 28 0 T M M 5.7 13 280 M M 9 12 18 270
12 54 31 43 8 22 0 0.16 M M 9.5 25 300 M M 7 12 39 300
13 43 36 40 4 25 0 0.00 M M 14.9 28 250 M M 3 39 300
14 37 32 35 -1 30 0 T M M 5.1 14 340 M M 5 20 340
15 46 27 37 1 28 0 0.00 M M 7.6 16 100 M M 1 22 100
16 43 25 34 -3 31 0 0.01 M M 8.4 16 240 M M 5 1 22 250
17 39 27 33 -4 32 0 0.00 M M 10.5 20 300 M M 4 1 31 290
18 46 28 37 0 28 0 T M M 7.8 14 110 M M 7 1 20 110
19 63 34 49 11 16 0 0.28 M M 13.7 32 250 M M 8 1 46 260
20 60 26 43 5 22 0 0.27 M M 11.8 36 240 M M 9 1 47 230
21 35 23 29 -9 36 0 0.00 M M 5.5 13 90 M M 4 19 40
22 39 22 31 -8 34 0 M M M 8.6 20 100 M M 6 18 24 110
23 41 29 35 -4 30 0 T M M 4.0 13 300 M M 7 1 18 300
24 50 30 40 0 25 0 0.00 M M 6.2 15 110 M M 6 1 21 100
25 54 30 42 2 23 0 0.00 M M 5.6 14 220 M M 2 18 19 250
26 51 39 45 5 20 0 0.13 M M 5.5 18 250 M M 7 18 25 230
27 54 37 46 5 19 0 0.27 M M 10.5 18 120 M M 5 1 26 120
28 52 44 48 7 17 0 1.03 M M 11.8 21 120 M M 10 13 29 110
29 58 41 50 8 15 0 0.08 M M 19.1 33 230 M M 9 18 47 220
30 42 37 40 -2 25 0 0.00 M M 12.0 21 320 M M 10 33 310
31 44 36 40 -2 25 0 0.00 M M 4.7 9 20 M M 10 18 14 360
================================================================================
SM 1492 955 784 0 3.02 M 304.1 M 172
================================================================================
AV 48.1 30.8 9.8 FASTST M M 6 MAX(MPH)
MISC ----> # 36 240 # 47 230
================================================================================
NOTES:
# LAST OF SEVERAL OCCURRENCES
COLUMN 17 PEAK WIND IN M.P.H.
PRELIMINARY LOCAL CLIMATOLOGICAL DATA (WS FORM: F-6) , PAGE 2
STATION: HOLLAND
MONTH: MARCH
YEAR: 2020
LATITUDE: 42 49 N
LONGITUDE: 86 10 W
[TEMPERATURE DATA] [PRECIPITATION DATA] SYMBOLS USED IN COLUMN 16
AVERAGE MONTHLY: 39.5 TOTAL FOR MONTH: 3.02 1 = FOG OR MIST
DPTR FM NORMAL: 2.7 DPTR FM NORMAL: 0.75 2 = FOG REDUCING VISIBILITY
HIGHEST: 63 ON 19, 8 GRTST 24HR 1.03 ON 28-28 TO 1/4 MILE OR LESS
LOWEST: 20 ON 7 3 = THUNDER
SNOW, ICE PELLETS, HAIL 4 = ICE PELLETS
TOTAL MONTH: M 5 = HAIL
GRTST 24HR M ON M 6 = FREEZING RAIN OR DRIZZLE
GRTST DEPTH: M ON M 7 = DUSTSTORM OR SANDSTORM:
VSBY 1/2 MILE OR LESS
8 = SMOKE OR HAZE
[NO. OF DAYS WITH] [WEATHER - DAYS WITH] 9 = BLOWING SNOW
X = TORNADO
MAX 32 OR BELOW: 0 0.01 INCH OR MORE: 12
MAX 90 OR ABOVE: 0 0.10 INCH OR MORE: 8
MIN 32 OR BELOW: 21 0.50 INCH OR MORE: 2
MIN 0 OR BELOW: 0 1.00 INCH OR MORE: 1
[HDD (BASE 65) ]
TOTAL THIS MO. 784 CLEAR (SCALE 0-3) 8
DPTR FM NORMAL -90 PTCLDY (SCALE 4-7) 16
TOTAL FM JUL 1 5115 CLOUDY (SCALE 8-10) 7
DPTR FM NORMAL -259
[CDD (BASE 65) ]
TOTAL THIS MO. 0
DPTR FM NORMAL 0 [PRESSURE DATA]
TOTAL FM JAN 1 0 HIGHEST SLP 30.70 ON 15
DPTR FM NORMAL 0 LOWEST SLP 29.37 ON 29
[REMARKS]
#FINAL-03-20#