000
CXUS55 KPSR 221504
CF6BLH
PRELIMINARY LOCAL CLIMATOLOGICAL DATA (WS FORM: F-6)
STATION: BLYTHE CA
MONTH: FEBRUARY
YEAR: 2021
LATITUDE: 33 37 N
LONGITUDE: 114 43 W
TEMPERATURE IN F: :PCPN: SNOW: WIND :SUNSHINE: SKY :PK WND
================================================================================
1 2 3 4 5 6A 6B 7 8 9 10 11 12 13 14 15 16 17 18
12Z AVG MX 2MIN
DY MAX MIN AVG DEP HDD CDD WTR SNW DPTH SPD SPD DIR MIN PSBL S-S WX SPD DR
================================================================================
1 70 53 62 5 3 0 T M M 4.8 14 350 M M 4 15 350
2 74 57 66 9 0 1 T M M 2.4 8 290 M M 2 9 30
3 82 52 67 9 0 2 0.00 M M 3.9 22 250 M M 0 26 250
4 72 54 63 5 2 0 0.00 M M 14.2 26 350 M M 0 33 330
5 75 49 62 4 3 0 0.00 M M 7.7 17 350 M M 0 20 10
6 77 45 61 3 4 0 0.00 M M 4.6 21 360 M M 0 25 350
7 75 39 57 -1 8 0 0.00 M M 3.4 10 340 M M 0 11 340
8 78 41 60 2 5 0 0.00 M M 5.2 17 170 M M 0 20 160
9 71 42 57 -1 8 0 0.00 M M 4.4 10 190 M M 0 13 160
10 77 47 62 4 3 0 0.00 M M 4.9 9 150 M M 0 13 20
11 77 45 61 3 4 0 0.00 M M 4.4 13 180 M M 0 14 180
12 73 54 64 5 1 0 T M M 7.7 25 260 M M 1 28 260
13 73 47 60 1 5 0 0.00 M M 12.8 32 310 M M 1 41 300
14 69 50 60 1 5 0 0.00 M M 15.1 29 310 M M 0 35 300
15 70 42 56 -3 9 0 0.00 M M 7.9 23 210 M M 0 29 210
16 75 45 60 1 5 0 0.00 M M 9.9 26 310 M M 0 33 300
17 69 49 59 -1 6 0 0.00 M M 12.9 23 340 M M 0 33 350
18 68 45 57 -3 8 0 0.00 M M 12.4 23 350 M M 0 31 350
19 71 39 55 -5 10 0 0.00 M M 2.9 9 330 M M 0 11 120
20 79 38 59 -1 6 0 0.00 M M 10.4 32 280 M M 0 45 290
21 72 48 60 0 5 0 0.00 M M 11.8 23 350 M M 0 27 360
22 77 43 60 0 5 0 0.00 M M 6.0 17 360 M M 0 23 340
23 79 41 60 -1 5 0 0.00 M M 2.7 10 130 M M 0 12 120
24 81 45 63 2 2 0 0.00 M M 5.1 35 350 M M 0 8 41 350
25 68 46 57 -4 8 0 0.00 M M 16.9 39 360 M M 0 48 360
26 72 38 55 -6 10 0 0.00 M M 4.0 12 180 M M 0 14 170
27 74 42 58 -4 7 0 0.00 M M 9.5 23 350 M M 0 29 350
28 65 48 57 -5 8 0 0.00 M M 17.5 35 350 M M 0 41 360
================================================================================
SM 2063 1284 145 3 T M 225.4 M 8
================================================================================
AV 73.7 45.9 8.1 FASTST M M 0 MAX(MPH)
MISC ----> 39 360 48 360
================================================================================
NOTES:
# LAST OF SEVERAL OCCURRENCES
COLUMN 17 PEAK WIND IN M.P.H.
PRELIMINARY LOCAL CLIMATOLOGICAL DATA (WS FORM: F-6) , PAGE 2
STATION: BLYTHE CA
MONTH: FEBRUARY
YEAR: 2021
LATITUDE: 33 37 N
LONGITUDE: 114 43 W
[TEMPERATURE DATA] [PRECIPITATION DATA] SYMBOLS USED IN COLUMN 16
AVERAGE MONTHLY: 59.8 TOTAL FOR MONTH: T 1 = FOG OR MIST
DPTR FM NORMAL: 0.5 DPTR FM NORMAL: -0.62 2 = FOG REDUCING VISIBILITY
HIGHEST: 82 ON 3 GRTST 24HR T ON 1- 1 TO 1/4 MILE OR LESS
LOWEST: 38 ON 26,20 3 = THUNDER
SNOW, ICE PELLETS, HAIL 4 = ICE PELLETS
TOTAL MONTH: M 5 = HAIL
GRTST 24HR M ON M 6 = FREEZING RAIN OR DRIZZLE
GRTST DEPTH: M ON M 7 = DUSTSTORM OR SANDSTORM:
VSBY 1/2 MILE OR LESS
8 = SMOKE OR HAZE
[NO. OF DAYS WITH] [WEATHER - DAYS WITH] 9 = BLOWING SNOW
X = TORNADO
MAX 32 OR BELOW: 0 0.01 INCH OR MORE: 0
MAX 90 OR ABOVE: 0 0.10 INCH OR MORE: 0
MIN 32 OR BELOW: 0 0.50 INCH OR MORE: 0
MIN 0 OR BELOW: 0 1.00 INCH OR MORE: 0
[HDD (BASE 65) ]
TOTAL THIS MO. 145 CLEAR (SCALE 0-3) 27
DPTR FM NORMAL -28 PTCLDY (SCALE 4-7) 1
TOTAL FM JUL 1 879 CLOUDY (SCALE 8-10) 0
DPTR FM NORMAL -47
[CDD (BASE 65) ]
TOTAL THIS MO. 3
DPTR FM NORMAL -9 [PRESSURE DATA]
TOTAL FM JAN 1 9 HIGHEST SLP 30.38 ON 18
DPTR FM NORMAL 0 LOWEST SLP 29.59 ON 13
[REMARKS]
#FINAL-02-21#