000
CXUS55 KSEW 010930
CF6BLI
PRELIMINARY LOCAL CLIMATOLOGICAL DATA (WS FORM: F-6)
STATION: BELLINGHAM WA AIRPORT
MONTH: SEPTEMBER
YEAR: 2021
LATITUDE: 48 47 N
LONGITUDE: 122 32 W
TEMPERATURE IN F: :PCPN: SNOW: WIND :SUNSHINE: SKY :PK WND
================================================================================
1 2 3 4 5 6A 6B 7 8 9 10 11 12 13 14 15 16 17 18
12Z AVG MX 2MIN
DY MAX MIN AVG DEP HDD CDD WTR SNW DPTH SPD SPD DIR MIN PSBL S-S WX SPD DR
================================================================================
1 68 42 55 -7 10 0 0.00 M M 2.7 12 280 M M 0 1 18 290
2 75 45 60 -2 5 0 0.00 M M 2.8 12 290 M M 1 12 16 300
3 74 47 61 -1 4 0 0.00 M M 1.5 8 180 M M 1 11 190
4 72 49 61 0 4 0 0.18 M M 3.5 13 30 M M 8 1 19 360
5 71 58 65 4 0 0 0.00 M M 2.1 9 190 M M 9 1 16 200
6 73 53 63 2 2 0 0.00 M M 4.9 14 180 M M 3 21 170
7 76 50 63 2 2 0 0.00 M M 2.8 10 280 M M 0 1 20 20
8 76 58 67 6 0 2 0.03 M M 4.8 15 180 M M 5 24 180
9 79 55 67 7 0 2 0.00 M M 4.5 10 190 M M 0 1 18 220
10 70 61 66 6 0 1 0.00 M M 10.3 16 160 M M 4 26 170
11 64 59 62 2 3 0 0.11 M M 5.2 15 180 M M 8 1 24 170
12 65 55 60 0 5 0 0.41 M M 4.8 10 170 M M 7 1 15 180
13 68 50 59 -1 6 0 0.00 M M 1.7 8 180 M M 3 1 21 260
14 59 48 54 -5 11 0 0.19 M M 1.4 9 190 M M 7 18 14 190
15 64 47 56 -3 9 0 0.00 M M 5.0 13 240 M M 5 17 260
16 66 41 54 -5 11 0 0.00 M M 2.1 8 280 M M 0 12 310
17 65 52 59 0 6 0 1.45 M M 13.6 31 160 M M 10 18 46 160
18 65 54 60 2 5 0 0.39 M M 7.7 15 180 M M 6 1 24 190
19 62 54 58 0 7 0 0.32 M M 6.9 14 170 M M 9 1 20 170
20 67 48 58 0 7 0 0.00 M M 4.4 12 180 M M 6 1 18 170
21 72 44 58 0 7 0 0.00 M M 2.1 9 290 M M 0 1 17 320
22 64 51 58 1 7 0 0.01 M M 4.5 10 180 M M 7 1 16 200
23 67 50 59 2 6 0 0.00 M M 3.5 9 280 M M 4 1 14 210
24 73 46 60 3 5 0 0.00 M M 2.7 9 20 M M 2 12 13 10
25 70 48 59 2 6 0 0.00 M M 5.2 13 180 M M 2 1 19 220
26 63 56 60 4 5 0 0.46 M M 9.5 31 160 M M 8 1 51 180
27 63 53 58 2 7 0 0.09 M M 10.4 22 180 M M 7 1 36 150
28 59 50 55 -1 10 0 0.18 M M 9.7 18 160 M M 8 1 29 170
29 64 52 58 2 7 0 0.14 M M 12.1 20 140 M M 10 31 140
30 64 51 58 3 7 0 0.53 M M 7.1 15 180 M M 7 1 27 190
================================================================================
SM 2038 1527 164 5 4.49 M 159.5 M 147
================================================================================
AV 67.9 50.9 5.3 FASTST M M 5 MAX(MPH)
MISC ----> # 31 160 51 180
================================================================================
NOTES:
# LAST OF SEVERAL OCCURRENCES
COLUMN 17 PEAK WIND IN M.P.H.
PRELIMINARY LOCAL CLIMATOLOGICAL DATA (WS FORM: F-6) , PAGE 2
STATION: BELLINGHAM WA AIRPORT
MONTH: SEPTEMBER
YEAR: 2021
LATITUDE: 48 47 N
LONGITUDE: 122 32 W
[TEMPERATURE DATA] [PRECIPITATION DATA] SYMBOLS USED IN COLUMN 16
AVERAGE MONTHLY: 59.4 TOTAL FOR MONTH: 4.49 1 = FOG OR MIST
DPTR FM NORMAL: 0.5 DPTR FM NORMAL: 2.48 2 = FOG REDUCING VISIBILITY
HIGHEST: 79 ON 9 GRTST 24HR 1.81 ON 17-18 TO 1/4 MILE OR LESS
LOWEST: 41 ON 16 3 = THUNDER
SNOW, ICE PELLETS, HAIL 4 = ICE PELLETS
TOTAL MONTH: M 5 = HAIL
GRTST 24HR M ON M 6 = FREEZING RAIN OR DRIZZLE
GRTST DEPTH: M ON M 7 = DUSTSTORM OR SANDSTORM:
VSBY 1/2 MILE OR LESS
8 = SMOKE OR HAZE
[NO. OF DAYS WITH] [WEATHER - DAYS WITH] 9 = BLOWING SNOW
X = TORNADO
MAX 32 OR BELOW: 0 0.01 INCH OR MORE: 14
MAX 90 OR ABOVE: 0 0.10 INCH OR MORE: 11
MIN 32 OR BELOW: 0 0.50 INCH OR MORE: 2
MIN 0 OR BELOW: 0 1.00 INCH OR MORE: 1
[HDD (BASE 65) ]
TOTAL THIS MO. 164 CLEAR (SCALE 0-3) 10
DPTR FM NORMAL -25 PTCLDY (SCALE 4-7) 16
TOTAL FM JUL 1 250 CLOUDY (SCALE 8-10) 4
DPTR FM NORMAL -71
[CDD (BASE 65) ]
TOTAL THIS MO. 5
DPTR FM NORMAL 1 [PRESSURE DATA]
TOTAL FM JAN 1 205 HIGHEST SLP M ON M
DPTR FM NORMAL 130 LOWEST SLP 29.46 ON 17
[REMARKS]
#FINAL-09-21#