000
CXUS53 KILX 011000
CF6BMI
PRELIMINARY LOCAL CLIMATOLOGICAL DATA (WS FORM: F-6)
STATION: BLOOMINGTON IL AIRPORT
MONTH: DECEMBER
YEAR: 2023
LATITUDE: 40 28 N
LONGITUDE: 88 56 W
TEMPERATURE IN F: :PCPN: SNOW: WIND :SUNSHINE: SKY :PK WND
================================================================================
1 2 3 4 5 6A 6B 7 8 9 10 11 12 13 14 15 16 17 18
12Z AVG MX 2MIN
DY MAX MIN AVG DEP HDD CDD WTR SNW DPTH SPD SPD DIR MIN PSBL S-S WX SPD DR
================================================================================
1 45 41 43 M 22 0 0.68 M M 8.3 17 140 M M 10 1 21 140
2 41 37 39 M 26 0 0.04 M M 5.3 9 150 M M 10 12 M M
3 40 31 36 M 29 0 0.02 M M 8.8 17 270 M M 9 1 24 270
4 38 30 34 M 31 0 0.00 M M 6.6 9 280 M M 8 M M
5 42 29 36 M 29 0 0.08 M M 11.4 20 330 M M 9 1 M M
6 38 29 34 M 31 0 0.00 M M 11.0 21 210 M M 7 1 25 210
7 55 33 44 M 21 0 M M M 16.3 21 190 M M 0 25 210
8 55 43 49 M 16 0 0.00 M M 18.7 23 210 M M 7 30 180
9 55 34 45 M 20 0 0.12 M M 17.8 29 280 M M 9 1 37 280
10 34 21 28 M 37 0 0.00 M M 11.7 21 280 M M 9 27 280
11 40 18 29 M 36 0 0.00 M M 8.5 15 190 M M 0 1 M M
12 40 27 34 M 31 0 0.00 M M 9.8 15 290 M M 1 M M
13 43 26 35 M 30 0 0.00 M M 4.4 9 200 M M 3 M M
14 52 26 39 M 26 0 0.00 M M 7.5 12 210 M M 0 M M
15 56 32 44 M 21 0 0.00 M M 10.0 15 180 M M 0 M M
16 46 39 43 M 22 0 0.51 M M 12.4 18 150 M M 9 1 23 150
17 43 35 39 M 26 0 T M M 12.6 21 300 M M 10 12 25 310
18 36 15 26 M 39 0 T M M 19.4 33 300 M M 6 43 320
19 34 13 24 M 41 0 0.00 M M 10.5 18 180 M M 0 M M
20 48 27 38 M 27 0 0.00 M M 10.5 16 180 M M 1 M M
21 50 37 44 M 21 0 T M M 8.9 14 180 M M 9 M M
22 47 43 45 M 20 0 0.26 M M 11.0 15 190 M M 10 12 M M
23 52 47 50 M 15 0 0.03 M M 7.7 12 200 M M 10 12 M M
24 60 48 54 M 11 0 T M M 12.2 17 150 M M 7 12 M M
25 56 39 48 M 17 0 0.39 M M 18.6 23 140 M M 8 1 36 140
26 41 30 36 M 29 0 T M M 10.1 16 190 M M 7 1 23 230
27 43 34 39 M 26 0 0.00 M M 13.7 21 70 M M 8 24 90
28 36 32 34 M 31 0 0.02 M M 13.3 17 330 M M 10 1 M M
29 39 32 36 M 29 0 0.06 M M 14.2 21 340 M M 10 1 M M
30 44 30 37 M 28 0 0.00 M M 10.3 15 240 M M 6 12 M M
31 37 29 33 M 32 0 T M M 14.6 20 290 M M 10 1 25 300
================================================================================
SM 1386 987 820 0 2.21 M 356.1 M 203
================================================================================
AV 44.7 31.8 11.5 FASTST M M 7 MAX(MPH)
MISC ----> 33 300 43 320
================================================================================
NOTES:
# LAST OF SEVERAL OCCURRENCES
COLUMN 17 PEAK WIND IN M.P.H.
PRELIMINARY LOCAL CLIMATOLOGICAL DATA (WS FORM: F-6) , PAGE 2
STATION: BLOOMINGTON IL AIRPORT
MONTH: DECEMBER
YEAR: 2023
LATITUDE: 40 28 N
LONGITUDE: 88 56 W
[TEMPERATURE DATA] [PRECIPITATION DATA] SYMBOLS USED IN COLUMN 16
AVERAGE MONTHLY: 38.3 TOTAL FOR MONTH: 2.21 1 = FOG OR MIST
DPTR FM NORMAL: 0.0 DPTR FM NORMAL: M 2 = FOG REDUCING VISIBILITY
HIGHEST: 60 ON 24 GRTST 24HR 0.68 ON 1- 1 TO 1/4 MILE OR LESS
LOWEST: 13 ON 19 3 = THUNDER
SNOW, ICE PELLETS, HAIL 4 = ICE PELLETS
TOTAL MONTH: M 5 = HAIL
GRTST 24HR M ON M 6 = FREEZING RAIN OR DRIZZLE
GRTST DEPTH: M ON M 7 = DUSTSTORM OR SANDSTORM:
VSBY 1/2 MILE OR LESS
8 = SMOKE OR HAZE
[NO. OF DAYS WITH] [WEATHER - DAYS WITH] 9 = BLOWING SNOW
X = TORNADO
MAX 32 OR BELOW: 0 0.01 INCH OR MORE: 11
MAX 90 OR ABOVE: 0 0.10 INCH OR MORE: 5
MIN 32 OR BELOW: 18 0.50 INCH OR MORE: 2
MIN 0 OR BELOW: 0 1.00 INCH OR MORE: 0
[HDD (BASE 65) ]
TOTAL THIS MO. 820 CLEAR (SCALE 0-3) 7
DPTR FM NORMAL M PTCLDY (SCALE 4-7) 10
TOTAL FM JUL 1 1818 CLOUDY (SCALE 8-10) 14
DPTR FM NORMAL M
[CDD (BASE 65) ]
TOTAL THIS MO. 0
DPTR FM NORMAL M [PRESSURE DATA]
TOTAL FM JAN 1 956 HIGHEST SLP M ON M
DPTR FM NORMAL M LOWEST SLP M ON M
[REMARKS]
#FINAL-12-23#