000
CXUS54 KEWX 011110
CF6BMQ
PRELIMINARY LOCAL CLIMATOLOGICAL DATA (WS FORM: F-6)
STATION: BURNET
MONTH: NOVEMBER
YEAR: 2023
LATITUDE: 30 43 N
LONGITUDE: 98 14 W
TEMPERATURE IN F: :PCPN: SNOW: WIND :SUNSHINE: SKY :PK WND
================================================================================
1 2 3 4 5 6A 6B 7 8 9 10 11 12 13 14 15 16 17 18
12Z AVG MX 2MIN
DY MAX MIN AVG DEP HDD CDD WTR SNW DPTH SPD SPD DIR MIN PSBL S-S WX SPD DR
================================================================================
1 61 38 50 -13 15 0 0.00 M M 4.7 12 30 M M 0 17 40
2 66 37 52 -11 13 0 0.00 M M 3.5 12 140 M M 0 18 150
3 73 46 60 -2 5 0 0.00 M M 4.0 16 190 M M 1 25 180
4 78 58 68 6 0 3 0.00 M M 6.2 16 210 M M 4 26 170
5 78 55 67 5 0 2 0.00 M M 4.1 14 180 M M 1 1 19 180
6 81 61 71 10 0 6 0.00 M M 10.4 17 200 M M 2 26 210
7 85 60 73 12 0 8 0.00 M M 7.9 16 200 M M 0 25 190
8 82 67 75 15 0 10 0.00 M M 8.9 15 200 M M 4 23 240
9 71 51 61 1 4 0 0.56 M M 7.9 16 360 M M 9 1 27 10
10 55 51 53 -7 12 0 0.11 M M 9.1 15 360 M M 10 1 23 360
11 63 52 58 -2 7 0 0.01 M M 5.5 13 50 M M 9 1 20 20
12 61 54 58 -1 7 0 0.09 M M 6.6 12 30 M M 7 18 30
13 65 53 59 0 6 0 T M M 8.0 14 70 M M 10 21 30
14 71 51 61 3 4 0 0.00 M M 3.1 9 30 M M 3 18 360
15 74 48 61 3 4 0 0.00 M M 2.1 10 40 M M 0 13 50
16 66 47 57 -1 8 0 0.00 M M 3.5 8 190 M M 2 12 13 180
17 78 52 65 8 0 0 0.00 M M 6.6 15 290 M M 2 1 23 10
18 65 57 61 4 4 0 T M M 4.6 13 30 M M 10 1 18 30
19 65 54 60 3 5 0 0.06 M M 5.5 13 170 M M 9 1 21 180
20 75 57 66 10 0 1 T M M 9.3 22 330 M M 5 12 30 330
21 57 45 51 -5 14 0 0.00 M M 12.0 26 350 M M 6 42 360
22 65 36 51 -5 14 0 0.00 M M 4.3 15 330 M M 0 20 340
23 59 38 49 -7 16 0 M M M 3.4 14 230 M M 3 19 220
24 64 39 52 -3 13 0 0.00 M M 2.8 12 110 M M 0 1 17 100
25 60 44 52 -3 13 0 0.14 M M 4.6 12 110 M M 7 1 18 130
26 54 40 47 -8 18 0 T M M 8.3 21 330 M M 6 1 34 340
27 54 35 45 -9 20 0 0.00 M M 4.9 13 30 M M 1 18 40
28 60 43 52 -2 13 0 0.00 M M 1.6 8 190 M M 5 13 190
29 61 40 51 -3 14 0 0.00 M M 3.9 13 150 M M 7 21 150
30 75 54 65 11 0 0 0.02 M M 5.7 14 220 M M 6 1 21 160
================================================================================
SM 2022 1463 229 30 0.99 M 173.0 M 129
================================================================================
AV 67.4 48.8 5.8 FASTST M M 4 MAX(MPH)
MISC ----> 26 350 42 360
================================================================================
NOTES:
# LAST OF SEVERAL OCCURRENCES
COLUMN 17 PEAK WIND IN M.P.H.
PRELIMINARY LOCAL CLIMATOLOGICAL DATA (WS FORM: F-6) , PAGE 2
STATION: BURNET
MONTH: NOVEMBER
YEAR: 2023
LATITUDE: 30 43 N
LONGITUDE: 98 14 W
[TEMPERATURE DATA] [PRECIPITATION DATA] SYMBOLS USED IN COLUMN 16
AVERAGE MONTHLY: 58.1 TOTAL FOR MONTH: 0.99 1 = FOG OR MIST
DPTR FM NORMAL: 0.0 DPTR FM NORMAL: -1.26 2 = FOG REDUCING VISIBILITY
HIGHEST: 85 ON 7 GRTST 24HR 0.67 ON 9-10 TO 1/4 MILE OR LESS
LOWEST: 35 ON 27 3 = THUNDER
SNOW, ICE PELLETS, HAIL 4 = ICE PELLETS
TOTAL MONTH: M 5 = HAIL
GRTST 24HR M ON M 6 = FREEZING RAIN OR DRIZZLE
GRTST DEPTH: M ON M 7 = DUSTSTORM OR SANDSTORM:
VSBY 1/2 MILE OR LESS
8 = SMOKE OR HAZE
[NO. OF DAYS WITH] [WEATHER - DAYS WITH] 9 = BLOWING SNOW
X = TORNADO
MAX 32 OR BELOW: 0 0.01 INCH OR MORE: 7
MAX 90 OR ABOVE: 0 0.10 INCH OR MORE: 3
MIN 32 OR BELOW: 0 0.50 INCH OR MORE: 1
MIN 0 OR BELOW: 0 1.00 INCH OR MORE: 0
[HDD (BASE 65) ]
TOTAL THIS MO. 229 CLEAR (SCALE 0-3) 13
DPTR FM NORMAL -12 PTCLDY (SCALE 4-7) 11
TOTAL FM JUL 1 283 CLOUDY (SCALE 8-10) 6
DPTR FM NORMAL -10
[CDD (BASE 65) ]
TOTAL THIS MO. 30
DPTR FM NORMAL -2 [PRESSURE DATA]
TOTAL FM JAN 1 3520 HIGHEST SLP 30.52 ON 1
DPTR FM NORMAL 739 LOWEST SLP 29.64 ON 30
[REMARKS]
#FINAL-11-23#