000
CXUS56 KBOI 011659
CLMBNO
CLIMATE REPORT
NATIONAL WEATHER SERVICE BOISE ID
1059 AM MDT THU JUN 01 2023
...................................
...THE BURNS OR CLIMATE SUMMARY FOR THE MONTH OF MAY 2023...
CLIMATE NORMAL PERIOD 1991 TO 2020
CLIMATE RECORD PERIOD 1938 TO 2023
WEATHER OBSERVED NORMAL DEPART
VALUE DATE(S) VALUE FROM
NORMAL
................................................
TEMPERATURE (F)
HIGHEST 86 05/20
LOWEST 33 05/24
AVG. MAXIMUM 71.5 68.2 3.3
AVG. MINIMUM 42.8 37.4 5.4
MEAN 57.1 52.8 4.3
DAYS MAX >= 90 0
DAYS MAX <= 32 0
DAYS MIN <= 32 0
DAYS MIN <= 0 0
PRECIPITATION (INCHES)
RECORD
MAXIMUM 3.26 2005
TOTALS 1.98 1.27 0.71
DAYS >= .01 11
DAYS >= .10 5
DAYS >= .50 1
DAYS >= 1.00 1
GREATEST
24 HR. TOTAL 1.14 05/05 TO 05/05
DEGREE DAYS
HEATING TOTAL 247 382 -135
SINCE 7/1 7867 7022 845
COOLING TOTAL 10 4 6
SINCE 1/1 10 4 6
................................................
WIND (MPH)
AVERAGE WIND SPEED 7.3
HIGHEST WIND SPEED/DIRECTION 35/200 DATE 05/04
HIGHEST GUST SPEED/DIRECTION 45/200 DATE 05/04
AVERAGE RH (PERCENT) 58
- INDICATES NEGATIVE NUMBERS.
R INDICATES RECORD WAS SET OR TIED.
MM INDICATES DATA IS MISSING.
T INDICATES TRACE AMOUNT.
$$