000
CXUS54 KMAF 011110
CF6BPG
PRELIMINARY LOCAL CLIMATOLOGICAL DATA (WS FORM: F-6)
STATION: BIG SPRING MCMAHON-WRINKLE FI
MONTH: JULY
YEAR: 2022
LATITUDE: 32 12 N
LONGITUDE: 101 31 W
TEMPERATURE IN F: :PCPN: SNOW: WIND :SUNSHINE: SKY :PK WND
================================================================================
1 2 3 4 5 6A 6B 7 8 9 10 11 12 13 14 15 16 17 18
12Z AVG MX 2MIN
DY MAX MIN AVG DEP HDD CDD WTR SNW DPTH SPD SPD DIR MIN PSBL S-S WX SPD DR
================================================================================
1 100 76 88 M 0 23 M M M 11.7 18 170 M M 2 26 130
2 101 75 88 M 0 23 M M M 11.4 17 140 M M 1 25 70
3 97 74 86 M 0 21 M M M 15.4 23 160 M M 2 8 32 150
4 100 75 88 M 0 23 M M M 15.2 23 170 M M 2 29 170
5 101 76 89 M 0 24 M M M 12.2 18 190 M M 1 28 190
6 102 77 90 M 0 25 M M M 11.2 22 190 M M 2 28 190
7 103 78 91 M 0 26 M M M 11.7 17 190 M M 0 21 200
8 104 76 90 M 0 25 M M M 8.2 23 30 M M 1 8 35 120
9 100 79 90 M 0 25 M M M 11.7 30 60 M M 2 40 60
10 103 78 91 M 0 26 M M M 7.7 14 20 M M 0 20 50
11 106 73 90 M 0 25 M M M 8.2 16 90 M M 0 24 70
12 100 78 89 M 0 24 M M M 13.1 23 70 M M 0 29 70
13 102 75 89 M 0 24 M M M 6.5 18 210 M M 3 24 210
14 100 71 86 M 0 21 M M M 8.6 24 130 M M 1 35 130
15 100 65 83 M 0 18 M M M 7.7 18 150 M M 0 25 150
16 100 73 87 M 0 22 M M M 8.4 12 60 M M 1 20 100
17 101 75 88 M 0 23 M M M 8.0 13 180 M M 0 17 180
18 106 73 90 M 0 25 M M M 7.7 12 160 M M 0 M M
19 108 76 92 M 0 27 M M M 11.4 18 210 M M 0 23 210
20 105 79 92 M 0 27 M M M 9.8 16 140 M M 0 18 110
21 96 82 89 M 0 24 M M M 10.4 16 90 M M 1 23 110
22 101 81 91 M 0 26 0.02 M M 10.2 21 360 M M 3 8 24 360
23 100 78 89 M 0 24 M M M 13.7 20 180 M M 2 25 170
24 100 77 89 M 0 24 M M M 13.3 21 170 M M 1 23 180
25 100 77 89 M 0 24 M M M 14.3 18 170 M M 1 28 180
26 101 77 89 M 0 24 M M M 14.2 23 170 M M 0 25 170
27 102 78 90 M 0 25 M M M 13.2 18 140 M M 0 23 180
28 101 76 89 M 0 24 M M M 11.9 16 120 M M 1 22 130
29 101 77 89 M 0 24 M M M 11.3 20 140 M M 2 28 140
30 100 77 89 M 0 24 M M M 10.9 17 180 M M 1 23 200
31 99 77 88 M 0 23 M M M 13.5 18 180 M M 0 25 190
================================================================================
SM 3140 2359 0 743 0.02 M 342.7 M 30
================================================================================
AV101.3 76.1 11.1 FASTST M M 1 MAX(MPH)
MISC ----> 30 60 40 60
================================================================================
NOTES:
# LAST OF SEVERAL OCCURRENCES
COLUMN 17 PEAK WIND IN M.P.H.
PRELIMINARY LOCAL CLIMATOLOGICAL DATA (WS FORM: F-6) , PAGE 2
STATION: BIG SPRING MCMAHON-WRINKLE FI
MONTH: JULY
YEAR: 2022
LATITUDE: 32 12 N
LONGITUDE: 101 31 W
[TEMPERATURE DATA] [PRECIPITATION DATA] SYMBOLS USED IN COLUMN 16
AVERAGE MONTHLY: 88.7 TOTAL FOR MONTH: 0.02 1 = FOG OR MIST
DPTR FM NORMAL: 0.0 DPTR FM NORMAL: M 2 = FOG REDUCING VISIBILITY
HIGHEST: 108 ON 19 GRTST 24HR 0.02 ON 22-22 TO 1/4 MILE OR LESS
LOWEST: 65 ON 15 3 = THUNDER
SNOW, ICE PELLETS, HAIL 4 = ICE PELLETS
TOTAL MONTH: M 5 = HAIL
GRTST 24HR M ON M 6 = FREEZING RAIN OR DRIZZLE
GRTST DEPTH: M ON M 7 = DUSTSTORM OR SANDSTORM:
VSBY 1/2 MILE OR LESS
8 = SMOKE OR HAZE
[NO. OF DAYS WITH] [WEATHER - DAYS WITH] 9 = BLOWING SNOW
X = TORNADO
MAX 32 OR BELOW: 0 0.01 INCH OR MORE: 1
MAX 90 OR ABOVE: 31 0.10 INCH OR MORE: 0
MIN 32 OR BELOW: 0 0.50 INCH OR MORE: 0
MIN 0 OR BELOW: 0 1.00 INCH OR MORE: 0
[HDD (BASE 65) ]
TOTAL THIS MO. 0 CLEAR (SCALE 0-3) 31
DPTR FM NORMAL M PTCLDY (SCALE 4-7) 0
TOTAL FM JUL 1 0 CLOUDY (SCALE 8-10) 0
DPTR FM NORMAL M
[CDD (BASE 65) ]
TOTAL THIS MO. 743
DPTR FM NORMAL M [PRESSURE DATA]
TOTAL FM JAN 1 2052 HIGHEST SLP M ON M
DPTR FM NORMAL M LOWEST SLP M ON M
[REMARKS]
#FINAL-07-22#