000
CXUS55 KRIW 011110
CF6BPI
PRELIMINARY LOCAL CLIMATOLOGICAL DATA (WS FORM: F-6)
STATION: BIG PINEY WY
MONTH: NOVEMBER
YEAR: 2021
LATITUDE: 42 34 N
LONGITUDE: 110 6 W
TEMPERATURE IN F: :PCPN: SNOW: WIND :SUNSHINE: SKY :PK WND
================================================================================
1 2 3 4 5 6A 6B 7 8 9 10 11 12 13 14 15 16 17 18
12Z AVG MX 2MIN
DY MAX MIN AVG DEP HDD CDD WTR SNW DPTH SPD SPD DIR MIN PSBL S-S WX SPD DR
================================================================================
1 36 32 34 3 31 0 0.06 M M 2.2 9 130 M M 10 12 10 100
2 49 29 39 8 26 0 T M M 3.8 16 350 M M 7 1 21 340
3 53 25 39 9 26 0 0.00 M M 5.3 13 340 M M 0 16 50
4 52 23 38 8 27 0 0.00 M M 4.7 15 340 M M 0 20 330
5 54 25 40 10 25 0 0.00 M M 4.8 16 260 M M 0 27 320
6 54 24 39 10 26 0 0.00 M M 4.6 16 210 M M 2 23 220
7 41 27 34 5 31 0 T M M 8.1 16 30 M M 7 20 40
8 40 19 30 2 35 0 T M M 4.1 14 230 M M 7 12 17 230
9 40 22 31 3 34 0 0.00 M M 4.5 15 210 M M 8 12 18 210
10 40 19 30 3 35 0 0.00 M M 11.6 24 300 M M 1 36 320
11 41 20 31 4 34 0 T M M 9.8 24 340 M M 4 33 340
12 51 24 38 12 27 0 0.00 M M 7.2 21 330 M M 4 27 350
13 53 23 38 12 27 0 0.00 M M 9.6 25 320 M M 2 32 320
14 56 22 39 14 26 0 0.00 M M 4.9 22 310 M M 1 29 310
15 60 20 40 15 25 0 0.00 M M 6.4 23 280 M M 0 30 260
16 48 20 34 10 31 0 T M M 20.1 43 300 M M 1 57 290
17 32 5 19 -5 46 0 T M M 9.7 18 350 M M 1 23 360
18 32 1 17 -6 48 0 0.00 M M 2.6 8 100 M M 1 10 130
19 43 21 32 9 33 0 T M M 4.7 20 260 M M 9 1 24 260
20 39 17 28 6 37 0 T M M 8.3 26 340 M M 6 1 34 330
21 41 7 24 2 41 0 0.00 M M 5.3 18 10 M M 0 23 10
22 48 10 29 8 36 0 0.00 M M 4.8 15 340 M M 0 17 340
23 48 7 28 7 37 0 T M M 7.8 30 270 M M 2 39 280
24 34 9 22 2 43 0 0.00 M M 13.8 32 340 M M 1 42 340
25 39 4 22 2 43 0 0.00 M M 5.4 16 30 M M 0 20 20
26 46 14 30 11 35 0 0.00 M M 5.1 14 20 M M 2 18 50
27 45 16 31 12 34 0 0.00 M M 5.8 14 350 M M 0 16 360
28 50 14 32 14 33 0 0.00 M M 2.3 10 340 M M 0 12 330
29 54 13 34 16 31 0 0.00 M M 5.0 18 260 M M 0 23 270
30 44 12 28 11 37 0 0.00 M M 6.7 18 350 M M 0 27 350
================================================================================
SM 1363 524 1000 0 0.06 M 199.0 M 76
================================================================================
AV 45.4 17.5 6.6 FASTST M M 3 MAX(MPH)
MISC ----> 43 300 57 290
================================================================================
NOTES:
# LAST OF SEVERAL OCCURRENCES
COLUMN 17 PEAK WIND IN M.P.H.
PRELIMINARY LOCAL CLIMATOLOGICAL DATA (WS FORM: F-6) , PAGE 2
STATION: BIG PINEY WY
MONTH: NOVEMBER
YEAR: 2021
LATITUDE: 42 34 N
LONGITUDE: 110 6 W
[TEMPERATURE DATA] [PRECIPITATION DATA] SYMBOLS USED IN COLUMN 16
AVERAGE MONTHLY: 31.5 TOTAL FOR MONTH: 0.06 1 = FOG OR MIST
DPTR FM NORMAL: 7.1 DPTR FM NORMAL: -0.20 2 = FOG REDUCING VISIBILITY
HIGHEST: 60 ON 15 GRTST 24HR 0.19 ON 31- 1 TO 1/4 MILE OR LESS
LOWEST: 1 ON 18 3 = THUNDER
SNOW, ICE PELLETS, HAIL 4 = ICE PELLETS
TOTAL MONTH: M 5 = HAIL
GRTST 24HR M ON M 6 = FREEZING RAIN OR DRIZZLE
GRTST DEPTH: M ON M 7 = DUSTSTORM OR SANDSTORM:
VSBY 1/2 MILE OR LESS
8 = SMOKE OR HAZE
[NO. OF DAYS WITH] [WEATHER - DAYS WITH] 9 = BLOWING SNOW
X = TORNADO
MAX 32 OR BELOW: 2 0.01 INCH OR MORE: 1
MAX 90 OR ABOVE: 0 0.10 INCH OR MORE: 0
MIN 32 OR BELOW: 30 0.50 INCH OR MORE: 0
MIN 0 OR BELOW: 0 1.00 INCH OR MORE: 0
[HDD (BASE 65) ]
TOTAL THIS MO. 1000 CLEAR (SCALE 0-3) 21
DPTR FM NORMAL -218 PTCLDY (SCALE 4-7) 7
TOTAL FM JUL 1 2287 CLOUDY (SCALE 8-10) 2
DPTR FM NORMAL -466
[CDD (BASE 65) ]
TOTAL THIS MO. 0
DPTR FM NORMAL 0 [PRESSURE DATA]
TOTAL FM JAN 1 107 HIGHEST SLP 30.74 ON 25
DPTR FM NORMAL 77 LOWEST SLP 29.67 ON 16
[REMARKS]
#FINAL-11-21#