000
CXUS54 KLCH 012211
CF6BPT
PRELIMINARY LOCAL CLIMATOLOGICAL DATA (WS FORM: F-6)
STATION: BEAUMONT PORT ARTHUR
MONTH: DECEMBER
YEAR: 2020
LATITUDE: 29 57 N
LONGITUDE: 94 1 W
TEMPERATURE IN F: :PCPN: SNOW: WIND :SUNSHINE: SKY :PK WND
================================================================================
1 2 3 4 5 6A 6B 7 8 9 10 11 12 13 14 15 16 17 18
12Z AVG MX 2MIN
DY MAX MIN AVG DEP HDD CDD WTR SNW DPTH SPD SPD DIR MIN PSBL S-S WX SPD DR
================================================================================
1 59 30 45 -12 20 0 0.00 0.0 M 7.2 17 120 M M 3 8 23 100
2 59 51 55 -2 10 0 0.44 0.0 M 15.3 24 100 M M 8 1 33 100
3 56 44 50 -7 15 0 0.55 0.0 M 11.6 22 350 M M 9 1 28 350
4 58 41 50 -6 15 0 0.00 0.0 M 7.9 15 350 M M 1 22 350
5 53 37 45 -11 20 0 0.01 0.0 M 3.6 13 30 M M 3 18 30
6 60 46 53 -3 12 0 0.03 0.0 M 5.7 9 310 M M 4 1 13 270
7 63 38 51 -5 14 0 0.00 0.0 M 6.3 16 350 M M 0 22 350
8 69 36 53 -2 12 0 0.00 0.0 M 4.5 10 230 M M 0 14 230
9 77 40 59 4 6 0 0.00 0.0 M 4.7 12 220 M M 0 1 16 250
10 76 45 61 6 4 0 0.00 0.0 M 6.7 17 170 M M 3 12 23 180
11 74 60 67 12 0 2 0.13 0.0 M 13.9 22 160 M M 6 1 30 160
12 73 55 64 9 1 0 0.00 0.0 M 6.8 15 320 M M 6 1 19 320
13 70 46 58 4 7 0 1.03 0.0 M 15.8 32 310 M M 9 13 43 300
14 46 42 44 -10 21 0 0.00 0.0 M 11.4 25 350 M M 10 34 320
15 49 44 47 -7 18 0 0.07 0.0 M 10.5 18 70 M M 10 1 24 70
16 51 36 44 -10 21 0 0.00 0.0 M 10.0 18 330 M M 7 1 22 330
17 56 32 44 -10 21 0 0.00 0.0 M 3.7 9 50 M M 0 13 20
18 62 36 49 -5 16 0 T 0.0 M 11.4 22 110 M M 3 1 29 110
19 69 54 62 8 3 0 1.81 0.0 M 11.0 29 280 M M 9 1238 45 280
20 64 43 54 1 11 0 0.00 0.0 M 5.6 13 350 M M 6 1 18 340
21 69 41 55 2 10 0 0.00 0.0 M 3.6 13 190 M M 3 12 17 200
22 69 45 57 4 8 0 0.00 0.0 M 6.9 15 150 M M 2 12 20 110
23 74 56 65 12 0 0 1.42 0.0 M 13.4 31 250 M M 9 1235 44 230
24 56 36 46 -7 19 0 T 0.0 M 15.1 30 340 M M 2 40 320
25 59 36 48 -5 17 0 0.00 0.0 M 6.2 14 330 M M 0 19 320
26 64 39 52 -1 13 0 0.00 0.0 M 6.4 14 150 M M 0 19 160
27 71 48 60 7 5 0 0.00 0.0 M 10.5 21 170 M M 3 28 170
28 74 55 65 12 0 0 0.00 0.0 M 8.3 15 150 M M 3 20 150
29 71 55 63 10 2 0 0.00 0.0 M 14.0 23 120 M M 4 30 120
30 76 62 69 17 0 4 T 0.0 M 13.7 25 140 M M 8 34 150
31 70 45 58 6 7 0 0.24 0.0 M 15.7 30 120 M M 9 13 41 130
================================================================================
SM 1997 1374 328 6 5.73 0.0 287.4 M 140
================================================================================
AV 64.4 44.3 9.3 FASTST M M 5 MAX(MPH)
MISC ----> 32 310 45 280
================================================================================
NOTES:
# LAST OF SEVERAL OCCURRENCES
COLUMN 17 PEAK WIND IN M.P.H.
PRELIMINARY LOCAL CLIMATOLOGICAL DATA (WS FORM: F-6) , PAGE 2
STATION: BEAUMONT PORT ARTHUR
MONTH: DECEMBER
YEAR: 2020
LATITUDE: 29 57 N
LONGITUDE: 94 1 W
[TEMPERATURE DATA] [PRECIPITATION DATA] SYMBOLS USED IN COLUMN 16
AVERAGE MONTHLY: 54.4 TOTAL FOR MONTH: 5.73 1 = FOG OR MIST
DPTR FM NORMAL: 0.1 DPTR FM NORMAL: 0.44 2 = FOG REDUCING VISIBILITY
HIGHEST: 77 ON 9 GRTST 24HR 1.81 ON 19-19 TO 1/4 MILE OR LESS
LOWEST: 30 ON 1 3 = THUNDER
SNOW, ICE PELLETS, HAIL 4 = ICE PELLETS
TOTAL MONTH: 0.0 INCH 5 = HAIL
GRTST 24HR 0.0 6 = FREEZING RAIN OR DRIZZLE
GRTST DEPTH: M ON M 7 = DUSTSTORM OR SANDSTORM:
VSBY 1/2 MILE OR LESS
8 = SMOKE OR HAZE
[NO. OF DAYS WITH] [WEATHER - DAYS WITH] 9 = BLOWING SNOW
X = TORNADO
MAX 32 OR BELOW: 0 0.01 INCH OR MORE: 10
MAX 90 OR ABOVE: 0 0.10 INCH OR MORE: 7
MIN 32 OR BELOW: 2 0.50 INCH OR MORE: 4
MIN 0 OR BELOW: 0 1.00 INCH OR MORE: 3
[HDD (BASE 65) ]
TOTAL THIS MO. 328 CLEAR (SCALE 0-3) 14
DPTR FM NORMAL -27 PTCLDY (SCALE 4-7) 9
TOTAL FM JUL 1 426 CLOUDY (SCALE 8-10) 8
DPTR FM NORMAL -125
[CDD (BASE 65) ]
TOTAL THIS MO. 6
DPTR FM NORMAL -16 [PRESSURE DATA]
TOTAL FM JAN 1 2800 HIGHEST SLP 30.36 ON 17
DPTR FM NORMAL -77 LOWEST SLP 29.57 ON 31
[REMARKS]
#FINAL-12-20#