000
CXUS55 KDVN 011000
CF6BRL
PRELIMINARY LOCAL CLIMATOLOGICAL DATA (WS FORM: F-6)
STATION: BURLINGTON IA
MONTH: MAY
YEAR: 2022
LATITUDE: 40 46 N
LONGITUDE: 91 7 W
TEMPERATURE IN F: :PCPN: SNOW: WIND :SUNSHINE: SKY :PK WND
================================================================================
1 2 3 4 5 6A 6B 7 8 9 10 11 12 13 14 15 16 17 18
12Z AVG MX 2MIN
DY MAX MIN AVG DEP HDD CDD WTR SNW DPTH SPD SPD DIR MIN PSBL S-S WX SPD DR
================================================================================
1 55 47 51 -7 14 0 0.00 M M 12.6 23 240 M M 10 34 250
2 59 40 50 -8 15 0 0.22 M M 6.4 16 110 M M 4 1 25 100
3 54 48 51 -7 14 0 0.17 M M 12.4 23 10 M M 10 1 30 10
4 61 42 52 -7 13 0 0.00 M M 8.0 14 80 M M 6 22 30
5 56 50 53 -6 12 0 0.43 M M 9.3 16 50 M M 10 1 23 40
6 57 47 52 -8 13 0 0.02 M M 13.0 22 30 M M 8 1 31 40
7 69 42 56 -4 9 0 0.00 M M 8.8 15 120 M M 0 22 110
8 72 53 63 3 2 0 0.00 M M 13.2 25 140 M M 4 36 150
9 85 61 73 12 0 8 0.00 M M 16.5 29 180 M M 2 39 190
10 89 71 80 19 0 15 0.00 M M 10.8 20 180 M M 4 27 170
11 91 68 80 19 0 15 0.00 M M 8.0 17 190 M M 3 128 24 200
12 91 72 82 20 0 17 0.00 M M 9.3 20 190 M M 0 1 25 170
13 90 68 79 17 0 14 0.00 M M 7.2 17 290 M M 1 8 27 290
14 87 62 75 13 0 10 0.00 M M 3.2 10 360 M M 1 8 13 40
15 70 52 61 -2 4 0 0.06 M M 6.8 22 340 M M 5 33 330
16 80 51 66 3 0 1 0.00 M M 8.2 22 280 M M 1 34 300
17 82 51 67 4 0 2 0.20 M M 5.7 25 140 M M 3 13 37 140
18 77 61 69 5 0 4 0.00 M M 6.1 15 310 M M 5 1 22 300
19 84 58 71 7 0 6 0.00 M M 11.2 21 170 M M 1 1 29 190
20 77 56 67 3 0 2 0.33 M M 9.1 21 220 M M 6 3 29 230
21 62 49 56 -9 9 0 0.27 M M 8.3 16 340 M M 6 13 23 350
22 66 43 55 -10 10 0 0.00 M M 8.7 20 360 M M 0 28 330
23 70 48 59 -6 6 0 0.00 M M 7.5 14 90 M M 3 20 80
24 70 52 61 -5 4 0 0.64 M M 11.3 20 50 M M 9 1 27 60
25 76 54 65 -1 0 0 0.58 M M 8.6 28 230 M M 8 13 37 220
26 73 60 67 1 0 2 0.13 M M 6.6 14 320 M M 7 123 21 320
27 72 56 64 -3 1 0 0.00 M M 7.7 16 340 M M 7 1 25 330
28 76 54 65 -2 0 0 0.00 M M 11.3 18 170 M M 0 27 170
29 85 64 75 7 0 10 0.00 M M 16.1 24 170 M M 0 37 170
30 86 69 78 10 0 13 0.00 M M 17.0 25 180 M M 1 39 190
31 81 70 76 8 0 11 0.50 M M 9.1 22 210 M M 6 13 29 210
================================================================================
SM 2303 1719 126 130 3.55 M 298.0 M 131
================================================================================
AV 74.3 55.5 9.6 FASTST M M 4 MAX(MPH)
MISC ----> 29 180 # 39 190
================================================================================
NOTES:
# LAST OF SEVERAL OCCURRENCES
COLUMN 17 PEAK WIND IN M.P.H.
PRELIMINARY LOCAL CLIMATOLOGICAL DATA (WS FORM: F-6) , PAGE 2
STATION: BURLINGTON IA
MONTH: MAY
YEAR: 2022
LATITUDE: 40 46 N
LONGITUDE: 91 7 W
[TEMPERATURE DATA] [PRECIPITATION DATA] SYMBOLS USED IN COLUMN 16
AVERAGE MONTHLY: 64.9 TOTAL FOR MONTH: 3.55 1 = FOG OR MIST
DPTR FM NORMAL: 1.9 DPTR FM NORMAL: -1.38 2 = FOG REDUCING VISIBILITY
HIGHEST: 91 ON 12,11 GRTST 24HR 1.22 ON 24-25 TO 1/4 MILE OR LESS
LOWEST: 40 ON 2 3 = THUNDER
SNOW, ICE PELLETS, HAIL 4 = ICE PELLETS
TOTAL MONTH: M 5 = HAIL
GRTST 24HR M ON M 6 = FREEZING RAIN OR DRIZZLE
GRTST DEPTH: M ON M 7 = DUSTSTORM OR SANDSTORM:
VSBY 1/2 MILE OR LESS
8 = SMOKE OR HAZE
[NO. OF DAYS WITH] [WEATHER - DAYS WITH] 9 = BLOWING SNOW
X = TORNADO
MAX 32 OR BELOW: 0 0.01 INCH OR MORE: 12
MAX 90 OR ABOVE: 3 0.10 INCH OR MORE: 10
MIN 32 OR BELOW: 0 0.50 INCH OR MORE: 3
MIN 0 OR BELOW: 0 1.00 INCH OR MORE: 0
[HDD (BASE 65) ]
TOTAL THIS MO. 126 CLEAR (SCALE 0-3) 14
DPTR FM NORMAL -16 PTCLDY (SCALE 4-7) 11
TOTAL FM JUL 1 5711 CLOUDY (SCALE 8-10) 6
DPTR FM NORMAL -95
[CDD (BASE 65) ]
TOTAL THIS MO. 130
DPTR FM NORMAL 50 [PRESSURE DATA]
TOTAL FM JAN 1 141 HIGHEST SLP 30.35 ON 23
DPTR FM NORMAL 48 LOWEST SLP 29.33 ON 20
[REMARKS]
#FINAL-05-22#