000
CXUS55 KDVN 011000
CF6BRL
PRELIMINARY LOCAL CLIMATOLOGICAL DATA (WS FORM: F-6)
STATION: BURLINGTON IA
MONTH: AUGUST
YEAR: 2021
LATITUDE: 40 46 N
LONGITUDE: 91 7 W
TEMPERATURE IN F: :PCPN: SNOW: WIND :SUNSHINE: SKY :PK WND
================================================================================
1 2 3 4 5 6A 6B 7 8 9 10 11 12 13 14 15 16 17 18
12Z AVG MX 2MIN
DY MAX MIN AVG DEP HDD CDD WTR SNW DPTH SPD SPD DIR MIN PSBL S-S WX SPD DR
================================================================================
1 82 64 73 -2 0 8 0.00 M M 6.6 15 10 M M 1 18 20 20
2 79 59 69 -6 0 4 0.00 M M 3.0 9 60 M M 3 14 70
3 81 57 69 -6 0 4 0.00 M M 1.3 8 120 M M 2 1 17 80
4 81 57 69 -6 0 4 0.00 M M 1.7 10 180 M M 1 12 18 180
5 77 62 70 -5 0 5 0.01 M M 7.6 17 170 M M 3 24 170
6 82 67 75 0 0 10 0.34 M M 7.1 14 220 M M 2 13 22 220
7 87 68 78 3 0 13 0.00 M M 9.1 16 190 M M 0 1 23 200
8 85 70 78 3 0 13 0.04 M M 9.9 18 210 M M 1 1 29 200
9 89 70 80 5 0 15 0.00 M M 8.5 16 180 M M 5 23 190
10 90 74 82 8 0 17 0.08 M M 8.2 20 180 M M 2 138 29 200
11 89 68 79 5 0 14 2.02 M M 10.2 29 250 M M 3 13 45 250
12 81 67 74 0 0 9 0.73 M M 4.8 20 250 M M 3 13 26 240
13 82 63 73 -1 0 8 0.00 M M 5.3 13 10 M M 2 17 10
14 81 60 71 -3 0 6 0.00 M M 5.1 12 50 M M 0 17 340
15 80 61 71 -3 0 6 0.00 M M 5.7 12 60 M M 0 16 50
16 81 57 69 -5 0 4 0.00 M M 2.9 10 160 M M 2 17 170
17 84 62 73 -1 0 8 0.00 M M 2.1 10 130 M M 0 1 15 170
18 86 63 75 1 0 10 0.00 M M 2.1 9 130 M M 0 18 13 130
19 88 66 77 3 0 12 0.00 M M 1.3 7 100 M M 2 18 10 170
20 88 67 78 4 0 13 0.00 M M 6.4 15 170 M M 1 1 21 120
21 85 66 76 3 0 11 0.14 M M 6.0 13 210 M M 5 13 20 230
22 82 60 71 -2 0 6 0.00 M M 3.2 9 10 M M 0 13 50
23 87 66 77 4 0 12 0.01 M M 8.5 22 20 M M 1 13 31 20
24 92 71 82 9 0 17 0.02 M M 9.1 30 10 M M 1 3 38 10
25 89 71 80 7 0 15 0.04 M M 3.7 10 10 M M 3 1 16 130
26 90 68 79 6 0 14 0.00 M M 3.8 17 180 M M 1 24 160
27 92 70 81 9 0 16 0.00 M M 8.6 15 170 M M 0 21 170
28 91 73 82 10 0 17 0.00 M M 7.8 14 190 M M 0 20 200
29 88 70 79 7 0 14 0.00 M M 7.1 21 190 M M 2 3 30 230
30 86 69 78 6 0 13 0.00 M M 5.6 10 30 M M 2 14 80
31 78 67 73 1 0 8 0.44 M M 8.1 21 40 M M 8 1 29 40
================================================================================
SM 2633 2033 0 326 3.87 M 180.4 M 56
================================================================================
AV 84.9 65.6 5.8 FASTST M M 2 MAX(MPH)
MISC ----> 30 10 45 250
================================================================================
NOTES:
# LAST OF SEVERAL OCCURRENCES
COLUMN 17 PEAK WIND IN M.P.H.
PRELIMINARY LOCAL CLIMATOLOGICAL DATA (WS FORM: F-6) , PAGE 2
STATION: BURLINGTON IA
MONTH: AUGUST
YEAR: 2021
LATITUDE: 40 46 N
LONGITUDE: 91 7 W
[TEMPERATURE DATA] [PRECIPITATION DATA] SYMBOLS USED IN COLUMN 16
AVERAGE MONTHLY: 75.3 TOTAL FOR MONTH: 3.87 1 = FOG OR MIST
DPTR FM NORMAL: 1.5 DPTR FM NORMAL: 0.10 2 = FOG REDUCING VISIBILITY
HIGHEST: 92 ON 27,24 GRTST 24HR 2.56 ON 11-12 TO 1/4 MILE OR LESS
LOWEST: 57 ON 16, 4 3 = THUNDER
SNOW, ICE PELLETS, HAIL 4 = ICE PELLETS
TOTAL MONTH: M 5 = HAIL
GRTST 24HR M ON M 6 = FREEZING RAIN OR DRIZZLE
GRTST DEPTH: M ON M 7 = DUSTSTORM OR SANDSTORM:
VSBY 1/2 MILE OR LESS
8 = SMOKE OR HAZE
[NO. OF DAYS WITH] [WEATHER - DAYS WITH] 9 = BLOWING SNOW
X = TORNADO
MAX 32 OR BELOW: 0 0.01 INCH OR MORE: 11
MAX 90 OR ABOVE: 5 0.10 INCH OR MORE: 5
MIN 32 OR BELOW: 0 0.50 INCH OR MORE: 2
MIN 0 OR BELOW: 0 1.00 INCH OR MORE: 1
[HDD (BASE 65) ]
TOTAL THIS MO. 0 CLEAR (SCALE 0-3) 28
DPTR FM NORMAL -4 PTCLDY (SCALE 4-7) 2
TOTAL FM JUL 1 0 CLOUDY (SCALE 8-10) 1
DPTR FM NORMAL -2
[CDD (BASE 65) ]
TOTAL THIS MO. 326
DPTR FM NORMAL 51 [PRESSURE DATA]
TOTAL FM JAN 1 992 HIGHEST SLP 30.27 ON 14
DPTR FM NORMAL 56 LOWEST SLP 29.73 ON 31
[REMARKS]
#FINAL-08-21#