000
CXUS53 KDVN 010822
CLABRL
CLIMATE REPORT
NATIONAL WEATHER SERVICE QUAD CITIES IA IL
222 AM CST SAT JAN 01 2022
...................................
...THE BURLINGTON IA CLIMATE SUMMARY FOR THE YEAR OF 2021...
CLIMATE NORMAL PERIOD 1991 TO 2020
CLIMATE RECORD PERIOD 1897 TO 2021
WEATHER OBSERVED NORMAL DEPART LAST YEAR`S
VALUE DATE(S) VALUE FROM VALUE
NORMAL
..............................................................
TEMPERATURE (F)
RECORD
HIGH 111 07/15/1936
07/14/1936
LOW -27 02/13/1905
HIGHEST 93 06/10 87 6
06/17
LOWEST -11 02/17 17 -28
AVG. MAXIMUM 61.9 61.3 0.6
AVG. MINIMUM 43.7 42.5 1.2
MEAN 52.8 51.9 0.9
DAYS MAX >= 90 15
DAYS MAX <= 32 36
DAYS MIN <= 32 115
DAYS MIN <= 0 11
PRECIPITATION (INCHES)
TOTALS 39.26 37.86 1.40
DAILY AVG. 0.11 0.10 0.01
DAYS >= .01 103
DAYS >= .10 62
DAYS >= .50 27
DAYS >= 1.00 12
GREATEST
24 HR. TOTAL 2.56 08/11 TO 08/12
DEGREE DAYS
HEATING TOTAL 5501 5820 -319
SINCE 7/1 1790 2243 -453
COOLING TOTAL 1211 1083 128
SINCE 1/1 1211 1083 128
..............................................................
WIND (MPH)
AVERAGE WIND SPEED 8.2
HIGHEST WIND SPEED/DIRECTION 41/230 DATE 12/15
HIGHEST GUST SPEED/DIRECTION 61/230 DATE 12/15
SKY COVER
POSSIBLE SUNSHINE (PERCENT) MM
AVERAGE SKY COVER 0.36
NUMBER OF DAYS FAIR 201
NUMBER OF DAYS PC 101
NUMBER OF DAYS CLOUDY 63
AVERAGE RH (PERCENT) 72
WEATHER CONDITIONS. NUMBER OF DAYS WITH
THUNDERSTORM 45 HAIL 0
SLEET 0 FOG 167
FOG W/VIS <= 1/4 MILE 24 HAZE 77
- INDICATES NEGATIVE NUMBERS.
R INDICATES RECORD WAS SET OR TIED.
MM INDICATES DATA IS MISSING.
T INDICATES TRACE AMOUNT.
$$