000
CXAK56 PAFG 020054
CF6BRW
PRELIMINARY LOCAL CLIMATOLOGICAL DATA (WS FORM: F-6)
STATION: UTQIAGVIK (BARROW) AK
MONTH: JUNE
YEAR: 2021
LATITUDE: 71 17 N
LONGITUDE: 156 47 W
TEMPERATURE IN F: :PCPN: SNOW: WIND :SUNSHINE: SKY :PK WND
================================================================================
1 2 3 4 5 6A 6B 7 8 9 10 11 12 13 14 15 16 17 18
12Z AVG MX 2MIN
DY MAX MIN AVG DEP HDD CDD WTR SNW DPTH SPD SPD DIR MIN PSBL S-S WX SPD DR
================================================================================
1 33 29 31 0 34 0 T M M 17.3 22 40 M M 10 18 26 40
2 31 28 30 -1 35 0 T M M 18.8 26 60 M M 10 18 30 60
3 34 28 31 -1 34 0 T M M 16.5 22 70 M M 10 18 26 70
4 35 31 33 1 32 0 0.03 M M 11.3 16 90 M M 10 128 20 100
5 35 30 33 1 32 0 0.00 M M 10.3 15 80 M M 10 128 17 110
6 33 30 32 -1 33 0 0.00 M M 13.2 20 80 M M 10 12 23 80
7 33 28 31 -2 34 0 T M M 18.8 25 90 M M 10 128 32 80
8 33 30 32 -2 33 0 T M M 17.1 25 90 M M 10 12 30 90
9 35 29 32 -2 33 0 T M M 12.2 18 90 M M 10 128 22 90
10 42 27 35 0 30 0 0.01 M M 11.0 20 260 M M 9 1268 23 250
11 40 28 34 -1 31 0 T M M 8.8 16 260 M M 9 12 20 250
12 36 28 32 -4 33 0 0.05 M M 7.7 13 70 M M 10 12 15 70
13 40 32 36 0 29 0 0.01 M M 14.8 22 70 M M 8 12 25 90
14 42 32 37 1 28 0 T M M 16.5 23 110 M M 8 12 28 110
15 48 37 43 6 22 0 0.03 M M 15.9 28 250 M M 7 1 35 250
16 52 37 45 8 20 0 0.00 M M 11.0 17 230 M M 0 21 230
17 57 44 51 13 14 0 0.00 M M 10.1 15 140 M M 1 19 140
18 59 41 50 12 15 0 0.00 M M 7.7 14 90 M M 1 15 90
19 51 32 42 4 23 0 0.00 M M 9.2 16 360 M M 6 128 18 360
20 36 32 34 -5 31 0 0.00 M M 10.7 15 30 M M 10 128 19 360
21 43 32 38 -1 27 0 0.00 M M 6.7 12 310 M M 2 16 290
22 49 36 43 4 22 0 0.00 M M 6.1 10 70 M M 0 8 12 20
23 47 35 41 1 24 0 0.00 M M 9.2 14 30 M M 5 128 16 60
24 45 34 40 0 25 0 T M M 11.2 22 360 M M 9 12 27 360
25 39 32 36 -4 29 0 T M M 16.5 23 10 M M 10 18 30 360
26 57 32 45 5 20 0 0.00 M M 13.9 21 220 M M 6 128 25 210
27 51 38 45 4 20 0 0.09 M M 17.1 25 240 M M 5 18 33 240
28 39 32 36 -5 29 0 0.14 M M 9.0 16 300 M M 10 18 20 220
29 38 31 35 -6 30 0 T M M 10.1 17 260 M M 8 18 20 260
30 37 31 34 -7 31 0 0.01 M M 6.5 14 280 M M 10 18 18 280
================================================================================
SM 1250 966 833 0 0.37 M 365.2 M 224
================================================================================
AV 41.7 32.2 12.2 FASTST M M 7 MAX(MPH)
MISC ----> 28 250 35 250
================================================================================
NOTES:
# LAST OF SEVERAL OCCURRENCES
COLUMN 17 PEAK WIND IN M.P.H.
PRELIMINARY LOCAL CLIMATOLOGICAL DATA (WS FORM: F-6) , PAGE 2
STATION: UTQIAGVIK (BARROW) AK
MONTH: JUNE
YEAR: 2021
LATITUDE: 71 17 N
LONGITUDE: 156 47 W
[TEMPERATURE DATA] [PRECIPITATION DATA] SYMBOLS USED IN COLUMN 16
AVERAGE MONTHLY: 36.9 TOTAL FOR MONTH: 0.37 1 = FOG OR MIST
DPTR FM NORMAL: 0.3 DPTR FM NORMAL: -0.06 2 = FOG REDUCING VISIBILITY
HIGHEST: 59 ON 18 GRTST 24HR 0.23 ON 27-28 TO 1/4 MILE OR LESS
LOWEST: 27 ON 10 3 = THUNDER
SNOW, ICE PELLETS, HAIL 4 = ICE PELLETS
TOTAL MONTH: M 5 = HAIL
GRTST 24HR M ON M 6 = FREEZING RAIN OR DRIZZLE
GRTST DEPTH: M ON M 7 = DUSTSTORM OR SANDSTORM:
VSBY 1/2 MILE OR LESS
8 = SMOKE OR HAZE
[NO. OF DAYS WITH] [WEATHER - DAYS WITH] 9 = BLOWING SNOW
X = TORNADO
MAX 32 OR BELOW: 1 0.01 INCH OR MORE: 8
MAX 90 OR ABOVE: 0 0.10 INCH OR MORE: 1
MIN 32 OR BELOW: 22 0.50 INCH OR MORE: 0
MIN 0 OR BELOW: 0 1.00 INCH OR MORE: 0
[HDD (BASE 65) ]
TOTAL THIS MO. 833 CLEAR (SCALE 0-3) 5
DPTR FM NORMAL -19 PTCLDY (SCALE 4-7) 6
TOTAL FM JUL 1 18038 CLOUDY (SCALE 8-10) 19
DPTR FM NORMAL -428
[CDD (BASE 65) ]
TOTAL THIS MO. 0
DPTR FM NORMAL 0 [PRESSURE DATA]
TOTAL FM JAN 1 0 HIGHEST SLP 30.16 ON 19
DPTR FM NORMAL 0 LOWEST SLP 29.43 ON 24
[REMARKS]
#FINAL-06-21#