000
CXAK56 PAFG 051713
CF6BRW
PRELIMINARY LOCAL CLIMATOLOGICAL DATA (WS FORM: F-6)
STATION: UTQIAGVIK (BARROW) AK
MONTH: AUGUST
YEAR: 2023
LATITUDE: 71 17 N
LONGITUDE: 156 47 W
TEMPERATURE IN F: :PCPN: SNOW: WIND :SUNSHINE: SKY :PK WND
================================================================================
1 2 3 4 5 6A 6B 7 8 9 10 11 12 13 14 15 16 17 18
12Z AVG MX 2MIN
DY MAX MIN AVG DEP HDD CDD WTR SNW DPTH SPD SPD DIR MIN PSBL S-S WX SPD DR
================================================================================
1 58 52 55 14 10 0 0.07 M M 9.9 18 110 M M 9 128 22 110
2 55 40 48 7 17 0 0.05 M M 15.5 21 270 M M 10 1 26 260
3 45 37 41 0 24 0 0.00 M M 7.8 20 270 M M 7 1 24 270
4 63 44 54 13 11 0 T M M 11.5 18 130 M M 5 22 130
5 76 56 66 25 0 1 0.00 M M 6.7 16 220 M M 2 20 230
6 65 51 58 17 7 0 0.00 M M 11.7 22 70 M M 0 26 70
7 55 49 52 12 13 0 0.00 M M 13.4 21 70 M M 7 128 23 60
8 50 46 48 8 17 0 0.00 M M 17.7 22 60 M M 10 12 26 60
9 50 45 48 8 17 0 0.00 M M 20.5 25 60 M M 8 12 29 70
10 46 42 44 4 21 0 0.00 M M 19.1 24 70 M M 10 1 29 60
11 45 41 43 3 22 0 0.00 M M 12.1 17 70 M M 10 12 21 80
12 45 43 44 4 21 0 0.00 M M 10.7 18 70 M M 10 1 21 60
13 46 39 43 3 22 0 T M M 10.8 16 60 M M 9 1 19 80
14 48 38 43 3 22 0 0.00 M M 13.7 21 130 M M 10 1 26 140
15 46 42 44 4 21 0 T M M 12.3 21 130 M M 10 12 25 140
16 52 46 49 9 16 0 0.11 M M 10.6 17 220 M M 10 1 20 200
17 47 36 42 2 23 0 0.21 M M 8.3 16 220 M M 10 12 22 230
18 49 37 43 3 22 0 0.01 M M 11.8 25 220 M M 10 1 32 220
19 45 39 42 2 23 0 0.02 M M 10.5 17 280 M M 9 28 210
20 47 40 44 4 21 0 0.14 M M 17.2 29 220 M M M 36 210
21 57 40 49 9 16 0 0.12 M M 9.5 16 170 M M 9 22 170
22 47 36 42 3 23 0 0.13 M M 18.8 33 270 M M 9 1 50 250
23 39 35 37 -2 28 0 T M M 22.9 32 270 M M 10 12 45 270
24 41 33 37 -2 28 0 T M M 9.2 15 270 M M 7 12 18 260
25 39 36 38 -1 27 0 0.00 M M 13.8 20 50 M M 10 1 25 70
26 39 37 38 -1 27 0 0.00 M M 24.0 29 50 M M 10 1 37 30
27 39 36 38 -1 27 0 0.40 M M 19.3 30 50 M M 10 1 37 50
28 38 34 36 -3 29 0 T M M 9.3 18 310 M M 9 1 30 310
29 40 34 37 -1 28 0 0.00 M M 9.9 15 110 M M 10 20 140
30 43 33 38 0 27 0 0.00 M M 12.1 18 100 M M 10 1 26 110
31 48 40 44 6 21 0 0.00 M M 8.4 14 90 M M 9 12 19 80
================================================================================
SM 1503 1257 631 1 1.26 M 409.0 M 259
================================================================================
AV 48.5 40.5 13.2 FASTST M M 9 MAX(MPH)
MISC ----> 33 270 50 250
================================================================================
NOTES:
# LAST OF SEVERAL OCCURRENCES
COLUMN 17 PEAK WIND IN M.P.H.
PRELIMINARY LOCAL CLIMATOLOGICAL DATA (WS FORM: F-6) , PAGE 2
STATION: UTQIAGVIK (BARROW) AK
MONTH: AUGUST
YEAR: 2023
LATITUDE: 71 17 N
LONGITUDE: 156 47 W
[TEMPERATURE DATA] [PRECIPITATION DATA] SYMBOLS USED IN COLUMN 16
AVERAGE MONTHLY: 44.5 TOTAL FOR MONTH: 1.26 1 = FOG OR MIST
DPTR FM NORMAL: 4.7 DPTR FM NORMAL: 0.17 2 = FOG REDUCING VISIBILITY
HIGHEST: 76 ON 5 GRTST 24HR 0.40 ON 27-27 TO 1/4 MILE OR LESS
LOWEST: 33 ON 30,24 3 = THUNDER
SNOW, ICE PELLETS, HAIL 4 = ICE PELLETS
TOTAL MONTH: M 5 = HAIL
GRTST 24HR M ON M 6 = FREEZING RAIN OR DRIZZLE
GRTST DEPTH: M ON M 7 = DUSTSTORM OR SANDSTORM:
VSBY 1/2 MILE OR LESS
8 = SMOKE OR HAZE
[NO. OF DAYS WITH] [WEATHER - DAYS WITH] 9 = BLOWING SNOW
X = TORNADO
MAX 32 OR BELOW: 0 0.01 INCH OR MORE: 10
MAX 90 OR ABOVE: 0 0.10 INCH OR MORE: 6
MIN 32 OR BELOW: 0 0.50 INCH OR MORE: 0
MIN 0 OR BELOW: 0 1.00 INCH OR MORE: 0
[HDD (BASE 65) ]
TOTAL THIS MO. 631 CLEAR (SCALE 0-3) 2
DPTR FM NORMAL -150 PTCLDY (SCALE 4-7) 4
TOTAL FM JUL 1 1136 CLOUDY (SCALE 8-10) 25
DPTR FM NORMAL -368
[CDD (BASE 65) ]
TOTAL THIS MO. 1
DPTR FM NORMAL 1 [PRESSURE DATA]
TOTAL FM JAN 1 1 HIGHEST SLP M ON M
DPTR FM NORMAL 1 LOWEST SLP 29.68 ON 15
[REMARKS]
#FINAL-08-23#