000
CXUS55 KMSO 062049
CF6BTM
PRELIMINARY LOCAL CLIMATOLOGICAL DATA (WS FORM: F-6)
STATION: BUTTE MT
MONTH: MARCH
YEAR: 2023
LATITUDE: 45 57 N
LONGITUDE: 112 30 W
TEMPERATURE IN F: :PCPN: SNOW: WIND :SUNSHINE: SKY :PK WND
================================================================================
1 2 3 4 5 6A 6B 7 8 9 10 11 12 13 14 15 16 17 18
12Z AVG MX 2MIN
DY MAX MIN AVG DEP HDD CDD WTR SNW DPTH SPD SPD DIR MIN PSBL S-S WX SPD DR
================================================================================
1 29 -2 14 -12 51 0 0.00 M M 3.4 14 280 M M 2 18 19 280
2 36 10 23 -3 42 0 T M M 6.2 20 280 M M 7 8 31 240
3 28 10 19 -8 46 0 T M M 7.9 24 310 M M 6 8 34 310
4 29 -2 14 -13 51 0 0.00 M M 3.6 15 160 M M 3 20 150
5 28 13 21 -7 44 0 0.02 M M 4.4 15 180 M M 9 18 20 170
6 26 8 17 -11 48 0 0.08 M M 3.3 18 170 M M 8 128 25 170
7 28 -2 13 -15 52 0 T M M 3.4 10 320 M M 3 12 13 320
8 29 -9 10 -19 55 0 T M M 6.2 24 160 M M 2 36 140
9 28 4 16 -13 49 0 T M M 4.2 14 170 M M 5 1 18 140
10 40 20 30 0 35 0 T M M 11.0 31 280 M M 8 1 53 280
11 33 19 26 -4 39 0 T M M 5.9 17 270 M M 7 27 260
12 37 15 26 -4 39 0 0.00 M M 3.9 16 210 M M 6 22 220
13 43 15 29 -2 36 0 T M M 7.1 22 160 M M 6 28 180
14 42 31 37 6 28 0 0.05 M M 8.1 29 190 M M 7 12 40 180
15 41 12 27 -5 38 0 0.06 M M 10.3 28 320 M M 7 128 36 330
16 34 8 21 -11 44 0 T M M 3.0 9 290 M M 5 1 11 290
17 35 1 18 -14 47 0 0.00 M M 4.5 14 140 M M 0 17 140
18 42 0 21 -12 44 0 0.00 M M 3.0 13 210 M M 0 19 200
19 42 3 23 -10 42 0 0.00 M M 3.0 9 310 M M 0 12 290
20 37 16 27 -6 38 0 0.03 M M 4.8 15 160 M M 7 1 17 160
21 35 19 27 -7 38 0 0.09 M M 3.6 16 170 M M 6 18 20 170
22 38 2 20 -14 45 0 0.00 M M 4.4 12 170 M M 0 1 15 120
23 41 5 23 -11 42 0 0.06 M M 4.8 16 200 M M 5 1 22 260
24 36 18 27 -7 38 0 0.01 M M 7.0 22 290 M M 9 1 31 290
25 28 21 25 -10 40 0 0.03 M M 8.0 15 300 M M 10 18 24 300
26 27 17 22 -13 43 0 0.03 M M 8.5 21 10 M M 10 18 29 10
27 34 7 21 -14 44 0 T M M 2.5 13 200 M M 3 12 16 190
28 33 9 21 -14 44 0 0.04 M M 4.3 18 160 M M 8 18 22 150
29 34 21 28 -8 37 0 0.06 M M 4.0 16 160 M M 8 1 20 160
30 33 26 30 -6 35 0 0.26 M M 3.8 13 180 M M 10 128 15 160
31 40 15 28 -8 37 0 0.02 M M 3.4 14 320 M M 9 1 17 320
================================================================================
SM 1066 330 1311 0 0.84 M 161.5 M 176
================================================================================
AV 34.4 10.6 5.2 FASTST M M 6 MAX(MPH)
MISC ----> 31 280 53 280
================================================================================
NOTES:
# LAST OF SEVERAL OCCURRENCES
COLUMN 17 PEAK WIND IN M.P.H.
PRELIMINARY LOCAL CLIMATOLOGICAL DATA (WS FORM: F-6) , PAGE 2
STATION: BUTTE MT
MONTH: MARCH
YEAR: 2023
LATITUDE: 45 57 N
LONGITUDE: 112 30 W
[TEMPERATURE DATA] [PRECIPITATION DATA] SYMBOLS USED IN COLUMN 16
AVERAGE MONTHLY: 22.5 TOTAL FOR MONTH: 0.84 1 = FOG OR MIST
DPTR FM NORMAL: -9.1 DPTR FM NORMAL: 0.20 2 = FOG REDUCING VISIBILITY
HIGHEST: 43 ON 13 GRTST 24HR 0.32 ON 29-30 TO 1/4 MILE OR LESS
LOWEST: -9 ON 8 3 = THUNDER
SNOW, ICE PELLETS, HAIL 4 = ICE PELLETS
TOTAL MONTH: M 5 = HAIL
GRTST 24HR M ON M 6 = FREEZING RAIN OR DRIZZLE
GRTST DEPTH: M ON M 7 = DUSTSTORM OR SANDSTORM:
VSBY 1/2 MILE OR LESS
8 = SMOKE OR HAZE
[NO. OF DAYS WITH] [WEATHER - DAYS WITH] 9 = BLOWING SNOW
X = TORNADO
MAX 32 OR BELOW: 10 0.01 INCH OR MORE: 14
MAX 90 OR ABOVE: 0 0.10 INCH OR MORE: 1
MIN 32 OR BELOW: 31 0.50 INCH OR MORE: 0
MIN 0 OR BELOW: 5 1.00 INCH OR MORE: 0
[HDD (BASE 65) ]
TOTAL THIS MO. 1311 CLEAR (SCALE 0-3) 8
DPTR FM NORMAL 274 PTCLDY (SCALE 4-7) 16
TOTAL FM JUL 1 8028 CLOUDY (SCALE 8-10) 7
DPTR FM NORMAL 515
[CDD (BASE 65) ]
TOTAL THIS MO. 0
DPTR FM NORMAL 0 [PRESSURE DATA]
TOTAL FM JAN 1 0 HIGHEST SLP 30.53 ON 17
DPTR FM NORMAL 0 LOWEST SLP 29.22 ON 10
[REMARKS]
#FINAL-03-23#