000
CXAK56 PAFG 010948
CF6BTT
PRELIMINARY LOCAL CLIMATOLOGICAL DATA (WS FORM: F-6)
STATION: BETTLES AK
MONTH: MARCH
YEAR: 2021
LATITUDE: 66 55 N
LONGITUDE: 151 31 W
TEMPERATURE IN F: :PCPN: SNOW: WIND :SUNSHINE: SKY :PK WND
================================================================================
1 2 3 4 5 6A 6B 7 8 9 10 11 12 13 14 15 16 17 18
12Z AVG MX 2MIN
DY MAX MIN AVG DEP HDD CDD WTR SNW DPTH SPD SPD DIR MIN PSBL S-S WX SPD DR
================================================================================
1 0 -15 -7 -6 72 0 0.00 M 23 2.6 10 350 M M 9 1 13 340
2 -3 -26 -14 -13 79 0 0.00 M 23 4.2 9 310 M M 7 1 13 330
3 -4 -15 -9 -9 74 0 0.00 M 22 5.5 10 320 M M 9 1 14 330
4 2 -23 -10 -10 75 0 0.00 M 22 4.0 8 350 M M 5 11 330
5 14 -12 1 1 64 0 0.00 M 22 4.0 10 360 M M 6 14 350
6 4 -25 -10 -10 75 0 0.00 0.0 22 2.2 8 10 M M 7 1 10 350
7 11 -7 2 1 63 0 0.00 M 22 5.5 8 10 M M 8 1 12 350
8 27 9 18 17 47 0 0.00 M 22 5.3 12 350 M M 9 17 20
9 27 15 21 20 44 0 0.00 M 22 2.6 9 220 M M 9 1 12 220
10 25 -4 11 9 54 0 0.00 M 23 4.0 12 160 M M 8 1 17 160
11 -4 -33 -18 -20 83 0 0.00 M 23 6.0 10 130 M M 3 1 15 160
12 -12 -42 -27 -29 92 0 0.00 M 22 1.3 6 30 M M 0 7 130
13 5 -30 -12 -15 77 0 0.00 M 22 6.0 10 20 M M 0 15 350
14 17 -25 -4 -7 69 0 0.00 M 22 4.0 13 30 M M 1 18 30
15 15 -24 -4 -7 69 0 0.00 M 22 3.1 8 360 M M 1 11 330
16 4 -28 -12 -16 77 0 0.00 M 22 2.1 7 150 M M 7 1 9 160
17 11 -7 2 -2 63 0 0.00 M M 5.8 13 30 M M 6 1 17 30
18 4 -21 -8 -13 73 0 0.00 M 22 4.3 9 140 M M 2 11 150
19 7 -30 -11 -16 76 0 0.00 M 22 2.7 7 330 M M 2 8 360
20 14 -17 -1 -7 66 0 0.00 M 22 7.8 15 40 M M 0 21 50
21 20 -19 1 -5 64 0 0.00 M 22 4.2 12 30 M M 0 14 20
22 21 -17 2 -4 63 0 T M 22 3.7 8 140 M M 6 1 11 50
23 9 -10 0 -7 65 0 0.00 M 22 4.0 12 140 M M 8 1 16 140
24 18 0 9 1 56 0 0.06 M 22 4.0 9 360 M M 10 1 13 350
25 25 12 19 11 46 0 M M 23 4.7 13 220 M M 10 1 17 210
26 13 -16 -1 -10 66 0 T M 24 4.2 8 150 M M 4 1 M M
27 17 -20 -1 -10 66 0 0.00 M 23 4.4 9 310 M M 3 15 310
28 14 -26 -6 -16 71 0 0.00 M 23 4.8 12 40 M M 5 1 16 50
29 17 9 13 3 52 0 0.00 M 23 9.7 15 40 M M 10 12 19 40
30 30 17 24 13 41 0 0.00 M M 5.6 12 20 M M 10 1 15 30
31 24 1 13 1 52 0 0.00 M M 6.9 14 150 M M 10 1 18 150
================================================================================
SM 372 -429 2034 0 0.06 0.0 139.2 M 175
================================================================================
AV 12.0-13.8 4.5 FASTST M M 6 MAX(MPH)
MISC ----> # 15 40 21 50
================================================================================
NOTES:
# LAST OF SEVERAL OCCURRENCES
COLUMN 17 PEAK WIND IN M.P.H.
PRELIMINARY LOCAL CLIMATOLOGICAL DATA (WS FORM: F-6) , PAGE 2
STATION: BETTLES AK
MONTH: MARCH
YEAR: 2021
LATITUDE: 66 55 N
LONGITUDE: 151 31 W
[TEMPERATURE DATA] [PRECIPITATION DATA] SYMBOLS USED IN COLUMN 16
AVERAGE MONTHLY: -0.9 TOTAL FOR MONTH: 0.06 1 = FOG OR MIST
DPTR FM NORMAL: -5.3 DPTR FM NORMAL: -0.52 2 = FOG REDUCING VISIBILITY
HIGHEST: 30 ON 30 GRTST 24HR 0.06 ON 24-24 TO 1/4 MILE OR LESS
LOWEST: -42 ON 12 3 = THUNDER
SNOW, ICE PELLETS, HAIL 4 = ICE PELLETS
TOTAL MONTH: 0.0 INCH 5 = HAIL
GRTST 24HR 0.0 6 = FREEZING RAIN OR DRIZZLE
GRTST DEPTH: 24 ON 26 7 = DUSTSTORM OR SANDSTORM:
VSBY 1/2 MILE OR LESS
8 = SMOKE OR HAZE
[NO. OF DAYS WITH] [WEATHER - DAYS WITH] 9 = BLOWING SNOW
X = TORNADO
MAX 32 OR BELOW: 31 0.01 INCH OR MORE: 1
MAX 90 OR ABOVE: 0 0.10 INCH OR MORE: 0
MIN 32 OR BELOW: 31 0.50 INCH OR MORE: 0
MIN 0 OR BELOW: 25 1.00 INCH OR MORE: 0
[HDD (BASE 65) ]
TOTAL THIS MO. 2034 CLEAR (SCALE 0-3) 9
DPTR FM NORMAL 154 PTCLDY (SCALE 4-7) 13
TOTAL FM JUL 1 12673 CLOUDY (SCALE 8-10) 9
DPTR FM NORMAL -401
[CDD (BASE 65) ]
TOTAL THIS MO. 0
DPTR FM NORMAL 0 [PRESSURE DATA]
TOTAL FM JAN 1 0 HIGHEST SLP M ON M
DPTR FM NORMAL 0 LOWEST SLP 28.93 ON 31
[REMARKS]
#FINAL-03-21#