000
CXUS56 KLOX 011155
CF6BUR
PRELIMINARY LOCAL CLIMATOLOGICAL DATA (WS FORM: F-6)
STATION: HOLLYWOOD/BURBANK AIRPORT CA
MONTH: MAY
YEAR: 2023
LATITUDE: 34 12 N
LONGITUDE: 118 22 W
TEMPERATURE IN F: :PCPN: SNOW: WIND :SUNSHINE: SKY :PK WND
================================================================================
1 2 3 4 5 6A 6B 7 8 9 10 11 12 13 14 15 16 17 18
12Z AVG MX 2MIN
DY MAX MIN AVG DEP HDD CDD WTR SNW DPTH SPD SPD DIR MIN PSBL S-S WX SPD DR
================================================================================
1 64 53 59 -5 6 0 0.05 M M 8.6 16 180 M M 8 18 22 220
2 63 50 57 -8 8 0 0.00 M M 8.8 17 200 M M 7 8 24 190
3 62 47 55 -10 10 0 T M M 7.0 18 220 M M 4 23 220
4 61 50 56 -9 9 0 0.78 M M 7.9 18 120 M M 8 13 24 120
5 64 52 58 -7 7 0 T M M 5.3 14 210 M M 7 19 210
6 66 49 58 -7 7 0 0.00 M M 5.1 15 190 M M 2 21 150
7 69 50 60 -5 5 0 0.00 M M 4.9 13 200 M M 1 19 180
8 71 53 62 -3 3 0 0.00 M M 5.7 14 160 M M 1 8 19 120
9 65 54 60 -6 5 0 0.00 M M 6.3 13 270 M M 7 8 17 250
10 67 53 60 -6 5 0 0.00 M M 6.8 16 170 M M 7 22 210
11 70 53 62 -4 3 0 0.00 M M 4.3 14 180 M M 3 21 210
12 77 54 66 0 0 1 0.00 M M 5.4 13 110 M M 0 20 100
13 81 55 68 2 0 3 0.00 M M 6.6 14 140 M M 1 18 19 80
14 82 58 70 4 0 5 0.00 M M 5.8 15 180 M M 6 18 22 100
15 75 59 67 1 0 2 0.00 M M 5.5 15 220 M M 4 18 26 210
16 78 57 68 2 0 3 0.00 M M 5.9 14 100 M M 2 18 22 220
17 81 55 68 2 0 3 0.00 M M 7.0 15 110 M M 2 18 22 110
18 75 58 67 1 0 2 0.00 M M 6.2 13 200 M M 3 18 18 200
19 70 57 64 -2 1 0 0.00 M M 6.3 13 170 M M 7 18 19 130
20 77 59 68 2 0 3 0.00 M M 7.3 15 180 M M 5 18 18 190
21 79 59 69 3 0 4 0.00 M M 6.8 15 120 M M 5 18 23 80
22 73 58 66 -1 0 1 0.00 M M 6.0 14 180 M M 6 18 24 210
23 63 58 61 -6 4 0 0.00 M M 5.7 10 180 M M 10 18 13 190
24 67 56 62 -5 3 0 T M M 5.9 12 200 M M 9 18 14 180
25 65 55 60 -7 5 0 0.00 M M 6.6 13 200 M M 10 18 16 200
26 67 57 62 -5 3 0 0.00 M M 5.1 14 190 M M 9 17 190
27 70 57 64 -3 1 0 0.00 M M 5.5 13 190 M M 5 18 170
28 65 57 61 -6 4 0 0.00 M M 4.3 10 210 M M 10 15 120
29 69 59 64 -3 1 0 0.00 M M 6.1 12 200 M M 9 8 16 120
30 67 58 63 -4 2 0 0.00 M M 5.8 14 200 M M 10 17 170
31 64 57 61 -6 4 0 0.00 M M 5.1 14 150 M M 10 16 160
================================================================================
SM 2167 1707 96 27 0.83 M 189.6 M 178
================================================================================
AV 69.9 55.1 6.1 FASTST M M 6 MAX(MPH)
MISC ----> # 18 220 26 210
================================================================================
NOTES:
# LAST OF SEVERAL OCCURRENCES
COLUMN 17 PEAK WIND IN M.P.H.
PRELIMINARY LOCAL CLIMATOLOGICAL DATA (WS FORM: F-6) , PAGE 2
STATION: HOLLYWOOD/BURBANK AIRPORT CA
MONTH: MAY
YEAR: 2023
LATITUDE: 34 12 N
LONGITUDE: 118 22 W
[TEMPERATURE DATA] [PRECIPITATION DATA] SYMBOLS USED IN COLUMN 16
AVERAGE MONTHLY: 62.5 TOTAL FOR MONTH: 0.83 1 = FOG OR MIST
DPTR FM NORMAL: -3.6 DPTR FM NORMAL: 0.54 2 = FOG REDUCING VISIBILITY
HIGHEST: 82 ON 14 GRTST 24HR 0.78 ON 4- 4 TO 1/4 MILE OR LESS
LOWEST: 47 ON 3 3 = THUNDER
SNOW, ICE PELLETS, HAIL 4 = ICE PELLETS
TOTAL MONTH: M 5 = HAIL
GRTST 24HR M ON M 6 = FREEZING RAIN OR DRIZZLE
GRTST DEPTH: M ON M 7 = DUSTSTORM OR SANDSTORM:
VSBY 1/2 MILE OR LESS
8 = SMOKE OR HAZE
[NO. OF DAYS WITH] [WEATHER - DAYS WITH] 9 = BLOWING SNOW
X = TORNADO
MAX 32 OR BELOW: 0 0.01 INCH OR MORE: 2
MAX 90 OR ABOVE: 0 0.10 INCH OR MORE: 1
MIN 32 OR BELOW: 0 0.50 INCH OR MORE: 1
MIN 0 OR BELOW: 0 1.00 INCH OR MORE: 0
[HDD (BASE 65) ]
TOTAL THIS MO. 96 CLEAR (SCALE 0-3) 8
DPTR FM NORMAL 44 PTCLDY (SCALE 4-7) 13
TOTAL FM JUL 1 1758 CLOUDY (SCALE 8-10) 10
DPTR FM NORMAL 365
[CDD (BASE 65) ]
TOTAL THIS MO. 27
DPTR FM NORMAL -58 [PRESSURE DATA]
TOTAL FM JAN 1 60 HIGHEST SLP 30.08 ON 7
DPTR FM NORMAL -96 LOWEST SLP 29.75 ON 13
[REMARKS]
#FINAL-05-23#