000
CXUS54 KTSA 011207
CF6BVO
PRELIMINARY LOCAL CLIMATOLOGICAL DATA (WS FORM: F-6)
STATION: BARTLESVILLE OKLAHOMA
MONTH: FEBRUARY
YEAR: 2021
LATITUDE: 36 45 N
LONGITUDE: 96 0 W
TEMPERATURE IN F: :PCPN: SNOW: WIND :SUNSHINE: SKY :PK WND
================================================================================
1 2 3 4 5 6A 6B 7 8 9 10 11 12 13 14 15 16 17 18
12Z AVG MX 2MIN
DY MAX MIN AVG DEP HDD CDD WTR SNW DPTH SPD SPD DIR MIN PSBL S-S WX SPD DR
================================================================================
1 50 24 37 0 28 0 0.00 0.0 M 2.4 14 10 M M 0 1 19 10
2 56 27 42 5 23 0 0.00 0.0 M 2.6 13 150 M M 0 8 17 160
3 61 26 44 7 21 0 0.00 0.0 M 9.6 23 170 M M 0 32 160
4 55 23 39 2 26 0 0.00 0.0 M 7.2 21 350 M M 2 37 360
5 57 21 39 2 26 0 0.00 0.0 M 4.9 16 220 M M 2 25 220
6 41 25 33 -5 32 0 0.00 0.0 M 8.7 22 360 M M 7 30 360
7 26 21 24 -14 41 0 0.00 0.0 M 9.1 14 10 M M 10 18 18 40
8 23 15 19 -19 46 0 T 0.0 M 11.7 18 20 M M 10 16 24 10
9 20 14 17 -21 48 0 T M M 11.3 16 30 M M 10 1 22 360
10 20 16 18 -20 47 0 T M M 11.5 18 20 M M 10 18 24 10
11 19 15 17 -22 48 0 T M M 13.0 18 10 M M 10 18 24 10
12 16 11 14 -25 51 0 T M M 13.6 21 360 M M 10 18 29 360
13 19 4 12 -27 53 0 0.00 0.0 M 13.5 20 20 M M 5 8 28 40
14 9 0 5 -35 60 0 0.05 M M 17.0 28 20 M M 10 18 34 20
15 5 -9 -2 -42 67 0 T M M 7.6 23 10 M M 7 8 30 360
16 11 -18 -3 -43 68 0 0.07 M M 3.4 10 70 M M 3 1 23 90
17 26 10 18 -22 47 0 0.13 M M 3.5 10 30 M M 8 1 14 30
18 28 -1 14 -27 51 0 0.00 0.0 M 2.5 16 20 M M 1 12 20 10
19 35 -3 16 -25 49 0 0.00 0.0 M 4.7 15 140 M M 0 19 140
20 43 7 25 -16 40 0 0.00 0.0 M 5.7 16 170 M M 0 1 23 150
21 53 27 40 -2 25 0 0.00 0.0 M 9.0 24 170 M M 4 33 160
22 64 24 44 2 21 0 0.00 0.0 M 7.1 20 230 M M 0 32 260
23 71 26 49 7 16 0 0.00 0.0 M 4.6 18 160 M M 0 8 25 150
24 59 36 48 6 17 0 0.00 0.0 M 11.7 29 10 M M 0 8 40 10
25 53 29 41 -2 24 0 0.00 0.0 M 8.6 21 10 M M 0 27 20
26 47 30 39 -4 26 0 0.00 0.0 M 2.3 10 150 M M 8 1 15 170
27 64 29 47 4 18 0 0.00 0.0 M 10.2 22 170 M M 9 12 29 170
28 61 38 50 6 15 0 0.03 0.0 M 7.9 20 10 M M 5 18 27 360
================================================================================
SM 1092 467 1034 0 0.28 0.0 224.9 M 131
================================================================================
AV 39.0 16.7 8.0 FASTST M M 5 MAX(MPH)
MISC ----> 29 10 40 10
================================================================================
NOTES:
# LAST OF SEVERAL OCCURRENCES
COLUMN 17 PEAK WIND IN M.P.H.
PRELIMINARY LOCAL CLIMATOLOGICAL DATA (WS FORM: F-6) , PAGE 2
STATION: BARTLESVILLE OKLAHOMA
MONTH: FEBRUARY
YEAR: 2021
LATITUDE: 36 45 N
LONGITUDE: 96 0 W
[TEMPERATURE DATA] [PRECIPITATION DATA] SYMBOLS USED IN COLUMN 16
AVERAGE MONTHLY: 27.8 TOTAL FOR MONTH: 0.28 1 = FOG OR MIST
DPTR FM NORMAL: -12.0 DPTR FM NORMAL: -1.69 2 = FOG REDUCING VISIBILITY
HIGHEST: 71 ON 23 GRTST 24HR 0.20 ON 16-17 TO 1/4 MILE OR LESS
LOWEST: -18 ON 16 3 = THUNDER
SNOW, ICE PELLETS, HAIL 4 = ICE PELLETS
TOTAL MONTH: 0.0 INCH 5 = HAIL
GRTST 24HR 0.0 6 = FREEZING RAIN OR DRIZZLE
GRTST DEPTH: M ON M 7 = DUSTSTORM OR SANDSTORM:
VSBY 1/2 MILE OR LESS
8 = SMOKE OR HAZE
[NO. OF DAYS WITH] [WEATHER - DAYS WITH] 9 = BLOWING SNOW
X = TORNADO
MAX 32 OR BELOW: 12 0.01 INCH OR MORE: 4
MAX 90 OR ABOVE: 0 0.10 INCH OR MORE: 1
MIN 32 OR BELOW: 26 0.50 INCH OR MORE: 0
MIN 0 OR BELOW: 5 1.00 INCH OR MORE: 0
[HDD (BASE 65) ]
TOTAL THIS MO. 1034 CLEAR (SCALE 0-3) 12
DPTR FM NORMAL 328 PTCLDY (SCALE 4-7) 7
TOTAL FM JUL 1 3423 CLOUDY (SCALE 8-10) 9
DPTR FM NORMAL 145
[CDD (BASE 65) ]
TOTAL THIS MO. 0
DPTR FM NORMAL 0 [PRESSURE DATA]
TOTAL FM JAN 1 0 HIGHEST SLP 30.58 ON 14
DPTR FM NORMAL 0 LOWEST SLP 29.45 ON 4
[REMARKS]
#FINAL-02-21#