000
CXUS54 KLZK 111700
CF6BVX
PRELIMINARY LOCAL CLIMATOLOGICAL DATA (WS FORM: F-6)
STATION: BATESVILLE REGIONAL AIRPORT
MONTH: FEBRUARY
YEAR: 2021
LATITUDE: 35 43 N
LONGITUDE: 91 39 W
TEMPERATURE IN F: :PCPN: SNOW: WIND :SUNSHINE: SKY :PK WND
================================================================================
1 2 3 4 5 6A 6B 7 8 9 10 11 12 13 14 15 16 17 18
12Z AVG MX 2MIN
DY MAX MIN AVG DEP HDD CDD WTR SNW DPTH SPD SPD DIR MIN PSBL S-S WX SPD DR
================================================================================
1 43 29 36 -2 29 0 0.00 M M 7.6 12 320 M M 6 23 320
2 45 25 35 -3 30 0 0.00 M M 2.6 7 99 M M 4 M M
3 53 22 38 0 27 0 0.00 M M 4.0 9 150 M M 0 1 M M
4 53 36 45 7 20 0 0.02 M M 8.6 17 300 M M 6 1 31 320
5 56 24 40 1 25 0 0.00 M M 5.2 10 160 M M 0 M M
6 49 35 42 3 23 0 0.08 M M 5.0 10 90 M M 8 1 17 20
7 36 26 31 -8 34 0 0.15 M M 7.2 12 70 M M 10 M M
8 38 26 32 -7 33 0 0.01 M M 3.4 10 110 M M 10 1 M M
9 36 29 33 -7 32 0 0.04 M M 4.7 8 50 M M 10 1 M M
10 30 24 27 -13 38 0 T M M 5.2 8 10 M M 10 16 M M
11 26 22 24 -16 41 0 0.02 M M 5.2 10 360 M M 10 1 17 360
12 27 21 24 -16 41 0 T M M 6.7 9 10 M M 10 1 20 20
13 32 17 25 -15 40 0 0.00 M M 7.1 10 320 M M 6 17 350
14 17 11 14 -27 51 0 T M M 6.5 10 20 M M 10 1 18 10
15 13 5 9 -32 56 0 T M M 8.0 14 310 M M 9 12 23 310
16 29 -5 12 -29 53 0 T M M 3.9 8 110 M M 1 M M
17 20 11 16 -26 49 0 T M M 3.6 7 80 M M 10 1 M M
18 35 20 28 -14 37 0 0.06 M M 5.3 8 10 M M 5 1 M M
19 37 9 23 -19 42 0 0.21 M M 3.9 7 120 M M 0 M M
20 44 16 30 -12 35 0 0.00 M M 6.0 9 150 M M 0 M M
21 50 26 38 -5 27 0 T M M 7.0 16 170 M M 5 24 190
22 61 34 48 5 17 0 0.00 M M 7.1 13 240 M M 0 M M
23 73 45 59 16 6 0 0.00 M M 8.3 13 190 M M 0 21 190
24 74 52 63 19 2 0 0.00 M M 6.8 12 200 M M 3 22 200
25 54 39 47 3 18 0 T M M 6.8 12 80 M M 4 M M
26 46 39 43 -1 22 0 0.30 M M 3.8 10 60 M M 10 1 M M
27 51 40 46 2 19 0 0.13 M M 3.0 10 120 M M 9 12 M M
28 71 49 60 15 5 0 0.40 M M 5.3 14 250 M M 9 123 32 230
================================================================================
SM 1199 727 852 0 1.42 M 157.8 M 165
================================================================================
AV 42.8 26.0 5.6 FASTST M M 6 MAX(MPH)
MISC ----> 17 300 32 230
================================================================================
NOTES:
# LAST OF SEVERAL OCCURRENCES
COLUMN 17 PEAK WIND IN M.P.H.
PRELIMINARY LOCAL CLIMATOLOGICAL DATA (WS FORM: F-6) , PAGE 2
STATION: BATESVILLE REGIONAL AIRPORT
MONTH: FEBRUARY
YEAR: 2021
LATITUDE: 35 43 N
LONGITUDE: 91 39 W
[TEMPERATURE DATA] [PRECIPITATION DATA] SYMBOLS USED IN COLUMN 16
AVERAGE MONTHLY: 34.4 TOTAL FOR MONTH: 1.42 1 = FOG OR MIST
DPTR FM NORMAL: -6.6 DPTR FM NORMAL: -1.91 2 = FOG REDUCING VISIBILITY
HIGHEST: 74 ON 24 GRTST 24HR 0.41 ON 28-28 TO 1/4 MILE OR LESS
LOWEST: -5 ON 16 3 = THUNDER
SNOW, ICE PELLETS, HAIL 4 = ICE PELLETS
TOTAL MONTH: M 5 = HAIL
GRTST 24HR M ON M 6 = FREEZING RAIN OR DRIZZLE
GRTST DEPTH: M ON M 7 = DUSTSTORM OR SANDSTORM:
VSBY 1/2 MILE OR LESS
8 = SMOKE OR HAZE
[NO. OF DAYS WITH] [WEATHER - DAYS WITH] 9 = BLOWING SNOW
X = TORNADO
MAX 32 OR BELOW: 8 0.01 INCH OR MORE: 11
MAX 90 OR ABOVE: 0 0.10 INCH OR MORE: 5
MIN 32 OR BELOW: 19 0.50 INCH OR MORE: 0
MIN 0 OR BELOW: 1 1.00 INCH OR MORE: 0
[HDD (BASE 65) ]
TOTAL THIS MO. 852 CLEAR (SCALE 0-3) 7
DPTR FM NORMAL 180 PTCLDY (SCALE 4-7) 9
TOTAL FM JUL 1 2878 CLOUDY (SCALE 8-10) 12
DPTR FM NORMAL -170
[CDD (BASE 65) ]
TOTAL THIS MO. 0
DPTR FM NORMAL 0 [PRESSURE DATA]
TOTAL FM JAN 1 0 HIGHEST SLP 30.54 ON 19
DPTR FM NORMAL 0 LOWEST SLP 29.58 ON 4
[REMARKS]
#FINAL-02-21#