000
CXUS53 KLMK 010810
CF6BWG
PRELIMINARY LOCAL CLIMATOLOGICAL DATA (WS FORM: F-6)
STATION: BOWLING GREEN KY
MONTH: JANUARY
YEAR: 2024
LATITUDE: 36 58 N
LONGITUDE: 86 26 W
TEMPERATURE IN F: :PCPN: SNOW: WIND :SUNSHINE: SKY :PK WND
================================================================================
1 2 3 4 5 6A 6B 7 8 9 10 11 12 13 14 15 16 17 18
12Z AVG MX 2MIN
DY MAX MIN AVG DEP HDD CDD WTR SNW DPTH SPD SPD DIR MIN PSBL S-S WX SPD DR
================================================================================
1 39 34 37 -1 28 0 0.00 0.0 0 4.2 10 320 M M 10 18 360
2 40 25 33 -5 32 0 0.00 0.0 0 1.4 10 230 M M 3 1 14 250
3 40 22 31 -7 34 0 0.00 0.0 0 3.1 10 250 M M 2 18 14 240
4 45 26 36 -2 29 0 0.00 0.0 0 4.7 14 60 M M 5 19 70
5 49 22 36 -1 29 0 0.01 0.0 0 4.5 10 190 M M 2 13 140
6 43 38 41 4 24 0 0.61 0.0 0 5.7 12 250 M M 10 1 17 230
7 44 33 39 2 26 0 0.04 0.0 0 6.6 15 280 M M 9 1 23 280
8 50 27 39 2 26 0 0.46 0.0 0 6.9 16 70 M M 3 1 22 100
9 53 36 45 8 20 0 0.77 T 0 17.0 31 230 M M 10 1 47 250
10 42 34 38 1 27 0 0.00 0.0 0 9.2 25 260 M M 7 41 240
11 56 37 47 10 18 0 0.00 0.0 0 6.8 17 190 M M 0 24 200
12 55 30 43 6 22 0 0.90 0.0 0 16.6 31 230 M M 8 1 52 220
13 39 27 33 -4 32 0 0.00 0.0 0 10.4 25 250 M M 6 38 240
14 32 12 22 -15 43 0 0.07 2.0 T 6.4 14 280 M M 7 21 330
15 15 10 13 -24 52 0 0.04 2.0 3 5.2 9 310 M M 10 8 14 310
16 18 6 12 -25 53 0 0.00 0.0 3 6.0 13 210 M M 6 19 310
17 27 4 16 -21 49 0 0.00 0.0 3 8.7 18 200 M M 0 24 220
18 33 14 24 -13 41 0 0.02 0.1 2 3.9 13 230 M M 6 168 16 230
19 32 11 22 -15 43 0 0.03 0.5 2 8.5 20 310 M M 9 18 34 310
20 18 6 12 -25 53 0 0.00 0.0 2 3.4 9 280 M M 1 15 320
21 30 1 16 -21 49 0 0.00 0.0 2 2.7 10 80 M M 0 15 40
22 48 15 32 -5 33 0 0.00 0.0 1 4.1 16 190 M M 2 22 180
23 55 43 49 12 16 0 0.13 0.0 0 6.0 13 190 M M 10 18 19 180
24 62 49 56 19 9 0 1.60 0.0 0 6.1 16 160 M M 10 1 20 140
25 62 55 59 22 6 0 0.70 0.0 0 4.6 22 80 M M 9 12 33 90
26 60 48 54 17 11 0 0.00 0.0 0 3.6 16 260 M M 8 27 270
27 54 42 48 10 17 0 0.36 0.0 0 9.6 25 70 M M 10 13 32 80
28 42 38 40 2 25 0 0.06 0.0 0 10.7 20 280 M M 10 18 30 300
29 39 35 37 -1 28 0 T T 0 5.3 10 220 M M 10 1 14 290
30 52 32 42 4 23 0 0.00 0.0 0 7.5 16 210 M M 7 26 310
31 47 30 39 1 26 0 T 0.0 0 2.6 8 270 M M 7 1 15 320
================================================================================
SM 1321 842 924 0 5.80 4.6 202.0 M 197
================================================================================
AV 42.6 27.2 6.5 FASTST M M 6 MAX(MPH)
MISC ----> # 31 230 52 220
================================================================================
NOTES:
# LAST OF SEVERAL OCCURRENCES
COLUMN 17 PEAK WIND IN M.P.H.
PRELIMINARY LOCAL CLIMATOLOGICAL DATA (WS FORM: F-6) , PAGE 2
STATION: BOWLING GREEN KY
MONTH: JANUARY
YEAR: 2024
LATITUDE: 36 58 N
LONGITUDE: 86 26 W
[TEMPERATURE DATA] [PRECIPITATION DATA] SYMBOLS USED IN COLUMN 16
AVERAGE MONTHLY: 34.9 TOTAL FOR MONTH: 5.80 1 = FOG OR MIST
DPTR FM NORMAL: -2.3 DPTR FM NORMAL: 2.16 2 = FOG REDUCING VISIBILITY
HIGHEST: 62 ON 25,24 GRTST 24HR 1.62 ON 8- 9 TO 1/4 MILE OR LESS
LOWEST: 1 ON 21 3 = THUNDER
SNOW, ICE PELLETS, HAIL 4 = ICE PELLETS
TOTAL MONTH: 4.6 INCHES 5 = HAIL
GRTST 24HR 2.0 ON 14-14 6 = FREEZING RAIN OR DRIZZLE
GRTST DEPTH: 3 ON 17,16 7 = DUSTSTORM OR SANDSTORM:
VSBY 1/2 MILE OR LESS
8 = SMOKE OR HAZE
[NO. OF DAYS WITH] [WEATHER - DAYS WITH] 9 = BLOWING SNOW
X = TORNADO
MAX 32 OR BELOW: 7 0.01 INCH OR MORE: 15
MAX 90 OR ABOVE: 0 0.10 INCH OR MORE: 8
MIN 32 OR BELOW: 18 0.50 INCH OR MORE: 5
MIN 0 OR BELOW: 0 1.00 INCH OR MORE: 1
[HDD (BASE 65) ]
TOTAL THIS MO. 924 CLEAR (SCALE 0-3) 8
DPTR FM NORMAL 64 PTCLDY (SCALE 4-7) 9
TOTAL FM JUL 1 2168 CLOUDY (SCALE 8-10) 14
DPTR FM NORMAL -180
[CDD (BASE 65) ]
TOTAL THIS MO. 0
DPTR FM NORMAL 0 [PRESSURE DATA]
TOTAL FM JAN 1 0 HIGHEST SLP M ON M
DPTR FM NORMAL 0 LOWEST SLP 29.15 ON 9
[REMARKS]
#FINAL-01-24#