000
CXUS54 KHGX 011410
CF6BYY
PRELIMINARY LOCAL CLIMATOLOGICAL DATA (WS FORM: F-6)
STATION: Bay City
MONTH: JULY
YEAR: 2022
LATITUDE: 28 58 N
LONGITUDE: 95 52 W
TEMPERATURE IN F: :PCPN: SNOW: WIND :SUNSHINE: SKY :PK WND
================================================================================
1 2 3 4 5 6A 6B 7 8 9 10 11 12 13 14 15 16 17 18
12Z AVG MX 2MIN
DY MAX MIN AVG DEP HDD CDD WTR SNW DPTH SPD SPD DIR MIN PSBL S-S WX SPD DR
================================================================================
1 88 76 82 M 0 17 0.54 0.0 0 7.0 16 190 M M 5 27 210
2 92 78 85 M 0 20 0.00 0.0 0 9.8 17 180 M M 4 23 180
3 93 75 84 M 0 19 M 0.0 0 7.2 14 190 M M 2 22 170
4 93 75 84 M 0 19 M 0.0 M 7.8 14 170 M M 2 1 18 170
5 93 76 85 M 0 20 0.00 0.0 0 7.6 15 180 M M 2 21 190
6 95 75 85 M 0 20 0.00 0.0 0 7.5 16 170 M M 2 1 20 180
7 95 75 85 M 0 20 0.00 0.0 0 6.9 15 190 M M 2 23 190
8 96 76 86 M 0 21 0.00 0.0 0 6.7 14 180 M M 2 18 170
9 99 76 88 M 0 23 0.00 0.0 0 6.3 16 180 M M 2 21 210
10 99 77 88 M 0 23 0.00 0.0 0 8.2 16 180 M M 2 21 220
11 97 80 89 M 0 24 M 0.0 0 8.3 14 180 M M 2 21 240
12 97 77 87 M 0 22 0.04 0.0 0 5.1 12 180 M M 4 1 17 180
13 95 76 86 M 0 21 0.03 0.0 0 4.6 13 170 M M 2 1 17 160
14 94 74 84 M 0 19 0.37 0.0 0 3.8 18 200 M M 3 1 21 200
15 86 74 80 M 0 15 0.07 0.0 0 5.3 13 200 M M 5 17 220
16 93 73 83 M 0 18 M 0.0 0 6.1 17 190 M M 1 1 21 190
17 94 73 84 M 0 19 M 0.0 0 5.3 13 190 M M 1 1 18 160
18 94 75 85 M 0 20 M 0.0 M 7.8 17 180 M M 1 1 21 170
19 94 78 86 M 0 21 0.00 0.0 0 10.5 18 190 M M 4 27 190
20 94 79 87 M 0 22 0.00 0.0 0 11.2 20 180 M M 3 24 180
21 95 77 86 M 0 21 0.00 0.0 0 8.0 15 170 M M 2 1 21 170
22 96 74 85 M 0 20 0.00 0.0 0 6.6 14 150 M M 1 1 21 180
23 95 75 85 M 0 20 0.00 0.0 0 7.3 15 190 M M 2 23 160
24 95 76 86 M 0 21 0.00 0.0 0 7.3 14 170 M M 2 21 200
25 94 75 85 M 0 20 0.00 0.0 0 5.7 15 150 M M 2 22 160
26 95 76 86 M 0 21 M 0.0 0 6.4 17 180 M M 2 24 180
27 94 76 85 M 0 20 0.11 0.0 0 6.2 17 190 M M 2 23 180
28 94 75 85 M 0 20 0.23 0.0 0 7.0 17 180 M M 3 22 0
29 94 77 86 M 0 21 0.00 0.0 0 8.4 16 200 M M 3 22 170
30 93 75 84 M 0 19 M 0.0 0 7.3 17 170 M M 2 21 170
31 96 73 85 M 0 20 0.00 0.0 0 6.8 17 140 M M 2 1 22 140
================================================================================
SM 2922 2347 0 626 1.39 0.0 220.0 M 74
================================================================================
AV 94.3 75.7 7.1 FASTST M M 2 MAX(MPH)
MISC ----> 20 180 # 27 210
================================================================================
NOTES:
# LAST OF SEVERAL OCCURRENCES
COLUMN 17 PEAK WIND IN M.P.H.
PRELIMINARY LOCAL CLIMATOLOGICAL DATA (WS FORM: F-6) , PAGE 2
STATION: Bay City
MONTH: JULY
YEAR: 2022
LATITUDE: 28 58 N
LONGITUDE: 95 52 W
[TEMPERATURE DATA] [PRECIPITATION DATA] SYMBOLS USED IN COLUMN 16
AVERAGE MONTHLY: 85.0 TOTAL FOR MONTH: 1.39 1 = FOG OR MIST
DPTR FM NORMAL: 0.0 DPTR FM NORMAL: M 2 = FOG REDUCING VISIBILITY
HIGHEST: 99 ON 10, 9 GRTST 24HR 0.54 ON 1- 1 TO 1/4 MILE OR LESS
LOWEST: 73 ON 31,17 3 = THUNDER
SNOW, ICE PELLETS, HAIL 4 = ICE PELLETS
TOTAL MONTH: 0.0 INCH 5 = HAIL
GRTST 24HR 0.0 6 = FREEZING RAIN OR DRIZZLE
GRTST DEPTH: 0 7 = DUSTSTORM OR SANDSTORM:
VSBY 1/2 MILE OR LESS
8 = SMOKE OR HAZE
[NO. OF DAYS WITH] [WEATHER - DAYS WITH] 9 = BLOWING SNOW
X = TORNADO
MAX 32 OR BELOW: 0 0.01 INCH OR MORE: 7
MAX 90 OR ABOVE: 29 0.10 INCH OR MORE: 4
MIN 32 OR BELOW: 0 0.50 INCH OR MORE: 1
MIN 0 OR BELOW: 0 1.00 INCH OR MORE: 0
[HDD (BASE 65) ]
TOTAL THIS MO. 0 CLEAR (SCALE 0-3) 25
DPTR FM NORMAL M PTCLDY (SCALE 4-7) 6
TOTAL FM JUL 1 0 CLOUDY (SCALE 8-10) 0
DPTR FM NORMAL M
[CDD (BASE 65) ]
TOTAL THIS MO. 626
DPTR FM NORMAL M [PRESSURE DATA]
TOTAL FM JAN 1 1967 HIGHEST SLP M ON M
DPTR FM NORMAL M LOWEST SLP M ON M
[REMARKS]
#FINAL-07-22#