000
CXUS55 KCAE 011423
CF6CAE
PRELIMINARY LOCAL CLIMATOLOGICAL DATA (WS FORM: F-6)
STATION: COLUMBIA METRO AIRPORT SC
MONTH: AUGUST
YEAR: 2020
LATITUDE: 33 57 N
LONGITUDE: 81 7 W
TEMPERATURE IN F: :PCPN: SNOW: WIND :SUNSHINE: SKY :PK WND
================================================================================
1 2 3 4 5 6A 6B 7 8 9 10 11 12 13 14 15 16 17 18
12Z AVG MX 2MIN
DY MAX MIN AVG DEP HDD CDD WTR SNW DPTH SPD SPD DIR MIN PSBL S-S WX SPD DR
================================================================================
1 92 76 84 2 0 19 0.00 0.0 0 6.6 16 190 M M 6 19 190
2 95 76 86 4 0 21 0.00 0.0 0 4.7 22 300 M M 3 3 25 300
3 88 72 80 -2 0 15 0.11 0.0 0 6.3 22 100 M M 6 13 28 80
4 92 69 81 -1 0 16 0.00 0.0 0 5.2 14 270 M M 5 1 18 260
5 88 75 82 0 0 17 T 0.0 0 5.9 18 120 M M 5 24 110
6 91 77 84 2 0 19 T 0.0 0 4.9 21 100 M M 8 138 24 100
7 91 72 82 0 0 17 0.43 0.0 0 4.5 21 230 M M 5 138 29 220
8 93 72 83 1 0 18 0.00 0.0 0 3.0 14 180 M M 6 12 16 150
9 93 72 83 1 0 18 0.45 0.0 0 4.3 18 270 M M 3 13 29 270
10 95 72 84 2 0 19 T 0.0 0 4.4 15 170 M M 3 3 21 180
11 93 71 82 1 0 17 0.00 0.0 0 3.6 13 80 M M 5 15 70
12 89 74 82 1 0 17 0.09 0.0 0 3.5 16 90 M M 5 3 20 80
13 89 73 81 0 0 16 0.04 0.0 0 3.4 18 250 M M 6 38 22 250
14 89 73 81 0 0 16 T 0.0 0 3.9 14 200 M M 7 1 17 200
15 87 74 81 0 0 16 0.12 0.0 0 4.9 15 270 M M 7 138 18 270
16 86 71 79 -2 0 14 T 0.0 0 4.8 12 20 M M 7 15 300
17 90 69 80 -1 0 15 0.00 0.0 0 3.5 9 180 M M 4 3 13 220
18 88 73 81 0 0 16 0.81 0.0 0 3.7 21 200 M M 7 13 25 210
19 89 70 80 -1 0 15 0.32 0.0 0 4.5 21 20 M M 6 13 28 30
20 87 70 79 -2 0 14 0.02 0.0 0 4.9 12 160 M M 7 13 16 100
21 88 73 81 1 0 16 0.07 0.0 0 5.1 13 110 M M 5 1 17 170
22 83 71 77 -3 0 12 0.00 0.0 0 4.1 12 150 M M 7 14 240
23 86 72 79 -1 0 14 0.05 0.0 0 2.9 14 120 M M 8 1 17 130
24 89 73 81 1 0 16 1.23 0.0 0 3.4 24 130 M M 9 138 34 120
25 88 74 81 1 0 16 T 0.0 0 3.4 9 320 M M 9 1 12 340
26 94 74 84 4 0 19 0.00 0.0 0 4.3 16 20 M M 6 19 20
27 93 72 83 3 0 18 0.00 0.0 0 3.7 13 220 M M 5 1 15 220
28 93 77 85 5 0 20 T 0.0 0 5.8 12 220 M M 6 18 210
29 91 78 85 6 0 20 T 0.0 0 10.3 22 250 M M 7 30 260
30 92 75 84 5 0 19 0.00 0.0 0 5.7 15 110 M M 4 17 110
31 92 76 84 5 0 19 0.00 0.0 0 5.8 14 230 M M 4 19 190
================================================================================
SM 2794 2266 0 524 3.74 0.0 145.0 M 181
================================================================================
AV 90.1 73.1 4.7 FASTST M M 6 MAX(MPH)
MISC ----> # 24 130 # 34 120
================================================================================
NOTES:
# LAST OF SEVERAL OCCURRENCES
COLUMN 17 PEAK WIND IN M.P.H.
PRELIMINARY LOCAL CLIMATOLOGICAL DATA (WS FORM: F-6) , PAGE 2
STATION: COLUMBIA METRO AIRPORT SC
MONTH: AUGUST
YEAR: 2020
LATITUDE: 33 57 N
LONGITUDE: 81 7 W
[TEMPERATURE DATA] [PRECIPITATION DATA] SYMBOLS USED IN COLUMN 16
AVERAGE MONTHLY: 81.6 TOTAL FOR MONTH: 3.74 1 = FOG OR MIST
DPTR FM NORMAL: 0.8 DPTR FM NORMAL: -1.52 2 = FOG REDUCING VISIBILITY
HIGHEST: 95 ON 10, 2 GRTST 24HR 1.23 ON 24-24 TO 1/4 MILE OR LESS
LOWEST: 69 ON 17, 4 3 = THUNDER
SNOW, ICE PELLETS, HAIL 4 = ICE PELLETS
TOTAL MONTH: 0.0 INCH 5 = HAIL
GRTST 24HR 0.0 6 = FREEZING RAIN OR DRIZZLE
GRTST DEPTH: 0 7 = DUSTSTORM OR SANDSTORM:
VSBY 1/2 MILE OR LESS
8 = SMOKE OR HAZE
[NO. OF DAYS WITH] [WEATHER - DAYS WITH] 9 = BLOWING SNOW
X = TORNADO
MAX 32 OR BELOW: 0 0.01 INCH OR MORE: 12
MAX 90 OR ABOVE: 16 0.10 INCH OR MORE: 7
MIN 32 OR BELOW: 0 0.50 INCH OR MORE: 2
MIN 0 OR BELOW: 0 1.00 INCH OR MORE: 1
[HDD (BASE 65) ]
TOTAL THIS MO. 0 CLEAR (SCALE 0-3) 3
DPTR FM NORMAL 0 PTCLDY (SCALE 4-7) 25
TOTAL FM JUL 1 0 CLOUDY (SCALE 8-10) 3
DPTR FM NORMAL 0
[CDD (BASE 65) ]
TOTAL THIS MO. 524
DPTR FM NORMAL 33 [PRESSURE DATA]
TOTAL FM JAN 1 1869 HIGHEST SLP 30.15 ON 24
DPTR FM NORMAL 101 LOWEST SLP 29.74 ON 29
[REMARKS]
#FINAL-08-20#