000
CXUS55 KGJT 011612
CLMCAG
CLIMATE REPORT
NATIONAL WEATHER SERVICE GRAND JUNCTION CO
912 AM MST THU FEB 01 2024
...................................
...THE CRAIG CO CLIMATE SUMMARY FOR THE MONTH OF JANUARY 2024...
CLIMATE NORMAL PERIOD 1991 TO 2020
CLIMATE RECORD PERIOD 9999 TO 9999
WEATHER OBSERVED NORMAL DEPART LAST YEAR`S
VALUE DATE(S) VALUE FROM VALUE DATE(S)
NORMAL
................................................................
TEMPERATURE (F)
HIGHEST 46 01/31 MM MM 43 01/01
LOWEST -23 01/15 MM MM -41 01/31
01/16
AVG. MAXIMUM 33.9 30.6 3.3 27.0
AVG. MINIMUM 7.7 3.0 4.7 4.5
MEAN 20.8 16.8 4.0 15.8
DAYS MAX >= 90 0 0.0 0.0 0
DAYS MAX <= 32 13 17.4 -4.4 23
DAYS MIN <= 32 31 30.8 0.2 30
DAYS MIN <= 0 8 13.7 -5.7 13
PRECIPITATION (INCHES)
TOTALS 0.90 0.91 -0.01 1.64
DAILY AVG. 0.03 0.03 0.00 0.05
DAYS >= .01 13 10.0 3.0 15
DAYS >= .10 2 3.3 -1.3 6
DAYS >= .50 0 0.1 -0.1 0
DAYS >= 1.00 0 0.0 0.0 0
GREATEST
24 HR. TOTAL 0.33 01/17 TO 01/18 0.40
SNOWFALL (INCHES)
TOTALS MM MM MM MM
SINCE 7/1 MM MM MM MM
SNOWDEPTH AVG. MM MM
DAYS >= 1.0 MM MM MM MM
GREATEST
SNOW DEPTH MM MM MM
24 HR TOTAL MM MM
DEGREE DAYS
HEATING TOTAL 1363 1494 -131 1518
SINCE 7/1 4458 4857 -399 5012
COOLING TOTAL 0 0 0 0
SINCE 1/1 0 0 0 0
................................................................
WIND (MPH)
AVERAGE WIND SPEED 3.9
HIGHEST WIND SPEED/DIRECTION 36/250 DATE 01/12
HIGHEST GUST SPEED/DIRECTION 47/240 DATE 01/12
SKY COVER
POSSIBLE SUNSHINE (PERCENT) MM
AVERAGE SKY COVER 0.60
NUMBER OF DAYS FAIR 6
NUMBER OF DAYS PC 14
NUMBER OF DAYS CLOUDY 11
AVERAGE RH (PERCENT) 77
WEATHER CONDITIONS. NUMBER OF DAYS WITH
THUNDERSTORM 0 MIXED PRECIP 0
HEAVY RAIN 0 RAIN 0
LIGHT RAIN 2 FREEZING RAIN 0
LT FREEZING RAIN 0 HAIL 0
HEAVY SNOW 3 SNOW 7
LIGHT SNOW 16 SLEET 0
FOG 22 FOG W/VIS <= 1/4 MILE 7
HAZE 7
- INDICATES NEGATIVE NUMBERS.
R INDICATES RECORD WAS SET OR TIED.
MM INDICATES DATA IS MISSING.
T INDICATES TRACE AMOUNT.
$$