000
CXUS55 KGJT 012007
CLMCAG
CLIMATE REPORT
NATIONAL WEATHER SERVICE GRAND JUNCTION CO
107 PM MST FRI DEC 01 2023
...................................
...THE CRAIG CO CLIMATE SUMMARY FOR THE MONTH OF NOVEMBER 2023...
CLIMATE NORMAL PERIOD 1991 TO 2020
CLIMATE RECORD PERIOD 9999 TO 9999
WEATHER OBSERVED NORMAL DEPART LAST YEAR`S
VALUE DATE(S) VALUE FROM VALUE DATE(S)
NORMAL
................................................................
TEMPERATURE (F)
HIGHEST 69 11/05 MM MM 62 11/01
11/07
11/08
LOWEST -7 11/26 MM MM -4 11/19
AVG. MAXIMUM 48.1 46.6 1.5 40.4
AVG. MINIMUM 16.8 17.1 -0.3 12.9
MEAN 32.5 31.8 0.7 26.6
DAYS MAX >= 90 0 0.0 0.0 0
DAYS MAX <= 32 6 4.2 1.8 8
DAYS MIN <= 32 27 29.2 -2.2 29
DAYS MIN <= 0 4 1.6 2.4 3
PRECIPITATION (INCHES)
TOTALS 0.73 0.99 -0.26 1.60
DAILY AVG. 0.02 0.03 -0.01 0.05
DAYS >= .01 6 8.2 -2.2 13
DAYS >= .10 3 3.4 -0.4 6
DAYS >= .50 0 0.1 -0.1 0
DAYS >= 1.00 0 0.0 0.0 0
GREATEST
24 HR. TOTAL 0.27 11/24 TO 11/25 0.35
SNOWFALL (INCHES)
TOTALS MM MM MM MM
SINCE 7/1 MM MM MM MM
SNOWDEPTH AVG. MM MM
DAYS >= 1.0 MM MM MM MM
GREATEST
SNOW DEPTH MM MM MM
24 HR TOTAL MM MM
DEGREE DAYS
HEATING TOTAL 967 995 -28 1145
SINCE 7/1 1793 1931 -138 1937
COOLING TOTAL 0 0 0 0
SINCE 1/1 292 217 75 375
................................................................
WIND (MPH)
AVERAGE WIND SPEED 3.5
HIGHEST WIND SPEED/DIRECTION 28/270 DATE 11/05
HIGHEST GUST SPEED/DIRECTION 41/250 DATE 11/11
SKY COVER
POSSIBLE SUNSHINE (PERCENT) MM
AVERAGE SKY COVER 0.37
NUMBER OF DAYS FAIR 14
NUMBER OF DAYS PC 10
NUMBER OF DAYS CLOUDY 6
AVERAGE RH (PERCENT) 61
WEATHER CONDITIONS. NUMBER OF DAYS WITH
THUNDERSTORM 1 MIXED PRECIP 0
HEAVY RAIN 0 RAIN 2
LIGHT RAIN 3 FREEZING RAIN 0
LT FREEZING RAIN 0 HAIL 0
HEAVY SNOW 2 SNOW 2
LIGHT SNOW 8 SLEET 0
FOG 11 FOG W/VIS <= 1/4 MILE 7
HAZE 6
- INDICATES NEGATIVE NUMBERS.
R INDICATES RECORD WAS SET OR TIED.
MM INDICATES DATA IS MISSING.
T INDICATES TRACE AMOUNT.
$$