000
CXUS51 KCAR 010906
CLMCAR
CLIMATE REPORT
NATIONAL WEATHER SERVICE CARIBOU ME
506 AM EDT MON MAY 01 2023
...................................
...THE CARIBOU ME CLIMATE SUMMARY FOR THE MONTH OF APRIL 2023...
CLIMATE NORMAL PERIOD: 1991 TO 2020
CLIMATE RECORD PERIOD: 1939 TO 2023
WEATHER OBSERVED NORMAL DEPART LAST YEAR`S
VALUE DATE(S) VALUE FROM VALUE DATE(S)
NORMAL
................................................................
TEMPERATURE (F)
RECORD
HIGH 86 04/27/1990
LOW -4 04/06/2015
HIGHEST 67 04/28 MM MM 56 04/25
04/29
LOWEST 10 04/03 MM MM 17 04/06
AVG. MAXIMUM 50.9 47.7 3.2 46.8
AVG. MINIMUM 30.6 29.4 1.2 30.8
MEAN 40.8 38.5 2.3 38.8
DAYS MAX >= 90 0 0.0 0.0 0
DAYS MAX <= 32 0 1.1 -1.1 0
DAYS MIN <= 32 15 20.7 -5.7 17
DAYS MIN <= 0 0 0.1 -0.1 0
PRECIPITATION (INCHES)
RECORD
MAXIMUM 6.19 2005
MINIMUM 0.54 1967
TOTALS 1.18 -1.81
DAILY AVG. 0.04 0.10 -0.06 0.12
DAYS >= .01 7 13.1 -6.1 17
DAYS >= .10 3 7.5 -4.5 10
DAYS >= .50 0 2.0 -2.0 3
DAYS >= 1.00 0 0.2 -0.2 0
GREATEST
24 HR. TOTAL 0.51 04/17 TO 04/18 0.67 04/27 TO 04/28
SNOWFALL (INCHES)
RECORDS
TOTAL 36.4 1982
TOTALS 3.7 8.3 -4.6 4.1
SINCE 7/1 133.4 117.4 16.0 MM
SNOWDEPTH AVG. 7 3
DAYS >= 1.0 2 2.5 -0.5 1
GREATEST
SNOW DEPTH 18* 04/03 16 04/01
04/04
04/06
24 HR TOTAL 3.7* MM
DEGREE DAYS
HEATING TOTAL 719 794 -75 777
SINCE 7/1 7629 8498 -869 MM
COOLING TOTAL 0 0 0 0
SINCE 1/1 0 0 0 MM
................................................................
WIND (MPH)
AVERAGE WIND SPEED 7.5
HIGHEST WIND SPEED/DIRECTION 29/330 DATE 04/02
HIGHEST GUST SPEED/DIRECTION 41/310 DATE 04/02
SKY COVER
POSSIBLE SUNSHINE (PERCENT) MM
AVERAGE SKY COVER 0.49
NUMBER OF DAYS FAIR 11
NUMBER OF DAYS PC 11
NUMBER OF DAYS CLOUDY 8
AVERAGE RH (PERCENT) 63
WEATHER CONDITIONS. NUMBER OF DAYS WITH
THUNDERSTORM 0 MIXED PRECIP 0
HEAVY RAIN 1 RAIN 1
LIGHT RAIN 13 FREEZING RAIN 0
LT FREEZING RAIN 2 HAIL 0
HEAVY SNOW 1 SNOW 3
LIGHT SNOW 6 SLEET 1
FOG 7 FOG W/VIS <= 1/4 MILE 3
HAZE 1
- INDICATES NEGATIVE NUMBERS.
* INDICATES RECORD WAS SET OR TIED.
MM INDICATES DATA IS MISSING.
T INDICATES TRACE AMOUNT.
$$