000
CXUS54 KLZK 011130
CF6CCA
PRELIMINARY LOCAL CLIMATOLOGICAL DATA (WS FORM: F-6)
STATION: CLINTON
MONTH: SEPTEMBER
YEAR: 2021
LATITUDE: 35 32 N
LONGITUDE: 92 22 W
TEMPERATURE IN F: :PCPN: SNOW: WIND :SUNSHINE: SKY :PK WND
================================================================================
1 2 3 4 5 6A 6B 7 8 9 10 11 12 13 14 15 16 17 18
12Z AVG MX 2MIN
DY MAX MIN AVG DEP HDD CDD WTR SNW DPTH SPD SPD DIR MIN PSBL S-S WX SPD DR
================================================================================
1 93 68 81 M 0 16 0.02 M M 2.3 9 320 M M 4 1 17 310
2 88 68 78 M 0 13 M M M 0.9 6 110 M M 6 12 0
3 90 63 77 M 0 12 M M M 1.4 8 100 M M 1 1 M M
4 95 68 82 M 0 17 0.01 0.0 0 1.3 7 280 M M 4 1 12 280
5 84 64 74 M 0 9 0.51 0.0 0 1.2 6 99 M M 6 1 13 0
6 88 59 74 M 0 9 M M M 1.0 6 99 M M 0 1 M M
7 90 57 74 M 0 9 M M M 1.1 6 230 M M 0 1 13 99
8 86 57 72 M 0 7 M M M 2.9 9 330 M M 2 1 17 10
9 88 50 69 M 0 4 0.00 0.0 M 1.7 9 320 M M 0 18 16 99
10 90 55 73 M 0 8 0.00 0.0 0 1.1 7 140 M M 0 12 140
11 90 57 74 M 0 9 M M M 2.3 9 200 M M 0 1 14 160
12 86 57 72 M 0 7 0.00 0.0 0 2.3 9 160 M M 1 1 14 190
13 90 61 76 M 0 11 0.00 0.0 0 2.4 12 180 M M 3 18 17 180
14 91 68 80 M 0 15 0.01 0.0 0 2.1 9 220 M M 6 18 15 220
15 90 66 78 M 0 13 0.18 M M 1.5 6 90 M M 6 18 12 99
16 86 64 75 M 0 10 M M M 1.4 7 80 M M 6 12 14 99
17 88 66 77 M 0 12 M M M 1.2 6 80 M M 7 1 15 99
18 86 68 77 M 0 12 0.51 M M 1.6 7 60 M M 6 1 13 99
19 81 68 75 M 0 10 0.02 M M 1.6 8 120 M M 7 1 14 120
20 90 68 79 M 0 14 M M M 2.1 8 200 M M 5 12 15 150
21 73 55 64 M 1 0 0.82 M M 3.2 12 320 M M 6 13 22 320
22 75 50 63 M 2 0 M M M 3.4 13 300 M M 1 1 20 300
23 79 45 62 M 3 0 M M M 1.1 7 270 M M 1 1 14 99
24 79 45 62 M 3 0 M M M 0.9 7 250 M M 0 1 13 240
25 82 50 66 M 0 1 M M M 1.2 10 300 M M 0 1 14 290
26 88 48 68 M 0 3 M M M 0.9 8 150 M M 1 13 150
27 88 54 71 M 0 6 M M M 1.7 9 230 M M 0 1 17 200
28 88 55 72 M 0 7 M M M 1.2 10 170 M M 3 1 M M
29 82 66 74 M 0 9 M M M 2.2 6 100 M M 7 1 13 120
30 81 66 74 M 0 9 M M M 2.0 10 110 M M 8 1 18 110
================================================================================
SM 2585 1786 9 252 2.08 0.0 51.1 M 97
================================================================================
AV 86.2 59.5 1.7 FASTST M M 3 MAX(MPH)
MISC ----> 13 300 22 320
================================================================================
NOTES:
# LAST OF SEVERAL OCCURRENCES
COLUMN 17 PEAK WIND IN M.P.H.
PRELIMINARY LOCAL CLIMATOLOGICAL DATA (WS FORM: F-6) , PAGE 2
STATION: CLINTON
MONTH: SEPTEMBER
YEAR: 2021
LATITUDE: 35 32 N
LONGITUDE: 92 22 W
[TEMPERATURE DATA] [PRECIPITATION DATA] SYMBOLS USED IN COLUMN 16
AVERAGE MONTHLY: 72.9 TOTAL FOR MONTH: 2.08 1 = FOG OR MIST
DPTR FM NORMAL: 0.0 DPTR FM NORMAL: M 2 = FOG REDUCING VISIBILITY
HIGHEST: 95 ON 4 GRTST 24HR 0.82 ON 21-21 TO 1/4 MILE OR LESS
LOWEST: 45 ON 24,23 3 = THUNDER
SNOW, ICE PELLETS, HAIL 4 = ICE PELLETS
TOTAL MONTH: 0.0 INCH 5 = HAIL
GRTST 24HR 0.0 6 = FREEZING RAIN OR DRIZZLE
GRTST DEPTH: 0 7 = DUSTSTORM OR SANDSTORM:
VSBY 1/2 MILE OR LESS
8 = SMOKE OR HAZE
[NO. OF DAYS WITH] [WEATHER - DAYS WITH] 9 = BLOWING SNOW
X = TORNADO
MAX 32 OR BELOW: 0 0.01 INCH OR MORE: 8
MAX 90 OR ABOVE: 10 0.10 INCH OR MORE: 4
MIN 32 OR BELOW: 0 0.50 INCH OR MORE: 3
MIN 0 OR BELOW: 0 1.00 INCH OR MORE: 0
[HDD (BASE 65) ]
TOTAL THIS MO. 9 CLEAR (SCALE 0-3) 16
DPTR FM NORMAL M PTCLDY (SCALE 4-7) 14
TOTAL FM JUL 1 9 CLOUDY (SCALE 8-10) 0
DPTR FM NORMAL M
[CDD (BASE 65) ]
TOTAL THIS MO. 252
DPTR FM NORMAL M [PRESSURE DATA]
TOTAL FM JAN 1 1609 HIGHEST SLP M ON M
DPTR FM NORMAL M LOWEST SLP M ON M
[REMARKS]
#FINAL-09-21#