000
CXUS56 KMTR 011000
CF6CCR
PRELIMINARY LOCAL CLIMATOLOGICAL DATA (WS FORM: F-6)
STATION: CONCORD AIRPORT
MONTH: NOVEMBER
YEAR: 2022
LATITUDE: 37 58 N
LONGITUDE: 122 3 W
TEMPERATURE IN F: :PCPN: SNOW: WIND :SUNSHINE: SKY :PK WND
================================================================================
1 2 3 4 5 6A 6B 7 8 9 10 11 12 13 14 15 16 17 18
12Z AVG MX 2MIN
DY MAX MIN AVG DEP HDD CDD WTR SNW DPTH SPD SPD DIR MIN PSBL S-S WX SPD DR
================================================================================
1 60 51 56 -5 9 0 0.29 M M 12.7 23 200 M M 5 1 27 220
2 61 46 54 -6 11 0 0.01 M M 7.2 17 220 M M 3 21 240
3 63 37 50 -10 15 0 0.00 M M 3.4 9 270 M M 0 17 270
4 67 43 55 -5 10 0 0.00 M M 4.7 12 200 M M 3 14 300
5 64 52 58 -1 7 0 0.00 M M 9.3 17 200 M M 8 22 210
6 64 50 57 -2 8 0 T M M 10.9 21 190 M M 5 28 190
7 61 46 54 -4 11 0 0.07 M M 8.8 26 270 M M 4 1 35 260
8 55 45 50 -8 15 0 0.94 M M 9.1 21 230 M M 8 1 26 220
9 60 44 52 -6 13 0 0.00 M M 6.6 15 330 M M 3 20 270
10 61 39 50 -7 15 0 0.00 M M 2.6 8 20 M M 0 10 20
11 62 38 50 -7 15 0 0.00 M M 3.6 10 10 M M 0 13 360
12 61 40 51 -6 14 0 T M M 6.4 14 260 M M 5 19 260
13 64 38 51 -5 14 0 0.00 M M 2.5 10 30 M M 0 14 40
14 61 35 48 -8 17 0 0.00 M M 3.7 13 50 M M 0 17 50
15 70 36 53 -3 12 0 0.00 M M 2.9 14 30 M M 0 19 30
16 67 35 51 -4 14 0 0.00 M M 2.5 8 20 M M 0 12 80
17 64 37 51 -4 14 0 0.00 M M 2.6 9 350 M M 0 12 10
18 69 39 54 -1 11 0 0.00 M M 2.6 10 40 M M 0 15 50
19 63 39 51 -3 14 0 0.00 M M 5.2 14 60 M M 0 18 60
20 63 33 48 -6 17 0 0.00 M M 2.9 12 40 M M 0 14 30
21 64 33 49 -5 16 0 0.00 M M 2.7 8 50 M M 0 12 20
22 67 34 51 -2 14 0 0.00 M M 2.0 9 350 M M 0 10 350
23 70 38 54 1 11 0 0.00 M M 1.8 6 20 M M 0 7 20
24 68 40 54 1 11 0 0.00 M M 4.4 14 50 M M 0 18 19 40
25 68 36 52 -1 13 0 0.00 M M 2.6 10 30 M M 0 18 13 30
26 68 39 54 2 11 0 0.00 M M 3.2 10 30 M M 0 13 20
27 67 37 52 0 13 0 0.00 M M 2.2 9 360 M M 0 11 360
28 62 42 52 0 13 0 0.00 M M 10.4 23 270 M M 0 32 260
29 60 35 48 -4 17 0 0.00 M M 3.2 9 20 M M 0 11 40
30 60 34 47 -4 18 0 0.00 M M 6.2 16 250 M M 0 22 260
================================================================================
SM 1914 1191 393 0 1.31 M 148.9 M 44
================================================================================
AV 63.8 39.7 5.0 FASTST M M 1 MAX(MPH)
MISC ----> 26 270 35 260
================================================================================
NOTES:
# LAST OF SEVERAL OCCURRENCES
COLUMN 17 PEAK WIND IN M.P.H.
PRELIMINARY LOCAL CLIMATOLOGICAL DATA (WS FORM: F-6) , PAGE 2
STATION: CONCORD AIRPORT
MONTH: NOVEMBER
YEAR: 2022
LATITUDE: 37 58 N
LONGITUDE: 122 3 W
[TEMPERATURE DATA] [PRECIPITATION DATA] SYMBOLS USED IN COLUMN 16
AVERAGE MONTHLY: 51.8 TOTAL FOR MONTH: 1.31 1 = FOG OR MIST
DPTR FM NORMAL: -3.8 DPTR FM NORMAL: -0.30 2 = FOG REDUCING VISIBILITY
HIGHEST: 70 ON 23,15 GRTST 24HR 0.94 ON 8- 8 TO 1/4 MILE OR LESS
LOWEST: 33 ON 21,20 3 = THUNDER
SNOW, ICE PELLETS, HAIL 4 = ICE PELLETS
TOTAL MONTH: M 5 = HAIL
GRTST 24HR M ON M 6 = FREEZING RAIN OR DRIZZLE
GRTST DEPTH: M ON M 7 = DUSTSTORM OR SANDSTORM:
VSBY 1/2 MILE OR LESS
8 = SMOKE OR HAZE
[NO. OF DAYS WITH] [WEATHER - DAYS WITH] 9 = BLOWING SNOW
X = TORNADO
MAX 32 OR BELOW: 0 0.01 INCH OR MORE: 4
MAX 90 OR ABOVE: 0 0.10 INCH OR MORE: 2
MIN 32 OR BELOW: 0 0.50 INCH OR MORE: 1
MIN 0 OR BELOW: 0 1.00 INCH OR MORE: 0
[HDD (BASE 65) ]
TOTAL THIS MO. 393 CLEAR (SCALE 0-3) 21
DPTR FM NORMAL 111 PTCLDY (SCALE 4-7) 9
TOTAL FM JUL 1 442 CLOUDY (SCALE 8-10) 0
DPTR FM NORMAL 89
[CDD (BASE 65) ]
TOTAL THIS MO. 0
DPTR FM NORMAL -2 [PRESSURE DATA]
TOTAL FM JAN 1 1312 HIGHEST SLP M ON M
DPTR FM NORMAL 235 LOWEST SLP 29.51 ON 8
[REMARKS]
#FINAL-11-22#