000
CXUS53 KARX 011000
CF6CCY
PRELIMINARY LOCAL CLIMATOLOGICAL DATA (WS FORM: F-6)
STATION: CHARLES_CITY IA
MONTH: FEBRUARY
YEAR: 2023
LATITUDE: 43 4 N
LONGITUDE: 92 37 W
TEMPERATURE IN F: :PCPN: SNOW: WIND :SUNSHINE: SKY :PK WND
================================================================================
1 2 3 4 5 6A 6B 7 8 9 10 11 12 13 14 15 16 17 18
12Z AVG MX 2MIN
DY MAX MIN AVG DEP HDD CDD WTR SNW DPTH SPD SPD DIR MIN PSBL S-S WX SPD DR
================================================================================
1 18 -4 7 -11 58 0 0.00 0.0 M 7.4 12 180 M M 0 1 M M
2 18 -9 5 -13 60 0 T T M 15.2 27 340 M M 1 33 330
3 5 -13 -4 -22 69 0 0.00 0.0 M 9.5 17 330 M M 6 16 150
4 32 5 19 1 46 0 0.00 0.0 M 10.6 15 170 M M 1 22 160
5 30 12 21 2 44 0 0.00 0.0 M 7.9 14 310 M M 1 12 18 310
6 37 9 23 4 42 0 0.04 0.0 M 12.9 23 140 M M 5 12 33 120
7 36 23 30 11 35 0 0.00 0.0 M 14.2 21 290 M M 4 31 280
8 39 21 30 10 35 0 0.00 0.0 M 6.9 13 210 M M 1 M M
9 36 21 29 9 36 0 0.00 0.0 M 14.0 22 320 M M 6 1 28 320
10 27 7 17 -3 48 0 0.00 0.0 M 9.8 21 330 M M 0 28 330
11 39 19 29 9 36 0 0.00 0.0 M 10.9 20 220 M M 0 27 220
12 37 23 30 9 35 0 0.00 0.0 M 7.6 12 170 M M 0 M M
13 41 25 33 12 32 0 0.00 0.0 M 9.2 15 170 M M 0 16 190
14 43 36 40 19 25 0 0.53 0.0 M 13.9 20 120 M M 7 1 29 160
15 41 18 30 8 35 0 0.00 0.0 0 18.2 29 290 M M 9 37 290
16 25 12 19 -3 46 0 0.00 0.0 0 15.7 22 330 M M 4 29 330
17 25 7 16 -6 49 0 0.00 0.0 M 10.4 17 180 M M 0 25 180
18 39 19 29 6 36 0 0.00 0.0 M 8.8 18 180 M M 0 27 180
19 39 25 32 9 33 0 0.00 0.0 M 11.7 18 300 M M 2 24 200
20 43 21 32 8 33 0 0.00 0.0 0 12.1 27 290 M M 4 40 290
21 25 10 18 -6 47 0 M M 0 13.3 29 310 M M 5 37 300
22 25 23 24 0 41 0 M M 0 21.0 25 50 M M 6 1 36 60
23 25 0 13 -12 52 0 M M M 12.7 13 50 M M 3 1 18 M
24 19 -6 7 -18 58 0 M M M M M M M M 6 M M
25 34 10 22 -4 43 0 M M M 10.4 20 210 M M 3 27 210
26 43 12 28 2 37 0 0.00 0.0 M 9.1 18 120 M M 2 12 24 130
27 39 34 37 10 28 0 1.08 0.0 0 15.0 20 360 M M 10 1 28 90
28 37 27 32 5 33 0 M M M 7.4 14 310 M M 4 14 90
================================================================================
SM 897 387 1172 0 1.65 T 315.8 M 90
================================================================================
AV 32.0 13.8 11.7 FASTST M M 3 MAX(MPH)
MISC ----> # 29 290 40 290
================================================================================
NOTES:
# LAST OF SEVERAL OCCURRENCES
COLUMN 17 PEAK WIND IN M.P.H.
PRELIMINARY LOCAL CLIMATOLOGICAL DATA (WS FORM: F-6) , PAGE 2
STATION: CHARLES_CITY IA
MONTH: FEBRUARY
YEAR: 2023
LATITUDE: 43 4 N
LONGITUDE: 92 37 W
[TEMPERATURE DATA] [PRECIPITATION DATA] SYMBOLS USED IN COLUMN 16
AVERAGE MONTHLY: 22.9 TOTAL FOR MONTH: 1.65 1 = FOG OR MIST
DPTR FM NORMAL: 1.0 DPTR FM NORMAL: 0.66 2 = FOG REDUCING VISIBILITY
HIGHEST: 43 ON 26,20 GRTST 24HR 1.08 ON 27-27 TO 1/4 MILE OR LESS
LOWEST: -13 ON 3 3 = THUNDER
SNOW, ICE PELLETS, HAIL 4 = ICE PELLETS
TOTAL MONTH: T 5 = HAIL
GRTST 24HR T ON 2- 2 6 = FREEZING RAIN OR DRIZZLE
GRTST DEPTH: 0 7 = DUSTSTORM OR SANDSTORM:
VSBY 1/2 MILE OR LESS
8 = SMOKE OR HAZE
[NO. OF DAYS WITH] [WEATHER - DAYS WITH] 9 = BLOWING SNOW
X = TORNADO
MAX 32 OR BELOW: 12 0.01 INCH OR MORE: 3
MAX 90 OR ABOVE: 0 0.10 INCH OR MORE: 2
MIN 32 OR BELOW: 26 0.50 INCH OR MORE: 2
MIN 0 OR BELOW: 5 1.00 INCH OR MORE: 1
[HDD (BASE 65) ]
TOTAL THIS MO. 1172 CLEAR (SCALE 0-3) 15
DPTR FM NORMAL -36 PTCLDY (SCALE 4-7) 11
TOTAL FM JUL 1 5434 CLOUDY (SCALE 8-10) 2
DPTR FM NORMAL -206
[CDD (BASE 65) ]
TOTAL THIS MO. 0
DPTR FM NORMAL 0 [PRESSURE DATA]
TOTAL FM JAN 1 0 HIGHEST SLP M ON M
DPTR FM NORMAL 0 LOWEST SLP M ON M
[REMARKS]
#FINAL-02-23#