000
CXUS53 KARX 011000
CF6CCY
PRELIMINARY LOCAL CLIMATOLOGICAL DATA (WS FORM: F-6)
STATION: CHARLES_CITY IA
MONTH: JANUARY
YEAR: 2022
LATITUDE: 43 4 N
LONGITUDE: 92 37 W
TEMPERATURE IN F: :PCPN: SNOW: WIND :SUNSHINE: SKY :PK WND
================================================================================
1 2 3 4 5 6A 6B 7 8 9 10 11 12 13 14 15 16 17 18
12Z AVG MX 2MIN
DY MAX MIN AVG DEP HDD CDD WTR SNW DPTH SPD SPD DIR MIN PSBL S-S WX SPD DR
================================================================================
1 9 -8 1 -16 64 0 0.00 0.0 M 18.2 24 360 M M 7 31 350
2 5 -13 -4 -21 69 0 0.00 0.0 M 7.2 15 340 M M 0 M M
3 21 -2 10 -7 55 0 0.00 0.0 M 11.1 17 160 M M 0 M M
4 32 16 24 7 41 0 M M M 17.1 30 300 M M 3 39 300
5 14 0 7 -10 58 0 M M M 24.4 32 280 M M 9 89 46 280
6 0 -9 -4 -21 69 0 M M M 14.6 20 310 M M 7 8 28 310
7 7 -13 -3 -20 68 0 M M M 8.9 20 150 M M 6 24 150
8 28 7 18 1 47 0 M M M 16.4 26 170 M M 8 12 32 170
9 14 0 7 -10 58 0 0.00 M M 12.5 25 330 M M 3 33 320
10 10 0 5 -12 60 0 0.00 M M 7.1 16 340 M M 1 17 330
11 41 3 22 5 43 0 0.00 M M 13.9 25 170 M M 0 32 180
12 41 30 36 19 29 0 0.00 M M 4.9 12 270 M M 5 M M
13 43 25 34 18 31 0 0.00 M M 7.7 18 330 M M 7 1 23 330
14 32 14 23 7 42 0 M M M 13.8 25 60 M M 9 32 60
15 14 0 7 -9 58 0 M M M 8.8 18 50 M M 2 1 27 50
16 28 0 14 -2 51 0 M M M 10.7 20 340 M M 9 1 28 340
17 27 18 23 6 42 0 0.00 0.0 M 9.5 17 320 M M 9 21 320
18 37 12 25 8 40 0 0.00 0.0 M 16.1 31 320 M M 5 45 320
19 12 -6 3 -14 62 0 0.00 0.0 M 20.3 27 320 M M 6 36 320
20 0 -15 -7 -24 72 0 0.00 0.0 M 8.1 14 330 M M 1 22 330
21 14 -15 0 -17 65 0 M M M 12.1 22 170 M M 2 29 200
22 25 12 19 2 46 0 M M M 12.6 20 310 M M 8 29 310
23 12 -6 3 -14 62 0 M M M 9.5 16 350 M M 7 20 40
24 25 -8 9 -8 56 0 M M M 14.1 22 350 M M 6 27 330
25 0 -18 -9 -26 74 0 0.00 0.0 M 9.8 14 330 M M 0 18 310
26 19 -20 0 -17 65 0 0.00 0.0 M 13.0 23 180 M M 2 30 180
27 32 7 20 3 45 0 M M M 13.6 22 320 M M 8 29 320
28 9 -9 0 -17 65 0 0.00 0.0 M 7.5 12 330 M M 2 M M
29 23 5 14 -3 51 0 0.00 0.0 M 11.5 20 170 M M 2 25 320
30 19 12 16 -2 49 0 T T M 9.9 20 330 M M 7 25 330
31 34 12 23 5 42 0 M M M 14.0 21 140 M M 0 1 28 160
================================================================================
SM 627 31 1679 0 T T 379.0 M 141
================================================================================
AV 20.2 1.0 12.2 FASTST M M 5 MAX(MPH)
MISC ----> 32 280 46 280
================================================================================
NOTES:
# LAST OF SEVERAL OCCURRENCES
COLUMN 17 PEAK WIND IN M.P.H.
PRELIMINARY LOCAL CLIMATOLOGICAL DATA (WS FORM: F-6) , PAGE 2
STATION: CHARLES_CITY IA
MONTH: JANUARY
YEAR: 2022
LATITUDE: 43 4 N
LONGITUDE: 92 37 W
[TEMPERATURE DATA] [PRECIPITATION DATA] SYMBOLS USED IN COLUMN 16
AVERAGE MONTHLY: 10.6 TOTAL FOR MONTH: T 1 = FOG OR MIST
DPTR FM NORMAL: -6.3 DPTR FM NORMAL: -0.87 2 = FOG REDUCING VISIBILITY
HIGHEST: 43 ON 13 GRTST 24HR 0.44 ON 14-14 TO 1/4 MILE OR LESS
LOWEST: -20 ON 26 3 = THUNDER
SNOW, ICE PELLETS, HAIL 4 = ICE PELLETS
TOTAL MONTH: T 5 = HAIL
GRTST 24HR T ON 30-30 6 = FREEZING RAIN OR DRIZZLE
GRTST DEPTH: M ON M 7 = DUSTSTORM OR SANDSTORM:
VSBY 1/2 MILE OR LESS
8 = SMOKE OR HAZE
[NO. OF DAYS WITH] [WEATHER - DAYS WITH] 9 = BLOWING SNOW
X = TORNADO
MAX 32 OR BELOW: 26 0.01 INCH OR MORE: 0
MAX 90 OR ABOVE: 0 0.10 INCH OR MORE: 0
MIN 32 OR BELOW: 31 0.50 INCH OR MORE: 0
MIN 0 OR BELOW: 18 1.00 INCH OR MORE: 0
[HDD (BASE 65) ]
TOTAL THIS MO. 1679 CLEAR (SCALE 0-3) 14
DPTR FM NORMAL 187 PTCLDY (SCALE 4-7) 13
TOTAL FM JUL 1 4039 CLOUDY (SCALE 8-10) 4
DPTR FM NORMAL -387
[CDD (BASE 65) ]
TOTAL THIS MO. 0
DPTR FM NORMAL 0 [PRESSURE DATA]
TOTAL FM JAN 1 0 HIGHEST SLP M ON M
DPTR FM NORMAL 0 LOWEST SLP M ON M
[REMARKS]
#FINAL-01-22#